000
CXUS55 KCTP 261131
CF6JST
PRELIMINARY LOCAL CLIMATOLOGICAL DATA (WS FORM: F-6)

                                          STATION:   JOHNSTOWN
                                          MONTH:     MARCH
                                          YEAR:      2017
                                          LATITUDE:   40 18 N
                                          LONGITUDE:  78 50 W

  TEMPERATURE IN F:       :PCPN:    SNOW:  WIND      :SUNSHINE: SKY     :PK WND
================================================================================
1   2   3   4   5  6A  6B    7    8   9   10  11  12  13   14  15   16   17  18
                                     12Z  AVG MX 2MIN
DY MAX MIN AVG DEP HDD CDD  WTR  SNW DPTH SPD SPD DIR MIN PSBL S-S WX    SPD DR
================================================================================

 1  58  39  49  19  16   0 1.31    M    M 17.5 32 270   M    M   8 13     49 270
 2  39  23  31   0  34   0    T    M    M 17.2 39 270   M    M   9 1      54 270
 3  25  17  21 -10  44   0    T    M    M 16.0 28 310   M    M  10 128    36 290
 4  25  14  20 -11  45   0    T    M    M 12.9 22 310   M    M   4        29 300
 5  36   7  22 -10  43   0 0.00    M    M  6.3 10 180   M    M   0        14 170
 6  52  32  42  10  23   0 0.19    M    M  8.4 20 230   M    M  10 1      24 230
 7  55  41  48  16  17   0 0.62    M    M 12.6 35 300   M    M  10 1      44 300
 8  50  35  43  10  22   0 0.06    M    M 20.1 37 250   M    M   3 1      54 250
 9  52  35  44  11  21   0 0.00  0.0    0 14.9 32 270   M    M   2        46 260
10  35  14  25  -8  40   0    T    M    M 14.9 35 310   M    M  10 129    47 300
11  20  10  15 -19  50   0    T    M    M 16.6 29 290   M    M   6 189    35 290
12  22  11  17 -17  48   0    T    M    M  8.5 20 310   M    M   5        26 260
13  31  11  21 -13  44   0    T    M    M  9.3 21 160   M    M   2 1      26 160
14  27  10  19 -16  46   0    T    M    M 15.2 35 310   M    M  10 12     43 310
15  19   9  14 -21  51   0    T    M    M 23.3 40 300   M    M   9 1289   53 290
16  28  16  22 -13  43   0    T    M    M 18.4 30 290   M    M   7 18     41 290
17  36  20  28  -8  37   0    T    M    M  6.9 15 160   M    M   4 1      20 300
18  39  31  35  -1  30   0 0.14    M    M  6.3 17 290   M    M  10 126    22 290
19  33  30  32  -5  33   0    T    M    M  9.0 15 310   M    M  10 12     22 300
20  43  30  37   0  28   0 0.00    M    M  4.4 13 270   M    M  10        15 270
21  52  37  45   8  20   0 0.04    M    M  9.4 24 300   M    M   8 12     30 310
22  38  20  29  -9  36   0    T    M    M 16.7 31 320   M    M   3        37 340
23  43  15  29  -9  36   0 0.00    M    M  6.4 13 170   M    M   0        18 160
24  68  34  51  12  14   0 0.14    M    M 12.1 22 240   M    M   4 1      27 240
25  68  51  60  21   5   0 0.00    M    M  9.2 18 260   M    M   4        24 270
================================================================================
SM  994  592       826   0  2.50     0.0 312.5          M      158
================================================================================
AV 39.8 23.7                              12.5 FASTST   M    M   6    MAX(MPH)
                                 MISC ---->  # 40 300               # 54  270
================================================================================
NOTES:
# LAST OF SEVERAL OCCURRENCES

COLUMN 17 PEAK WIND IN M.P.H.

PRELIMINARY LOCAL CLIMATOLOGICAL DATA (WS FORM: F-6) , PAGE 2

                                          STATION:  JOHNSTOWN
                                          MONTH:    MARCH
                                          YEAR:     2017
                                          LATITUDE:   40 18 N
                                          LONGITUDE:  78 50 W

[TEMPERATURE DATA]      [PRECIPITATION DATA]       SYMBOLS USED IN COLUMN 16

AVERAGE MONTHLY: 31.7   TOTAL FOR MONTH:   2.50    1 = FOG OR MIST
DPTR FM NORMAL:  -2.8   DPTR FM NORMAL:    0.02    2 = FOG REDUCING VISIBILITY
HIGHEST:    68 ON 25,24 GRTST 24HR  1.31 ON  1- 1      TO 1/4 MILE OR LESS
LOWEST:      7 ON  5                               3 = THUNDER
                        SNOW, ICE PELLETS, HAIL    4 = ICE PELLETS
                        TOTAL MONTH:   0.0 INCH    5 = HAIL
                        GRTST 24HR     0.0         6 = FREEZING RAIN OR DRIZZLE
                        GRTST DEPTH:   0           7 = DUSTSTORM OR SANDSTORM:
                                                       VSBY 1/2 MILE OR LESS
                                                   8 = SMOKE OR HAZE
[NO. OF DAYS WITH]      [WEATHER - DAYS WITH]      9 = BLOWING SNOW
                                                   X = TORNADO
MAX 32 OR BELOW:   8    0.01 INCH OR MORE:   7
MAX 90 OR ABOVE:   0    0.10 INCH OR MORE:   5
MIN 32 OR BELOW:  18    0.50 INCH OR MORE:   2
MIN  0 OR BELOW:   0    1.00 INCH OR MORE:   1

[HDD (BASE 65) ]
TOTAL THIS MO.   826    CLEAR  (SCALE 0-3)   4
DPTR FM NORMAL    62    PTCLDY (SCALE 4-7)  10
TOTAL FM JUL 1  4746    CLOUDY (SCALE 8-10) 11
DPTR FM NORMAL  -897

[CDD (BASE 65) ]
TOTAL THIS MO.     0
DPTR FM NORMAL     0    [PRESSURE DATA]
TOTAL FM JAN 1     0    HIGHEST SLP M ON M
DPTR FM NORMAL     0    LOWEST  SLP 29.39 ON  1

[REMARKS]
