000
CXUS55 KCTP 191131
CF6JST
PRELIMINARY LOCAL CLIMATOLOGICAL DATA (WS FORM: F-6)

                                          STATION:   JOHNSTOWN
                                          MONTH:     OCTOBER
                                          YEAR:      2014
                                          LATITUDE:   40 18 N
                                          LONGITUDE:  78 50 W

  TEMPERATURE IN F:       :PCPN:    SNOW:  WIND      :SUNSHINE: SKY     :PK WND
================================================================================
1   2   3   4   5  6A  6B    7    8   9   10  11  12  13   14  15   16   17  18
                                     12Z  AVG MX 2MIN
DY MAX MIN AVG DEP HDD CDD  WTR  SNW DPTH SPD SPD DIR MIN PSBL S-S WX    SPD DR
================================================================================

 1  69  48  59   5   6   0 0.00    M    M  3.8 12 160   M    M   5 12     14 160
 2  72  54  63   9   2   0 0.00    M    M  5.8 16 160   M    M   4 18     21 150
 3  69  56  63  10   2   0 0.47    M    M 12.3 23 160   M    M   9 1      31 150
 4  56  37  47  -6  18   0 0.03    M    M 14.4 24 300   M    M   8 1      35 280
 5  48  36  42 -11  23   0 0.00    M    M 10.2 23 260   M    M   8        31 250
 6  66  43  55   3  10   0 0.21    M    M 12.2 21 190   M    M   8 1      28 190
 7  65  48  57   5   8   0 0.27    M    M 11.6 21 180   M    M   6 1      28 210
 8  61  49  55   3  10   0 0.00    M    M 17.3 29 270   M    M   6        40 280
 9  60  44  52   0  13   0 0.00    M    M 11.6 25 250   M    M   1        34 260
10  55  45  50  -1  15   0 0.09    M    M  2.3  7  60   M    M  10 1      10 220
11  58  41  50  -1  15   0 0.23    M    M  6.5 15 310   M    M   6 12     18 320
12  58  37  48  -3  17   0 0.00    M    M  9.4 18 160   M    M   4        24 160
13  64  50  57   7   8   0 0.01    M    M  9.6 20 150   M    M   9 1      23 160
14  72  58  65  15   0   0 0.03    M    M 18.2 29 160   M    M  10 1      43 170
15  66  49  58   8   7   0 0.77  0.0    0  6.0 28 150   M    M   7 12     39 160
16  58  47  53   3  12   0 0.09    M    0  6.4 14 260   M    M  10 128    19 270
17  64  50  57   8   8   0 0.02  0.0    0 11.1 22 240   M    M   8 1      29 200
18  59  40  50   1  15   0 0.11  0.0    0 15.8 23 320   M    M  10 1      31 250
================================================================================
SM 1120  832       189   0  2.33     0.0 184.5          M      129
================================================================================
AV 62.2 46.2                              10.3 FASTST   M    M   7    MAX(MPH)
                                 MISC ---->  # 29 270               # 43  170
================================================================================
NOTES:
# LAST OF SEVERAL OCCURRENCES

COLUMN 17 PEAK WIND IN M.P.H.

PRELIMINARY LOCAL CLIMATOLOGICAL DATA (WS FORM: F-6) , PAGE 2

                                          STATION:  JOHNSTOWN
                                          MONTH:    OCTOBER
                                          YEAR:     2014
                                          LATITUDE:   40 18 N
                                          LONGITUDE:  78 50 W

[TEMPERATURE DATA]      [PRECIPITATION DATA]       SYMBOLS USED IN COLUMN 16

AVERAGE MONTHLY: 54.2   TOTAL FOR MONTH:   2.33    1 = FOG OR MIST
DPTR FM NORMAL:   2.8   DPTR FM NORMAL:    0.49    2 = FOG REDUCING VISIBILITY
HIGHEST:    72 ON 14, 2 GRTST 24HR  0.80 ON 14-15      TO 1/4 MILE OR LESS
LOWEST:     36 ON  5                               3 = THUNDER
                        SNOW, ICE PELLETS, HAIL    4 = ICE PELLETS
                        TOTAL MONTH:   0.0 INCH    5 = HAIL
                        GRTST 24HR     0.0         6 = FREEZING RAIN OR DRIZZLE
                        GRTST DEPTH:   0           7 = DUSTSTORM OR SANDSTORM:
                                                       VSBY 1/2 MILE OR LESS
                                                   8 = SMOKE OR HAZE
[NO. OF DAYS WITH]      [WEATHER - DAYS WITH]      9 = BLOWING SNOW
                                                   X = TORNADO
MAX 32 OR BELOW:   0    0.01 INCH OR MORE:  12
MAX 90 OR ABOVE:   0    0.10 INCH OR MORE:   6
MIN 32 OR BELOW:   0    0.50 INCH OR MORE:   1
MIN  0 OR BELOW:   0    1.00 INCH OR MORE:   0

[HDD (BASE 65) ]
TOTAL THIS MO.   189    CLEAR  (SCALE 0-3)   1
DPTR FM NORMAL   -57    PTCLDY (SCALE 4-7)  10
TOTAL FM JUL 1   422    CLOUDY (SCALE 8-10)  7
DPTR FM NORMAL   -42

[CDD (BASE 65) ]
TOTAL THIS MO.     0
DPTR FM NORMAL     0    [PRESSURE DATA]
TOTAL FM JAN 1   341    HIGHEST SLP M ON M
DPTR FM NORMAL   -41    LOWEST  SLP 29.54 ON 18

[REMARKS]
