000
CXUS54 KFWD 280730
CF6JWY
PRELIMINARY LOCAL CLIMATOLOGICAL DATA (WS FORM: F-6)

                                          STATION:   WAXAHACHIE
                                          MONTH:     APRIL
                                          YEAR:      2016
                                          LATITUDE:   32 27 N
                                          LONGITUDE:  96 54 W

  TEMPERATURE IN F:       :PCPN:    SNOW:  WIND      :SUNSHINE: SKY     :PK WND
================================================================================
1   2   3   4   5  6A  6B    7    8   9   10  11  12  13   14  15   16   17  18
                                     12Z  AVG MX 2MIN
DY MAX MIN AVG DEP HDD CDD  WTR  SNW DPTH SPD SPD DIR MIN PSBL S-S WX    SPD DR
================================================================================

 1  61  46  54  -6  11   0 0.01  0.0    0  7.7 14 360   M    M   6        25  40
 2  67  42  55  -5  10   0 0.00  0.0    0  6.1 16 350   M    M   0        21 320
 3  76  44  60   0   5   0 0.00  0.0    0  5.6 14 180   M    M   0        17 180
 4  82  49  66   5   0   1 0.00  0.0    0  5.8  9 190   M    M   0        17 210
 5  82  55  69   8   0   4 0.00  0.0    0  8.0 16 170   M    M   0        25 170
 6  77  54  66   5   0   1 0.00  0.0    0 11.8 24 330   M    M   0        30 320
 7  85  52  69   7   0   4 0.00  0.0    0  6.1  9 290   M    M   0        18 240
 8  74  55  65   3   0   0 0.00  0.0    0  5.1 10  40   M    M   0        17  60
 9  70  55  63   1   2   0 0.16  0.0    0  5.8 22 150   M    M   5        30 150
10  75  60  68   6   0   3 0.00  0.0    0 14.0 20 160   M    M   7        28 180
11  87  63  75  12   0  10 0.00  0.0    0 11.8 23 360   M    M   7 1      27 360
12  68  57  63   0   2   0 0.05  0.0    0  6.9 10  20   M    M   9        16  20
13  65  53  59  -4   6   0 0.01  0.0    0  5.3 10 340   M    M   8         M  M
14  72  55  64   0   1   0 0.00  0.0    0  3.5  7  90   M    M   7 1       M  M
15  73  50  62  -2   3   0 0.00  0.0    0  3.7  8 110   M    M   5 12      M  M
16  78  61  70   6   0   5 0.00  0.0    0  9.1 13 110   M    M   9 1      23 110
17  69  60  65   1   0   0 2.19  0.0    0  8.4 13 120   M    M  10 1      25 120
18  72  61  67   2   0   2 1.28  0.0    0  6.4 25  70   M    M   9        32  70
19  76  63  70   5   0   5 0.00  0.0    0  1.2  5  50   M    M   8 1       M  M
20  72  57  65   0   0   0 0.64  0.0    0  4.5 17 290   M    M   7 1      36 290
21  77  57  67   1   0   2 0.57  0.0    0  6.1 17 310   M    M   3 1      32 310
22  80  53  67   1   0   2 0.00  0.0    0  3.7  9 330   M    M   1        18  20
23  79  56  68   2   0   3 0.00  0.0    0  3.1  9 170   M    M   0         M  M
24  75  58  67   1   0   2 0.00  0.0    0 10.1 16 160   M    M   2        24 170
25  84  65  75   8   0  10 0.00  0.0    0 11.6 17 180   M    M   8        24 180
26  83  61  72   5   0   7 0.93  0.0    0 13.2 18 150   M    M   9        27 170
27  82  61  72   5   0   7 0.00  0.0    0  6.0 14 280   M    M   2 1      21 280
================================================================================
SM 2041 1503        40  68  5.84     0.0 190.6          M      122
================================================================================
AV 75.6 55.7                               7.1 FASTST   M    M   5    MAX(MPH)
                                 MISC ---->    25   M                 36    M
================================================================================
NOTES:
# LAST OF SEVERAL OCCURRENCES

COLUMN 17 PEAK WIND IN M.P.H.

PRELIMINARY LOCAL CLIMATOLOGICAL DATA (WS FORM: F-6) , PAGE 2

                                          STATION:  WAXAHACHIE
                                          MONTH:    APRIL
                                          YEAR:     2016
                                          LATITUDE:   32 27 N
                                          LONGITUDE:  96 54 W

[TEMPERATURE DATA]      [PRECIPITATION DATA]       SYMBOLS USED IN COLUMN 16

AVERAGE MONTHLY: 65.6   TOTAL FOR MONTH:   5.84    1 = FOG OR MIST
DPTR FM NORMAL:   2.1   DPTR FM NORMAL:    2.89    2 = FOG REDUCING VISIBILITY
HIGHEST:    87 ON 11    GRTST 24HR  2.19 ON 17-17      TO 1/4 MILE OR LESS
LOWEST:     42 ON  2                               3 = THUNDER
                        SNOW, ICE PELLETS, HAIL    4 = ICE PELLETS
                        TOTAL MONTH:   0.0 INCH    5 = HAIL
                        GRTST 24HR     0.0         6 = FREEZING RAIN OR DRIZZLE
                        GRTST DEPTH:   0           7 = DUSTSTORM OR SANDSTORM:
                                                       VSBY 1/2 MILE OR LESS
                                                   8 = SMOKE OR HAZE
[NO. OF DAYS WITH]      [WEATHER - DAYS WITH]      9 = BLOWING SNOW
                                                   X = TORNADO
MAX 32 OR BELOW:   0    0.01 INCH OR MORE:   9
MAX 90 OR ABOVE:   0    0.10 INCH OR MORE:   6
MIN 32 OR BELOW:   0    0.50 INCH OR MORE:   5
MIN  0 OR BELOW:   0    1.00 INCH OR MORE:   2

[HDD (BASE 65) ]
TOTAL THIS MO.    40    CLEAR  (SCALE 0-3)  12
DPTR FM NORMAL   -61    PTCLDY (SCALE 4-7)   9
TOTAL FM JUL 1  1783    CLOUDY (SCALE 8-10)  6
DPTR FM NORMAL  -736

[CDD (BASE 65) ]
TOTAL THIS MO.    68
DPTR FM NORMAL     8    [PRESSURE DATA]
TOTAL FM JAN 1    97    HIGHEST SLP M ON M
DPTR FM NORMAL    20    LOWEST  SLP M ON M

[REMARKS]
