000
CXHW53 PHFO 271250
CF6KOA
PRELIMINARY LOCAL CLIMATOLOGICAL DATA (WS FORM: F-6)

                                          STATION:   KONA HI
                                          MONTH:     AUGUST
                                          YEAR:      2015
                                          LATITUDE:   19 38 N
                                          LONGITUDE: 156  0 W

  TEMPERATURE IN F:       :PCPN:    SNOW:  WIND      :SUNSHINE: SKY     :PK WND
================================================================================
1   2   3   4   5  6A  6B    7    8   9   10  11  12  13   14  15   16   17  18
                                     12Z  AVG MX 2MIN
DY MAX MIN AVG DEP HDD CDD  WTR  SNW DPTH SPD SPD DIR MIN PSBL S-S WX    SPD DR
================================================================================

 1  93  78  86   5   0  21 0.00  0.0    0  8.3 26 330   M    M   5        29 330
 2  90  79  85   4   0  20 0.00  0.0    0  5.5 12 170   M    M   5        14 170
 3  92  77  85   4   0  20 0.01  0.0    0 10.2 25 360   M    M   8 8      29 350
 4  90  76  83   2   0  18 0.00  0.0    0  7.5 20 160   M    M   5        24 150
 5  90  79  85   4   0  20 0.00  0.0    0  6.6 15 180   M    M   7        18 180
 6  90  78  84   3   0  19 0.02  0.0    0  7.6 16 190   M    M   4 18     22 190
 7  90  78  84   3   0  19 0.00  0.0    0  7.2 15 170   M    M   6 1      20 180
 8  90  80  85   4   0  20 0.00  0.0    0  7.5 13 230   M    M   5        17 210
 9  90  80  85   4   0  20 0.00  0.0    0  6.1 16 180   M    M   6        18 180
10  90  80  85   4   0  20 0.00  0.0    0  7.1 14 210   M    M   5        17 200
11  91  79  85   4   0  20 0.00  0.0    0  7.9 15 200   M    M   1        20 200
12  90  79  85   4   0  20 0.00  0.0    0  8.4 18  10   M    M   3        22  10
13  91  80  86   5   0  21 0.00  0.0    0  6.9 15 200   M    M   4        18 230
14  90  79  85   4   0  20 0.02  0.0    0  7.5 17  40   M    M   6 18     22 300
15  91  81  86   5   0  21 0.00  0.0    0  6.9 14 190   M    M   6        20 210
16  91  80  86   5   0  21 0.00  0.0    0  6.9 15 210   M    M   4        18 200
17  90  79  85   4   0  20 0.01  0.0    0  8.3 15 160   M    M   6        18 310
18  90  78  84   3   0  19 0.56  0.0    0  7.6 16 140   M    M   5 1      18 140
19  89  77  83   2   0  18 0.11  0.0    0  6.9 15  30   M    M   6 1      17 210
20  89  76  83   2   0  18 0.03  0.0    0  7.0 17 150   M    M   5        20 150
21  88  79  84   3   0  19 0.00  0.0    0  7.4 17  20   M    M   6        21  20
22  91  78  85   4   0  20 0.00  0.0    0  6.7 17 330   M    M   3        20 340
23  90  79  85   4   0  20 0.05  0.0    M  9.5 24  20   M    M   7 1      28  30
24  82  77  80  -1   0  15 1.55  0.0    0  6.2 16 150   M    M   5 1      24 170
25  89  75  82   1   0  17    T  0.0    0  6.1 14 130   M    M   3        18 130
26  89  77  83   2   0  18    T  0.0    0  6.3 13 230   M    M   4        17 220
================================================================================
SM 2336 2038         0 504  2.36     0.0 190.1          M      130
================================================================================
AV 89.8 78.4                               7.3 FASTST   M    M   5    MAX(MPH)
                                 MISC ---->  # 26 330               # 29  330
================================================================================
NOTES:
# LAST OF SEVERAL OCCURRENCES

COLUMN 17 PEAK WIND IN M.P.H.

PRELIMINARY LOCAL CLIMATOLOGICAL DATA (WS FORM: F-6) , PAGE 2

                                          STATION:  KONA HI
                                          MONTH:    AUGUST
                                          YEAR:     2015
                                          LATITUDE:   19 38 N
                                          LONGITUDE: 156  0 W

[TEMPERATURE DATA]      [PRECIPITATION DATA]       SYMBOLS USED IN COLUMN 16

AVERAGE MONTHLY: 84.1   TOTAL FOR MONTH:   2.36    1 = FOG OR MIST
DPTR FM NORMAL:   3.1   DPTR FM NORMAL:    1.22    2 = FOG REDUCING VISIBILITY
HIGHEST:    93 ON  1    GRTST 24HR  1.55 ON 23-24      TO 1/4 MILE OR LESS
LOWEST:     75 ON 25                               3 = THUNDER
                        SNOW, ICE PELLETS, HAIL    4 = ICE PELLETS
                        TOTAL MONTH:   0.0 INCH    5 = HAIL
                        GRTST 24HR     0.0         6 = FREEZING RAIN OR DRIZZLE
                        GRTST DEPTH:   0           7 = DUSTSTORM OR SANDSTORM:
                                                       VSBY 1/2 MILE OR LESS
                                                   8 = SMOKE OR HAZE
[NO. OF DAYS WITH]      [WEATHER - DAYS WITH]      9 = BLOWING SNOW
                                                   X = TORNADO
MAX 32 OR BELOW:   0    0.01 INCH OR MORE:   9
MAX 90 OR ABOVE:  20    0.10 INCH OR MORE:   3
MIN 32 OR BELOW:   0    0.50 INCH OR MORE:   2
MIN  0 OR BELOW:   0    1.00 INCH OR MORE:   1

[HDD (BASE 65) ]
TOTAL THIS MO.     0    CLEAR  (SCALE 0-3)   3
DPTR FM NORMAL     0    PTCLDY (SCALE 4-7)  23
TOTAL FM JUL 1     0    CLOUDY (SCALE 8-10)  0
DPTR FM NORMAL     0

[CDD (BASE 65) ]
TOTAL THIS MO.   504
DPTR FM NORMAL    88    [PRESSURE DATA]
TOTAL FM JAN 1  3334    HIGHEST SLP M ON M
DPTR FM NORMAL   359    LOWEST  SLP 29.80 ON 18

[REMARKS]
