000
CXUS55 KTBW 281000
CF6LAL
PRELIMINARY LOCAL CLIMATOLOGICAL DATA (WS FORM: F-6)

                                          STATION:   Lakeland Linder
                                          MONTH:     MAY
                                          YEAR:      2015
                                          LATITUDE:   28  0 N
                                          LONGITUDE:  82  3 W

  TEMPERATURE IN F:       :PCPN:    SNOW:  WIND      :SUNSHINE: SKY     :PK WND
================================================================================
1   2   3   4   5  6A  6B    7    8   9   10  11  12  13   14  15   16   17  18
                                     12Z  AVG MX 2MIN
DY MAX MIN AVG DEP HDD CDD  WTR  SNW DPTH SPD SPD DIR MIN PSBL S-S WX    SPD DR
================================================================================

 1  82  57  70  -6   0   5 0.00  0.0    0  6.1 17 320   M    M   1        21 320
 2  82  59  71  -5   0   6 0.00  0.0    0  7.0 13  90   M    M   1         M  M
 3  85  58  72  -4   0   7 0.00  0.0    0  7.5 13 110   M    M   1         M  M
 4  84  62  73  -3   0   8 0.00  0.0    0  7.3 17  90   M    M   5        28  80
 5  84  66  75  -1   0  10    T  0.0    0 10.4 20  80   M    M   4        25  80
 6  89  67  78   1   0  13 0.00  0.0    0  4.7  7  10   M    M   4         M  M
 7  90  66  78   1   0  13 0.05  0.0    0  3.8 10 340   M    M   1 3       M  M
 8  90  62  76  -1   0  11 0.00  0.0    0  3.9 13 320   M    M   1        20 290
 9  90  64  77   0   0  12 0.00  0.0    0  1.7 14 310   M    M   1         M  M
10  95  62  79   1   0  14 0.00  0.0    0  1.8  8 200   M    M   2         M  M
11  95  69  82   4   0  17 0.00  0.0    0  4.7  9 100   M    M   3 3       M  M
12  93  73  83   5   0  18    T  0.0    0  5.5 13 200   M    M   3 3      18 120
13  94  72  83   5   0  18 0.00  0.0    0  4.4 14 120   M    M   2        17 120
14  94  71  83   5   0  18 0.00  0.0    0  7.2 17 110   M    M   3        25 110
15  94  72  83   5   0  18 0.00  0.0    0 15.0 21  80   M    M   4        27  80
16  90  70  80   1   0  15 0.00  0.0    0  9.0 16  60   M    M   2        20  90
17  94  72  83   4   0  18    T  0.0    0  7.8 18 110   M    M   7        24 110
18  90  70  80   1   0  15 0.00  0.0    0  4.7 10  30   M    M   3         M  M
19  93  71  82   3   0  17    T  0.0    0  4.8 13 320   M    M   4         M  M
20  96  73  85   5   0  20    T  0.0    0  5.8 16 320   M    M   3 1      21 280
21  96  72  84   4   0  19 0.00  0.0    0  5.8 15 310   M    M   2        21 310
22  96  74  85   5   0  20 0.00  0.0    0  5.0 18 150   M    M   2 13     29 150
23  96  74  85   5   0  20 0.00  0.0    0  8.7 14  80   M    M   3        20  80
24  95  75  85   5   0  20 0.08  0.0    0  9.4 17  90   M    M   5 1      21  80
25  92  72  82   2   0  17 0.00  0.0    0  9.3 16  50   M    M   3        22 140
26  94  73  84   4   0  19 1.04  0.0    0  9.2 15  80   M    M   5 3      35  80
27  90  72  81   0   0  16 0.00  0.0    M  8.1 16 120   M    M   4        22 120
================================================================================
SM 2463 1848         0 404  1.17     0.0 178.6          M       79
================================================================================
AV 91.2 68.4                               6.6 FASTST   M    M   3    MAX(MPH)
                                 MISC ---->    21   M               # 35   80
================================================================================
NOTES:
# LAST OF SEVERAL OCCURRENCES

COLUMN 17 PEAK WIND IN M.P.H.

PRELIMINARY LOCAL CLIMATOLOGICAL DATA (WS FORM: F-6) , PAGE 2

                                          STATION:  Lakeland Linder
                                          MONTH:    MAY
                                          YEAR:     2015
                                          LATITUDE:   28  0 N
                                          LONGITUDE:  82  3 W

[TEMPERATURE DATA]      [PRECIPITATION DATA]       SYMBOLS USED IN COLUMN 16

AVERAGE MONTHLY: 79.8   TOTAL FOR MONTH:   1.17    1 = FOG OR MIST
DPTR FM NORMAL:   1.6   DPTR FM NORMAL:   -1.40    2 = FOG REDUCING VISIBILITY
HIGHEST:    96 ON 23,22 GRTST 24HR  1.04 ON 26-26      TO 1/4 MILE OR LESS
LOWEST:     57 ON  1                               3 = THUNDER
                        SNOW, ICE PELLETS, HAIL    4 = ICE PELLETS
                        TOTAL MONTH:   0.0 INCH    5 = HAIL
                        GRTST 24HR     0.0         6 = FREEZING RAIN OR DRIZZLE
                        GRTST DEPTH:   0           7 = DUSTSTORM OR SANDSTORM:
                                                       VSBY 1/2 MILE OR LESS
                                                   8 = SMOKE OR HAZE
[NO. OF DAYS WITH]      [WEATHER - DAYS WITH]      9 = BLOWING SNOW
                                                   X = TORNADO
MAX 32 OR BELOW:   0    0.01 INCH OR MORE:   3
MAX 90 OR ABOVE:  21    0.10 INCH OR MORE:   1
MIN 32 OR BELOW:   0    0.50 INCH OR MORE:   1
MIN  0 OR BELOW:   0    1.00 INCH OR MORE:   1

[HDD (BASE 65) ]
TOTAL THIS MO.     0    CLEAR  (SCALE 0-3)  17
DPTR FM NORMAL     0    PTCLDY (SCALE 4-7)  10
TOTAL FM JUL 1   547    CLOUDY (SCALE 8-10)  0
DPTR FM NORMAL   102

[CDD (BASE 65) ]
TOTAL THIS MO.   404
DPTR FM NORMAL    46    [PRESSURE DATA]
TOTAL FM JAN 1  1086    HIGHEST SLP M ON M
DPTR FM NORMAL   206    LOWEST  SLP M ON M

[REMARKS]
