000
CXUS55 KTBW 211000
CF6LAL
PRELIMINARY LOCAL CLIMATOLOGICAL DATA (WS FORM: F-6)

                                          STATION:   Lakeland Linder
                                          MONTH:     SEPTEMBER
                                          YEAR:      2014
                                          LATITUDE:   28  0 N
                                          LONGITUDE:  82  3 W

  TEMPERATURE IN F:       :PCPN:    SNOW:  WIND      :SUNSHINE: SKY     :PK WND
================================================================================
1   2   3   4   5  6A  6B    7    8   9   10  11  12  13   14  15   16   17  18
                                     12Z  AVG MX 2MIN
DY MAX MIN AVG DEP HDD CDD  WTR  SNW DPTH SPD SPD DIR MIN PSBL S-S WX    SPD DR
================================================================================

 1  94  75  85   2   0  20 0.06  0.0    0  3.4 12 110   M    M   3 3       M  M
 2  95  76  86   3   0  21 0.00  0.0    0  5.3 13 100   M    M   4         M  M
 3  94  74  84   1   0  19 0.00  0.0    0  3.9 14 120   M    M   4         M  M
 4  92  74  83   0   0  18 0.00  0.0    0  3.7 10 150   M    M   4         M  M
 5  92  73  83   0   0  18 0.10  0.0    0  2.6 16 310   M    M   5 12     28 310
 6  93  72  83   0   0  18 0.16  0.0    0  3.7 16 130   M    M   4 3      35 330
 7  92  73  83   0   0  18 0.20  0.0    0  3.4 15  50   M    M   5 3       M  M
 8  91  72  82  -1   0  17 2.44  0.0    0  2.1  7 270   M    M   6 3       M  M
 9  91  73  82  -1   0  17 0.60  0.0    0  2.1 10 310   M    M   5 3      16 310
10  91  75  83   0   0  18 1.20  0.0    0  5.7 15  70   M    M   3 3       M  M
11  92  73  83   0   0  18 0.00  0.0    0  2.7 14  80   M    M   2        17  80
12  93  73  83   1   0  18 0.15  0.0    0  7.6 17  20   M    M   4        21  20
13  92  73  83   1   0  18 0.00  0.0    0  6.5 12 140   M    M   2        18 150
14  92  72  82   0   0  17 0.00  0.0    0  4.8 20 200   M    M   4        28 200
15  92  72  82   0   0  17 0.00  0.0    0  1.7  6 320   M    M   2         M  M
16  92  74  83   1   0  18 0.97  0.0    0  1.9  9 330   M    M   5         M  M
17  77  72  75  -7   0  10 0.88  0.0    0  2.2 12 270   M    M   7 128     M  M
18  90  69  80  -2   0  15 0.04  0.0    0  2.7  9  90   M    M   6 128     M  M
19  91  69  80  -2   0  15 0.05  0.0    0  5.1 14  60   M    M   6        23  60
20  91  69  80  -2   0  15 1.75  0.0    0  4.5 12  80   M    M   8         M  M
================================================================================
SM 1827 1453         0 345  8.60     0.0  75.6          M       89
================================================================================
AV 91.3 72.7                               3.8 FASTST   M    M   4    MAX(MPH)
                                 MISC ---->    20   M               # 35  330
================================================================================
NOTES:
# LAST OF SEVERAL OCCURRENCES

COLUMN 17 PEAK WIND IN M.P.H.

PRELIMINARY LOCAL CLIMATOLOGICAL DATA (WS FORM: F-6) , PAGE 2

                                          STATION:  Lakeland Linder
                                          MONTH:    SEPTEMBER
                                          YEAR:     2014
                                          LATITUDE:   28  0 N
                                          LONGITUDE:  82  3 W

[TEMPERATURE DATA]      [PRECIPITATION DATA]       SYMBOLS USED IN COLUMN 16

AVERAGE MONTHLY: 82.0   TOTAL FOR MONTH:   8.60    1 = FOG OR MIST
DPTR FM NORMAL:  -0.6   DPTR FM NORMAL:    4.23    2 = FOG REDUCING VISIBILITY
HIGHEST:    95 ON  2    GRTST 24HR  2.44 ON  8- 8      TO 1/4 MILE OR LESS
LOWEST:     69 ON 20,19                            3 = THUNDER
                        SNOW, ICE PELLETS, HAIL    4 = ICE PELLETS
                        TOTAL MONTH:   0.0 INCH    5 = HAIL
                        GRTST 24HR     0.0         6 = FREEZING RAIN OR DRIZZLE
                        GRTST DEPTH:   0           7 = DUSTSTORM OR SANDSTORM:
                                                       VSBY 1/2 MILE OR LESS
                                                   8 = SMOKE OR HAZE
[NO. OF DAYS WITH]      [WEATHER - DAYS WITH]      9 = BLOWING SNOW
                                                   X = TORNADO
MAX 32 OR BELOW:   0    0.01 INCH OR MORE:  13
MAX 90 OR ABOVE:  19    0.10 INCH OR MORE:  10
MIN 32 OR BELOW:   0    0.50 INCH OR MORE:   6
MIN  0 OR BELOW:   0    1.00 INCH OR MORE:   3

[HDD (BASE 65) ]
TOTAL THIS MO.     0    CLEAR  (SCALE 0-3)   5
DPTR FM NORMAL     0    PTCLDY (SCALE 4-7)  14
TOTAL FM JUL 1     0    CLOUDY (SCALE 8-10)  1
DPTR FM NORMAL     0

[CDD (BASE 65) ]
TOTAL THIS MO.   345
DPTR FM NORMAL    -5    [PRESSURE DATA]
TOTAL FM JAN 1  2840    HIGHEST SLP M ON M
DPTR FM NORMAL  -124    LOWEST  SLP M ON M

[REMARKS]
