000
CXUS55 KCYS 281000
CF6LAR
PRELIMINARY LOCAL CLIMATOLOGICAL DATA (WS FORM: F-6)

                                          STATION:   LARAMIE WYOMING AIRPORT
                                          MONTH:     MAY
                                          YEAR:      2016
                                          LATITUDE:   41 18 N
                                          LONGITUDE: 105 40 W

  TEMPERATURE IN F:       :PCPN:    SNOW:  WIND      :SUNSHINE: SKY     :PK WND
================================================================================
1   2   3   4   5  6A  6B    7    8   9   10  11  12  13   14  15   16   17  18
                                     12Z  AVG MX 2MIN
DY MAX MIN AVG DEP HDD CDD  WTR  SNW DPTH SPD SPD DIR MIN PSBL S-S WX    SPD DR
================================================================================

 1  36  20  28 -15  37   0 0.02    M    M  6.7 16  70   M    M   7 1      19  50
 2  49  13  31 -12  34   0 0.00    M    M  8.1 22 330   M    M   0        29 330
 3  59  24  42  -1  23   0 0.00    M    M  6.2 16 310   M    M   0        22 310
 4  67  29  48   4  17   0 0.00    M    M  6.8 14 190   M    M   0        17 140
 5  71  35  53   9  12   0 0.00    M    M  8.2 16 230   M    M   1        22 220
 6  71  39  55  11  10   0 0.07    M    M 12.0 30  60   M    M   4 13     38 360
 7  47  32  40  -5  25   0 0.96    M    M 10.7 28  70   M    M  10 1238   39  80
 8  43  32  38  -7  27   0 0.04    M    M 13.4 25 150   M    M   9 16     29 150
 9  58  26  42  -3  23   0 0.02    M    M 13.8 35 310   M    M   4 1      41 320
10  50  30  40  -6  25   0    T    M    M 19.9 38 260   M    M   2 1      47 260
11  49  26  38  -8  27   0 0.00    M    M 13.4 25 270   M    M   5        44 280
12  63  25  44  -2  21   0 0.00    M    M 10.2 28 250   M    M   0        36 250
13  67  34  51   4  14   0    T    M    M 14.5 29 310   M    M   3        37 330
14  56  33  45  -2  20   0 0.00    M    M 18.0 28 140   M    M   5 1      34 140
15  59  32  46  -1  19   0 0.37    M    M 12.7 32 160   M    M   5 13     38 170
16  47  31  39  -9  26   0 0.40    M    M  6.8 18 160   M    M   9 1      22 160
17  46  31  39  -9  26   0 0.02    M    M 12.8 24 140   M    M   9 1      31 150
18  61  34  48   0  17   0 0.00    M    M 10.3 21 160   M    M   3        25 160
19  66  35  51   2  14   0    T    M    M 10.5 23 160   M    M   5        28 220
20  67  40  54   5  11   0    T    M    M 13.5 28 150   M    M   2 8      34 150
21  71  40  56   7   9   0 0.00    M    M 16.3 35 140   M    M   0        46 140
22  62  33  48  -2  17   0 0.04    M    M 11.1 30 280   M    M   2 13     38 270
23  61  31  46  -4  19   0 0.00    M    M 10.0 30 260   M    M   3        38 260
24  64  30  47  -3  18   0 0.00    M    M 16.5 35 150   M    M   2        44 150
25  62  32  47  -3  18   0 0.00    M    M 13.6 33 260   M    M   1        42 210
26  58  31  45  -6  20   0 0.01    M    M  5.8 24 200   M    M   1 38     30 200
27  58  33  46  -5  19   0 0.01    M    M  8.5 18  40   M    M   5        24 320
================================================================================
SM 1568  831       548   0  1.96    M    310.3          M       97
================================================================================
AV 58.1 30.8                              11.5 FASTST   M    M   4    MAX(MPH)
                                 MISC ---->  # 38 260               # 47  260
================================================================================
NOTES:
# LAST OF SEVERAL OCCURRENCES

COLUMN 17 PEAK WIND IN M.P.H.

PRELIMINARY LOCAL CLIMATOLOGICAL DATA (WS FORM: F-6) , PAGE 2

                                          STATION:  LARAMIE WYOMING AIRPORT
                                          MONTH:    MAY
                                          YEAR:     2016
                                          LATITUDE:   41 18 N
                                          LONGITUDE: 105 40 W

[TEMPERATURE DATA]      [PRECIPITATION DATA]       SYMBOLS USED IN COLUMN 16

AVERAGE MONTHLY: 44.4   TOTAL FOR MONTH:   1.96    1 = FOG OR MIST
DPTR FM NORMAL:  -2.5   DPTR FM NORMAL:    0.53    2 = FOG REDUCING VISIBILITY
HIGHEST:    71 ON 21, 6 GRTST 24HR  1.02 ON  6- 7      TO 1/4 MILE OR LESS
LOWEST:     13 ON  2                               3 = THUNDER
                        SNOW, ICE PELLETS, HAIL    4 = ICE PELLETS
                        TOTAL MONTH:    M          5 = HAIL
                        GRTST 24HR    M  ON   M    6 = FREEZING RAIN OR DRIZZLE
                        GRTST DEPTH:  M  ON   M    7 = DUSTSTORM OR SANDSTORM:
                                                       VSBY 1/2 MILE OR LESS
                                                   8 = SMOKE OR HAZE
[NO. OF DAYS WITH]      [WEATHER - DAYS WITH]      9 = BLOWING SNOW
                                                   X = TORNADO
MAX 32 OR BELOW:   0    0.01 INCH OR MORE:  11
MAX 90 OR ABOVE:   0    0.10 INCH OR MORE:   3
MIN 32 OR BELOW:  17    0.50 INCH OR MORE:   1
MIN  0 OR BELOW:   0    1.00 INCH OR MORE:   0

[HDD (BASE 65) ]
TOTAL THIS MO.   548    CLEAR  (SCALE 0-3)  13
DPTR FM NORMAL    61    PTCLDY (SCALE 4-7)  10
TOTAL FM JUL 1  8213    CLOUDY (SCALE 8-10)  4
DPTR FM NORMAL  -323

[CDD (BASE 65) ]
TOTAL THIS MO.     0
DPTR FM NORMAL     0    [PRESSURE DATA]
TOTAL FM JAN 1     0    HIGHEST SLP  0.00 ON M
DPTR FM NORMAL     0    LOWEST  SLP 29.46 ON  9

[REMARKS]
