000
CXUS55 KLOX 231655
CF6LAX
PRELIMINARY LOCAL CLIMATOLOGICAL DATA (WS FORM: F-6)

                                          STATION:   LOS ANGELES INTL AIRPORT CA
                                          MONTH:     MARCH
                                          YEAR:      2017
                                          LATITUDE:   33 55 N
                                          LONGITUDE: 118 24 W

  TEMPERATURE IN F:       :PCPN:    SNOW:  WIND      :SUNSHINE: SKY     :PK WND
================================================================================
1   2   3   4   5  6A  6B    7    8   9   10  11  12  13   14  15   16   17  18
                                     12Z  AVG MX 2MIN
DY MAX MIN AVG DEP HDD CDD  WTR  SNW DPTH SPD SPD DIR MIN PSBL S-S WX    SPD DR
================================================================================

 1  72  46  59   1   6   0 0.00  0.0    0  7.0 17 290   M    M   1 8      25 290
 2  77  47  62   4   3   0 0.00  0.0    0  4.7 17 280   M    M   2 8      25 290
 3  79  52  66   8   0   1 0.00  0.0    0  6.1 15 260   M    M   3        20 280
 4  67  50  59   1   6   0 0.00  0.0    0  5.2 14 240   M    M   7        18 280
 5  60  51  56  -2   9   0 0.02  0.0    0 12.3 30 260   M    M   6 18     35 260
 6  63  48  56  -2   9   0 0.00  0.0    0 10.7 24 260   M    M   1        26 260
 7  71  47  59   1   6   0 0.00  0.0    0  7.8 16 260   M    M   3 8      20 290
 8  79  52  66   8   0   1 0.00  0.0    0  6.0 16 270   M    M   5        19 260
 9  76  53  65   7   0   0 0.00  0.0    0  5.8 14 260   M    M   2        19 290
10  74  55  65   7   0   0 0.00  0.0    0  5.6 15 260   M    M   5 8      17 260
11  73  54  64   6   1   0 0.00  0.0    0  4.2 14 270   M    M   2 1      17 270
12  68  53  61   3   4   0 0.00  0.0    0  6.0 15 260   M    M   5 128    17 260
13  67  54  61   3   4   0 0.00  0.0    0  5.0 14 280   M    M   7 128    20 300
14  67  50  59   1   6   0 0.00  0.0    0  6.0 14 260   M    M   7 128    17 260
15  70  54  62   4   3   0 0.00  0.0    0  6.8 17 260   M    M   5 128    21 270
16  69  54  62   4   3   0 0.00  0.0    0  6.5 14 270   M    M   2 1      18 280
17  65  54  60   2   5   0 0.00  0.0    0  5.9 14 270   M    M   8 12      M  M
18  67  56  62   4   3   0 0.00  0.0    0  6.8 14 270   M    M   8 18     20 260
19  66  55  61   3   4   0 0.00  0.0    0  6.9 16 260   M    M   7 18     21 240
20  66  57  62   4   3   0 0.00  0.0    0  7.8 17 250   M    M   8 8      22 270
21  66  56  61   3   4   0 0.05  0.0    0  5.6 14 140   M    M   9 1      22 150
22  65  56  61   3   4   0 0.01  0.0    0 12.8 28 260   M    M   6 1      33 270
================================================================================
SM 1527 1154        83   2  0.08     0.0 151.5          M      109
================================================================================
AV 69.4 52.5                               6.9 FASTST   M    M   5    MAX(MPH)
                                 MISC ---->  # 30 260               # 35  260
================================================================================
NOTES:
# LAST OF SEVERAL OCCURRENCES

COLUMN 17 PEAK WIND IN M.P.H.

PRELIMINARY LOCAL CLIMATOLOGICAL DATA (WS FORM: F-6) , PAGE 2

                                          STATION:  LOS ANGELES INTL AIRPORT CA
                                          MONTH:    MARCH
                                          YEAR:     2017
                                          LATITUDE:   33 55 N
                                          LONGITUDE: 118 24 W

[TEMPERATURE DATA]      [PRECIPITATION DATA]       SYMBOLS USED IN COLUMN 16

AVERAGE MONTHLY: 60.9   TOTAL FOR MONTH:   0.08    1 = FOG OR MIST
DPTR FM NORMAL:   2.9   DPTR FM NORMAL:   -1.40    2 = FOG REDUCING VISIBILITY
HIGHEST:    79 ON  8, 3 GRTST 24HR  0.05 ON 21-21      TO 1/4 MILE OR LESS
LOWEST:     46 ON  1                               3 = THUNDER
                        SNOW, ICE PELLETS, HAIL    4 = ICE PELLETS
                        TOTAL MONTH:   0.0 INCH    5 = HAIL
                        GRTST 24HR     0.0         6 = FREEZING RAIN OR DRIZZLE
                        GRTST DEPTH:   0           7 = DUSTSTORM OR SANDSTORM:
                                                       VSBY 1/2 MILE OR LESS
                                                   8 = SMOKE OR HAZE
[NO. OF DAYS WITH]      [WEATHER - DAYS WITH]      9 = BLOWING SNOW
                                                   X = TORNADO
MAX 32 OR BELOW:   0    0.01 INCH OR MORE:   3
MAX 90 OR ABOVE:   0    0.10 INCH OR MORE:   0
MIN 32 OR BELOW:   0    0.50 INCH OR MORE:   0
MIN  0 OR BELOW:   0    1.00 INCH OR MORE:   0

[HDD (BASE 65) ]
TOTAL THIS MO.    83    CLEAR  (SCALE 0-3)   8
DPTR FM NORMAL   -74    PTCLDY (SCALE 4-7)  13
TOTAL FM JUL 1   856    CLOUDY (SCALE 8-10)  1
DPTR FM NORMAL  -230

[CDD (BASE 65) ]
TOTAL THIS MO.     2
DPTR FM NORMAL     2    [PRESSURE DATA]
TOTAL FM JAN 1     2    HIGHEST SLP M ON M
DPTR FM NORMAL    -7    LOWEST  SLP 29.90 ON M

[REMARKS]
