000
CXUS55 KLOX 011655
CF6LAX
PRELIMINARY LOCAL CLIMATOLOGICAL DATA (WS FORM: F-6)

                                          STATION:   LOS ANGELES INTL AIRPORT CA
                                          MONTH:     JUNE
                                          YEAR:      2015
                                          LATITUDE:   33 55 N
                                          LONGITUDE: 118 24 W

  TEMPERATURE IN F:       :PCPN:    SNOW:  WIND      :SUNSHINE: SKY     :PK WND
================================================================================
1   2   3   4   5  6A  6B    7    8   9   10  11  12  13   14  15   16   17  18
                                     12Z  AVG MX 2MIN
DY MAX MIN AVG DEP HDD CDD  WTR  SNW DPTH SPD SPD DIR MIN PSBL S-S WX    SPD DR
================================================================================

 1  67  57  62  -2   3   0 0.00  0.0    0  8.3 17 270   M    M   7 18     23 260
 2  69  59  64   0   1   0 0.00  0.0    0  7.1 16 260   M    M   4        23 260
 3  69  59  64   0   1   0 0.00  0.0    0  8.7 21 270   M    M   6 1      23 270
 4  66  59  63  -1   2   0 0.00  0.0    0  7.5 15 270   M    M   8        18 270
 5  68  59  64   0   1   0 0.00  0.0    0  8.5 20 260   M    M   6        25 260
 6  68  59  64   0   1   0 0.00  0.0    0 10.2 20 270   M    M   5        25 270
 7  68  59  64   0   1   0 0.00  0.0    0  8.6 18 250   M    M   6        22 250
 8  69  59  64   0   1   0 0.00  0.0    0  8.1 17 270   M    M   5 128    21 270
 9  81  60  71   6   0   6 0.01  0.0    M  8.9 21 270   M    M   9 12     28 290
10  70  60  65   0   0   0 0.00  0.0    0  8.4 15 270   M    M   9 128    18 150
11  70  60  65   0   0   0    T  0.0    0  6.3 16 270   M    M   9 12     20 260
12  69  61  65   0   0   0 0.00  0.0    0  6.2 14 270   M    M  10 1      17 280
13  68  62  65   0   0   0    T  0.0    0  6.6 14 270   M    M  10 18     16 270
14  72  61  67   2   0   2 0.00  0.0    0  7.2 18 250   M    M   9 18     23 250
15  69  61  65   0   0   0 0.00  0.0    0  6.5 16 270   M    M   8 18     23 260
16  69  61  65  -1   0   0 0.00  0.0    0  6.6 13 270   M    M   7 18     18 230
17  70  61  66   0   0   1 0.00  0.0    0  7.2 15 260   M    M   8 18     21 270
18  69  61  65  -1   0   0 0.00  0.0    0  7.5 16 260   M    M   5 18     22 260
19  71  59  65  -1   0   0 0.00  0.0    0  6.8 15 270   M    M   4 12     20 280
20  77  61  69   3   0   4 0.00  0.0    0  6.6 14 250   M    M   2 18     18 260
21  73  63  68   2   0   3 0.00  0.0    0  6.8 16 250   M    M   4 18     21 260
22  74  63  69   3   0   4 0.00  0.0    0  7.4 15 270   M    M   1        20 270
23  76  64  70   3   0   5 0.00  0.0    0  6.9 15 260   M    M   2        20 260
24  76  63  70   3   0   5 0.00  0.0    0  7.6 17 250   M    M   1        28 320
25  72  61  67   0   0   2 0.00  0.0    0  7.9 15 270   M    M   3 1      21 250
26  70  60  65  -2   0   0 0.00  0.0    0  9.3 18 260   M    M   7 1      22 260
27  69  62  66  -1   0   1    T  0.0    0  7.7 21 270   M    M   8        23 270
28  75  66  71   4   0   6 0.00  0.0    0  8.2 21 270   M    M   6        24 270
29  78  67  73   6   0   8 0.00  0.0    0  6.3 16 270   M    M   6        21 250
30  85  65  75   7   0  10    T  0.0    0  7.8 18 270   M    M   5 3       M  M
================================================================================
SM 2147 1832        11  57  0.01     0.0 227.7          M      180
================================================================================
AV 71.6 61.1                               7.6 FASTST   M    M   6    MAX(MPH)
                                 MISC ---->  # 21 270                 28    M
================================================================================
NOTES:
# LAST OF SEVERAL OCCURRENCES

COLUMN 17 PEAK WIND IN M.P.H.

PRELIMINARY LOCAL CLIMATOLOGICAL DATA (WS FORM: F-6) , PAGE 2

                                          STATION:  LOS ANGELES INTL AIRPORT CA
                                          MONTH:    JUNE
                                          YEAR:     2015
                                          LATITUDE:   33 55 N
                                          LONGITUDE: 118 24 W

[TEMPERATURE DATA]      [PRECIPITATION DATA]       SYMBOLS USED IN COLUMN 16

AVERAGE MONTHLY: 66.3   TOTAL FOR MONTH:   0.01    1 = FOG OR MIST
DPTR FM NORMAL:   0.8   DPTR FM NORMAL:   -0.07    2 = FOG REDUCING VISIBILITY
HIGHEST:    85 ON 30    GRTST 24HR  0.01 ON  9- 9      TO 1/4 MILE OR LESS
LOWEST:     57 ON  1                               3 = THUNDER
                        SNOW, ICE PELLETS, HAIL    4 = ICE PELLETS
                        TOTAL MONTH:   0.0 INCH    5 = HAIL
                        GRTST 24HR     0.0         6 = FREEZING RAIN OR DRIZZLE
                        GRTST DEPTH:   0           7 = DUSTSTORM OR SANDSTORM:
                                                       VSBY 1/2 MILE OR LESS
                                                   8 = SMOKE OR HAZE
[NO. OF DAYS WITH]      [WEATHER - DAYS WITH]      9 = BLOWING SNOW
                                                   X = TORNADO
MAX 32 OR BELOW:   0    0.01 INCH OR MORE:   1
MAX 90 OR ABOVE:   0    0.10 INCH OR MORE:   0
MIN 32 OR BELOW:   0    0.50 INCH OR MORE:   0
MIN  0 OR BELOW:   0    1.00 INCH OR MORE:   0

[HDD (BASE 65) ]
TOTAL THIS MO.    11    CLEAR  (SCALE 0-3)   4
DPTR FM NORMAL   -14    PTCLDY (SCALE 4-7)  20
TOTAL FM JUL 1   827    CLOUDY (SCALE 8-10)  6
DPTR FM NORMAL  -592

[CDD (BASE 65) ]
TOTAL THIS MO.    57
DPTR FM NORMAL    15    [PRESSURE DATA]
TOTAL FM JAN 1   170    HIGHEST SLP 30.04 ON 27
DPTR FM NORMAL    88    LOWEST  SLP 29.77 ON 14

[REMARKS]
#FINAL-06-15#
