000
CXUS55 KLBF 011200
CF6LBF
PRELIMINARY LOCAL CLIMATOLOGICAL DATA (WS FORM: F-6)

                                          STATION:   NORTH PLATTE NE
                                          MONTH:     APRIL
                                          YEAR:      2016
                                          LATITUDE:   41  7 N
                                          LONGITUDE: 100 41 W

  TEMPERATURE IN F:       :PCPN:    SNOW:  WIND      :SUNSHINE: SKY     :PK WND
================================================================================
1   2   3   4   5  6A  6B    7    8   9   10  11  12  13   14  15   16   17  18
                                     12Z  AVG MX 2MIN
DY MAX MIN AVG DEP HDD CDD  WTR  SNW DPTH SPD SPD DIR MIN PSBL S-S WX    SPD DR
================================================================================

 1  47  25  36  -7  29   0    T    T    0 13.9 30 330   M    M   5        39 320
 2  66  23  45   2  20   0 0.00  0.0    0  8.8 18 320   M    M   2 8      24 300
 3  78  28  53   9  12   0 0.00  0.0    0  9.9 31 320   M    M   1        38 310
 4  71  29  50   6  15   0 0.00  0.0    0  9.8 20 170   M    M   0        28 170
 5  73  43  58  14   7   0 0.00  0.0    0 13.0 32 320   M    M   1 8      40 320
 6  67  40  54  10  11   0    T  0.0    0 19.9 35 310   M    M   3        45 330
 7  62  28  45   0  20   0 0.00  0.0    0 18.9 37 320   M    M   3        49 340
 8  68  25  47   2  18   0 0.00  0.0    0  9.0 22 330   M    M   0        27 310
 9  74  26  50   5  15   0 0.00  0.0    0 11.3 23 170   M    M   0        30 150
10  62  43  53   7  12   0 0.05  0.0    0 12.8 25  10   M    M   4        33  10
11  60  32  46   0  19   0 0.00  0.0    0  5.2 14  10   M    M   7 8      19  10
12  72  34  53   7  12   0 0.00  0.0    0 13.8 28 190   M    M   0        37 170
13  79  35  57  10   8   0 0.00  0.0    0  7.3 21 170   M    M   0        26 170
14  75  48  62  15   3   0 0.00  0.0    0 15.5 28 170   M    M   2        38 160
15  65  52  59  12   6   0 1.51  0.0    0 13.5 35 150   M    M   6 13     49 160
16  52  38  45  -3  20   0 1.49  0.0    0 18.1 39  20   M    M  10 1      48  30
17  41  36  39  -9  26   0 0.33  0.0    0 13.4 33  30   M    M  10 1      41  30
18  51  37  44  -4  21   0 0.04  0.0    0  7.6 16 340   M    M   9 1      20 330
19  57  33  45  -4  20   0 0.00  0.0    0  4.3 14 180   M    M   7 1      18 160
20  55  36  46  -3  19   0 0.04  0.0    0  6.1 16 350   M    M   9 12     20 350
21  73  33  53   4  12   0 0.00  0.0    0 10.5 22 360   M    M   1 1      28 320
22  73  32  53   3  12   0 0.00  0.0    0  8.3 22 170   M    M   0        27 160
23  81  50  66  16   0   1 0.00  0.0    0 15.4 28 170   M    M   0        38 180
24  74  47  61  11   4   0    T  0.0    0 14.3 29 280   M    M   2        38 200
25  71  36  54   3  11   0 0.00  0.0    0  8.5 24 340   M    M   0        31 330
26  53  41  47  -4  18   0 0.11    T    0 15.9 26  10   M    M   9 13     33  10
27  44  33  39 -13  26   0 0.39  0.0    0 19.4 35 320   M    M   9 1      46 310
28  48  30  39 -13  26   0 0.05  0.0    0  7.6 20 350   M    M   6        26 340
29  44  33  39 -13  26   0 0.70  0.2    0 11.0 22  50   M    M   9 1      26  50
30  38  32  35 -18  30   0 0.65  2.3    T 14.4 25  10   M    M  10 1      33  10
================================================================================
SM 1874 1058       478   1  5.36     2.5 357.4          M      125
================================================================================
AV 62.5 35.3                              11.9 FASTST   M    M   4    MAX(MPH)
                                 MISC ---->  # 39  20               # 49  340
================================================================================
NOTES:
# LAST OF SEVERAL OCCURRENCES

COLUMN 17 PEAK WIND IN M.P.H.

PRELIMINARY LOCAL CLIMATOLOGICAL DATA (WS FORM: F-6) , PAGE 2

                                          STATION:  NORTH PLATTE NE
                                          MONTH:    APRIL
                                          YEAR:     2016
                                          LATITUDE:   41  7 N
                                          LONGITUDE: 100 41 W

[TEMPERATURE DATA]      [PRECIPITATION DATA]       SYMBOLS USED IN COLUMN 16

AVERAGE MONTHLY: 48.9   TOTAL FOR MONTH:   5.36    1 = FOG OR MIST
DPTR FM NORMAL:   1.3   DPTR FM NORMAL:    3.09    2 = FOG REDUCING VISIBILITY
HIGHEST:    81 ON 23    GRTST 24HR  2.59 ON 15-16      TO 1/4 MILE OR LESS
LOWEST:     23 ON  2                               3 = THUNDER
                        SNOW, ICE PELLETS, HAIL    4 = ICE PELLETS
                        TOTAL MONTH:   2.5 INCHES  5 = HAIL
                        GRTST 24HR   2.3 ON   M    6 = FREEZING RAIN OR DRIZZLE
                        GRTST DEPTH:   T           7 = DUSTSTORM OR SANDSTORM:
                                                       VSBY 1/2 MILE OR LESS
                                                   8 = SMOKE OR HAZE
[NO. OF DAYS WITH]      [WEATHER - DAYS WITH]      9 = BLOWING SNOW
                                                   X = TORNADO
MAX 32 OR BELOW:   0    0.01 INCH OR MORE:  11
MAX 90 OR ABOVE:   0    0.10 INCH OR MORE:   7
MIN 32 OR BELOW:  11    0.50 INCH OR MORE:   4
MIN  0 OR BELOW:   0    1.00 INCH OR MORE:   2

[HDD (BASE 65) ]
TOTAL THIS MO.   478    CLEAR  (SCALE 0-3)  16
DPTR FM NORMAL   -47    PTCLDY (SCALE 4-7)   6
TOTAL FM JUL 1  5441    CLOUDY (SCALE 8-10)  8
DPTR FM NORMAL  -949

[CDD (BASE 65) ]
TOTAL THIS MO.     1
DPTR FM NORMAL    -2    [PRESSURE DATA]
TOTAL FM JAN 1     1    HIGHEST SLP 30.36 ON 17
DPTR FM NORMAL    -2    LOWEST  SLP 29.44 ON 23

[REMARKS]
#FINAL-04-16#
