000
CXUS52 KILM 250338
CF6LBT
PRELIMINARY LOCAL CLIMATOLOGICAL DATA (WS FORM: F-6)

                                          STATION:   LUMBERTON NORTH CAROLINA
                                          MONTH:     FEBRUARY
                                          YEAR:      2017
                                          LATITUDE:   34 35 N
                                          LONGITUDE:  79  4 W

  TEMPERATURE IN F:       :PCPN:    SNOW:  WIND      :SUNSHINE: SKY     :PK WND
================================================================================
1   2   3   4   5  6A  6B    7    8   9   10  11  12  13   14  15   16   17  18
                                     12Z  AVG MX 2MIN
DY MAX MIN AVG DEP HDD CDD  WTR  SNW DPTH SPD SPD DIR MIN PSBL S-S WX    SPD DR
================================================================================

 1  76  50  63  19   2   0 0.00    M    M  9.7 24 260   M    M   0        29 260
 2  72  43  58  14   7   0 0.01    M    M  5.9 14  30   M    M   3        19 230
 3  55  40  48   3  17   0 0.04    M    M  8.8 15 350   M    M  10        21 360
 4  47  28  38  -7  27   0 0.00    M    M  6.6 20  40   M    M   1        24  40
 5  61  34  48   3  17   0    T    M    M  5.1 17 240   M    M   5        24 240
 6  69  31  50   5  15   0 0.00    M    M  2.7  9 220   M    M   2 128    18 110
 7  75  46  61  16   4   0 0.00    M    M  7.9 18 200   M    M   1 1      26 220
 8  71  57  64  19   1   0 0.21    M    M  7.6 18 270   M    M   4 1      24 250
 9  64  36  50   4  15   0 0.14    M    M 15.4 30 310   M    M   4 13     39 310
10  52  27  40  -6  25   0 0.00    M    M  4.7 14 230   M    M   0        19 230
11  75  42  59  13   6   0 0.00    M    M 10.8 22 240   M    M   1        29 240
12  81  62  72  26   0   7 0.00    M    M 12.8 25 240   M    M   4        36 220
13  67  35  51   5  14   0 0.00    M    M  8.3 24 330   M    M   0        32 340
14  69  29  49   3  16   0 0.00    M    M  4.6 17 220   M    M   1        22 190
15  62  42  52   5  13   0 0.69    M    M  8.0 24 340   M    M   4 13     31 340
16  57  31  44  -3  21   0 0.00    M    M  7.0 24 290   M    M   2        31 280
17  66  36  51   4  14   0 0.00    M    M  3.4 15 230   M    M   0        19 230
18  72  37  55   8  10   0    T    M    M  6.2 20 240   M    M   0        24 220
19  73  48  61  13   4   0    T    M    M  5.8 17 320   M    M   1        21 320
20  75  41  58  10   7   0 0.00    M    M  3.1 10 160   M    M   0        14  60
21  70  47  59  11   6   0 0.00    M    M  5.5 13  60   M    M   2        16  60
22  76  52  64  16   1   0 0.00    M    M  5.4 14 120   M    M   M        18 110
23  76  53  65  17   0   0 0.00    M    M  4.8 15 110   M    M   1        19 130
================================================================================
SM 1561  947       242   7  1.09    M    160.1          M       46
================================================================================
AV 67.9 41.2                               7.0 FASTST   M    M   2    MAX(MPH)
                                 MISC ---->  # 30 310               # 39  310
================================================================================
NOTES:
# LAST OF SEVERAL OCCURRENCES

COLUMN 17 PEAK WIND IN M.P.H.

PRELIMINARY LOCAL CLIMATOLOGICAL DATA (WS FORM: F-6) , PAGE 2

                                          STATION:  LUMBERTON NORTH CAROLINA
                                          MONTH:    FEBRUARY
                                          YEAR:     2017
                                          LATITUDE:   34 35 N
                                          LONGITUDE:  79  4 W

[TEMPERATURE DATA]      [PRECIPITATION DATA]       SYMBOLS USED IN COLUMN 16

AVERAGE MONTHLY: 54.5   TOTAL FOR MONTH:   1.09    1 = FOG OR MIST
DPTR FM NORMAL:   8.3   DPTR FM NORMAL:   -1.26    2 = FOG REDUCING VISIBILITY
HIGHEST:    81 ON 12    GRTST 24HR  0.69 ON 14-15      TO 1/4 MILE OR LESS
LOWEST:     27 ON 10                               3 = THUNDER
                        SNOW, ICE PELLETS, HAIL    4 = ICE PELLETS
                        TOTAL MONTH:    M          5 = HAIL
                        GRTST 24HR    M  ON   M    6 = FREEZING RAIN OR DRIZZLE
                        GRTST DEPTH:  M  ON   M    7 = DUSTSTORM OR SANDSTORM:
                                                       VSBY 1/2 MILE OR LESS
                                                   8 = SMOKE OR HAZE
[NO. OF DAYS WITH]      [WEATHER - DAYS WITH]      9 = BLOWING SNOW
                                                   X = TORNADO
MAX 32 OR BELOW:   0    0.01 INCH OR MORE:   5
MAX 90 OR ABOVE:   0    0.10 INCH OR MORE:   3
MIN 32 OR BELOW:   5    0.50 INCH OR MORE:   1
MIN  0 OR BELOW:   0    1.00 INCH OR MORE:   0

[HDD (BASE 65) ]
TOTAL THIS MO.   242    CLEAR  (SCALE 0-3)  16
DPTR FM NORMAL  -190    PTCLDY (SCALE 4-7)   5
TOTAL FM JUL 1  1615    CLOUDY (SCALE 8-10)  1
DPTR FM NORMAL  -536

[CDD (BASE 65) ]
TOTAL THIS MO.     7
DPTR FM NORMAL     7    [PRESSURE DATA]
TOTAL FM JAN 1     7    HIGHEST SLP M ON M
DPTR FM NORMAL     6    LOWEST  SLP 29.49 ON 15

[REMARKS]
CORRECTED DATA FOR FEB 22
