000
CXUS52 KILM 011000
CF6LBT
PRELIMINARY LOCAL CLIMATOLOGICAL DATA (WS FORM: F-6)

                                          STATION:   LUMBERTON NC
                                          MONTH:     JUNE
                                          YEAR:      2015
                                          LATITUDE:   34 35 N
                                          LONGITUDE:  79  4 W

  TEMPERATURE IN F:       :PCPN:    SNOW:  WIND      :SUNSHINE: SKY     :PK WND
================================================================================
1   2   3   4   5  6A  6B    7    8   9   10  11  12  13   14  15   16   17  18
                                     12Z  AVG MX 2MIN
DY MAX MIN AVG DEP HDD CDD  WTR  SNW DPTH SPD SPD DIR MIN PSBL S-S WX    SPD DR
================================================================================

 1  95  68  82   8   0  17 0.23    M    M  4.8 20 260   M    M   2 13     26 240
 2  88  67  78   3   0  13 0.52    M    M  4.1 16 160   M    M   2 13     23 150
 3  82  66  74  -1   0   9 0.42    M    M  4.0 12  20   M    M   5 13     14 320
 4  80  66  73  -2   0   8 0.02    M    M  6.7 12 340   M    M   7 1      15  20
 5  85  65  75  -1   0  10 0.00    M    M  4.7 12 320   M    M   7 18     14 300
 6  94  64  79   3   0  14 0.00    M    M  3.8 13  40   M    M   2 128    15  50
 7  89  67  78   2   0  13 0.00    M    M  5.8 13 150   M    M   1 1      17 150
 8  93  63  78   2   0  13 0.00    M    M  6.5 15 230   M    M   1 1      20 180
 9  93  69  81   4   0  16 0.96    M    M  7.9 20 100   M    M   4 138    27 220
10  90  69  80   3   0  15    T    M    M  4.3 13 160   M    M   2 13     18 150
11  94  72  83   6   0  18 0.00    M    M  5.8 14 150   M    M   1 1      18 160
12  96  72  84   7   0  19    T    M    M  8.2 17 250   M    M   2 1      22 250
13 100  74  87   9   0  22 0.00    M    M  5.8 17 270   M    M   1 3      22 270
14 101  74  88  10   0  23 0.00    M    M  3.9 15  10   M    M   0        20  10
15 104  73  89  11   0  24 0.00    M    M  4.1 12 290   M    M   0 8      16 240
16 103  74  89  11   0  24 0.00    M    M  4.1 10 280   M    M   0 18      M  M
17 101  74  88  10   0  23 0.00    M    M  4.9 15  30   M    M   0 38     19  10
18 104  75  90  11   0  25 0.00    M    M  5.1 25 250   M    M   1 138    31 260
19  98  73  86   7   0  21 0.72    M    M  5.4 24 250   M    M   3 13     28 260
20  96  73  85   6   0  20 0.00    M    M  7.1 21 230   M    M   1        31 180
21  98  77  88   9   0  23 0.00    M    M  6.5 15 260   M    M   0        34 210
22 102  75  89  10   0  24 0.00    M    M  3.8 14 160   M    M   0 1      22  80
23  99  76  88   8   0  23 0.00    M    M  7.5 17 230   M    M   0        23 240
24 100  77  89   9   0  24 0.01    M    M  6.5 24 130   M    M   2 38     32 130
25  96  73  85   5   0  20 0.00    M    M  6.5 15 250   M    M   0        18 150
26 101  72  87   7   0  22 0.94    M    M  9.2 33  30   M    M   0 138    41  30
27  87  72  80   0   0  15 2.24    M    M  7.0 33 220   M    M   4 13     43 210
28  86  72  79  -1   0  14 0.00    M    M  6.9 15 240   M    M   3        19 230
29  90  70  80   0   0  15 0.00    M    M  3.5 13 240   M    M   3 12     17 250
30  93  70  82   1   0  17 0.18    M    M  6.4 28 250   M    M   0 138    36 260
================================================================================
SM 2838 2132         0 544  6.24    M    170.8          M       54
================================================================================
AV 94.6 71.1                               5.7 FASTST   M    M   2    MAX(MPH)
                                 MISC ---->  # 33  30               # 43  210
================================================================================
NOTES:
# LAST OF SEVERAL OCCURRENCES

COLUMN 17 PEAK WIND IN M.P.H.

PRELIMINARY LOCAL CLIMATOLOGICAL DATA (WS FORM: F-6) , PAGE 2

                                          STATION:  LUMBERTON NC
                                          MONTH:    JUNE
                                          YEAR:     2015
                                          LATITUDE:   34 35 N
                                          LONGITUDE:  79  4 W

[TEMPERATURE DATA]      [PRECIPITATION DATA]       SYMBOLS USED IN COLUMN 16

AVERAGE MONTHLY: 82.8   TOTAL FOR MONTH:   6.24    1 = FOG OR MIST
DPTR FM NORMAL:   4.8   DPTR FM NORMAL:    1.90    2 = FOG REDUCING VISIBILITY
HIGHEST:   104 ON 18,15 GRTST 24HR  3.18 ON 26-27      TO 1/4 MILE OR LESS
LOWEST:     63 ON  8                               3 = THUNDER
                        SNOW, ICE PELLETS, HAIL    4 = ICE PELLETS
                        TOTAL MONTH:    M          5 = HAIL
                        GRTST 24HR    M  ON   M    6 = FREEZING RAIN OR DRIZZLE
                        GRTST DEPTH:  M  ON   M    7 = DUSTSTORM OR SANDSTORM:
                                                       VSBY 1/2 MILE OR LESS
                                                   8 = SMOKE OR HAZE
[NO. OF DAYS WITH]      [WEATHER - DAYS WITH]      9 = BLOWING SNOW
                                                   X = TORNADO
MAX 32 OR BELOW:   0    0.01 INCH OR MORE:  10
MAX 90 OR ABOVE:  23    0.10 INCH OR MORE:   8
MIN 32 OR BELOW:   0    0.50 INCH OR MORE:   5
MIN  0 OR BELOW:   0    1.00 INCH OR MORE:   1

[HDD (BASE 65) ]
TOTAL THIS MO.     0    CLEAR  (SCALE 0-3)  24
DPTR FM NORMAL     0    PTCLDY (SCALE 4-7)   6
TOTAL FM JUL 1  2778    CLOUDY (SCALE 8-10)  0
DPTR FM NORMAL    17

[CDD (BASE 65) ]
TOTAL THIS MO.   544
DPTR FM NORMAL   156    [PRESSURE DATA]
TOTAL FM JAN 1   883    HIGHEST SLP 30.12 ON  7
DPTR FM NORMAL   245    LOWEST  SLP 29.74 ON 27

[REMARKS]
#FINAL-06-15#
