000
CXUS54 KLCH 251411
CF6LCH
PRELIMINARY LOCAL CLIMATOLOGICAL DATA (WS FORM: F-6)

                                          STATION:   LAKE CHARLES
                                          MONTH:     MAY
                                          YEAR:      2015
                                          LATITUDE:   30  7 N
                                          LONGITUDE:  93 13 W

  TEMPERATURE IN F:       :PCPN:    SNOW:  WIND      :SUNSHINE: SKY     :PK WND
================================================================================
1   2   3   4   5  6A  6B    7    8   9   10  11  12  13   14  15   16   17  18
                                     12Z  AVG MX 2MIN
DY MAX MIN AVG DEP HDD CDD  WTR  SNW DPTH SPD SPD DIR MIN PSBL S-S WX    SPD DR
================================================================================

 1  85  59  72   0   0   7 0.00  0.0    0  4.1 10 310   M    M   3        13 270
 2  82  60  71  -1   0   6 0.00  0.0    0  3.3 13 220   M    M   3        17 210
 3  81  60  71  -1   0   6 0.00  0.0    0  4.7 16 190   M    M   1 1      20 180
 4  83  61  72  -1   0   7 0.70  0.0    0  7.1 17 150   M    M   1 1      26 100
 5  84  70  77   4   0  12 0.00  0.0    0 13.4 25 140   M    M   4 18     32 130
 6  84  66  75   2   0  10 0.00  0.0    0  9.5 20 140   M    M   2        26 130
 7  85  70  78   4   0  13 0.00  0.0    0  9.7 18 160   M    M   5        26 140
 8  85  74  80   6   0  15 0.00  0.0    0 10.4 20 160   M    M   8        24 150
 9  85  76  81   7   0  16    T  0.0    0 11.7 22 160   M    M   8 1      29 150
10  87  76  82   8   0  17 0.00  0.0    0 14.2 25 150   M    M   8 1      33 140
11  84  65  75   1   0  10 0.61  0.0    0  8.0 26 360   M    M   8 138    37  10
12  83  68  76   1   0  11    T  0.0    0  8.9 16  70   M    M   3        20  70
13  82  71  77   2   0  12 0.00  0.0    0  6.7 17 130   M    M   3 3      21 130
14  87  72  80   5   0  15 0.00  0.0    0  6.0 15 150   M    M   2 1      19 180
15  86  73  80   4   0  15    T  0.0    0  6.4 15 150   M    M   3 13     21 190
16  87  76  82   6   0  17    T  0.0    0 11.0 20 160   M    M   6 18     27 160
17  87  78  83   7   0  18 0.26  0.0    0 11.1 21 160   M    M   9 13     29 160
18  85  69  77   1   0  12    T  0.0    0  9.1 24  20   M    M   4 13     30  10
19  86  69  78   2   0  13 0.00  0.0    0  5.8 13 220   M    M   5 123    19 230
20  88  71  80   3   0  15 0.00  0.0    0  4.6 12 210   M    M   1 1      17 240
21  89  65  77   0   0  12 1.39  0.0    0  5.6 33  20   M    M   4 13     44  10
22  81  62  72  -5   0   7 0.00  0.0    0  9.5 16  40   M    M   7        21  50
23  87  69  78   1   0  13 0.03  0.0    0  9.1 23 130   M    M   2 138    30 130
24   M   M   M   M   M   M    M    M    M   M   M   M   M    M   M 138     M  M
================================================================================
SM 1953 1580         0 279  2.99     0.0 189.9          M      100
================================================================================
AV 84.9 68.7                               8.3 FASTST   M    M   4    MAX(MPH)
                                 MISC ---->  # 33  20               # 44   10
================================================================================
NOTES:
# LAST OF SEVERAL OCCURRENCES

COLUMN 17 PEAK WIND IN M.P.H.

PRELIMINARY LOCAL CLIMATOLOGICAL DATA (WS FORM: F-6) , PAGE 2

                                          STATION:  LAKE CHARLES
                                          MONTH:    MAY
                                          YEAR:     2015
                                          LATITUDE:   30  7 N
                                          LONGITUDE:  93 13 W

[TEMPERATURE DATA]      [PRECIPITATION DATA]       SYMBOLS USED IN COLUMN 16

AVERAGE MONTHLY: 76.8   TOTAL FOR MONTH:   2.99    1 = FOG OR MIST
DPTR FM NORMAL:   2.0   DPTR FM NORMAL:   -0.87    2 = FOG REDUCING VISIBILITY
HIGHEST:    89 ON 21    GRTST 24HR  1.39 ON 21-21      TO 1/4 MILE OR LESS
LOWEST:     59 ON  1                               3 = THUNDER
                        SNOW, ICE PELLETS, HAIL    4 = ICE PELLETS
                        TOTAL MONTH:   0.0 INCH    5 = HAIL
                        GRTST 24HR     0.0         6 = FREEZING RAIN OR DRIZZLE
                        GRTST DEPTH:   0           7 = DUSTSTORM OR SANDSTORM:
                                                       VSBY 1/2 MILE OR LESS
                                                   8 = SMOKE OR HAZE
[NO. OF DAYS WITH]      [WEATHER - DAYS WITH]      9 = BLOWING SNOW
                                                   X = TORNADO
MAX 32 OR BELOW:   0    0.01 INCH OR MORE:   5
MAX 90 OR ABOVE:   0    0.10 INCH OR MORE:   4
MIN 32 OR BELOW:   0    0.50 INCH OR MORE:   3
MIN  0 OR BELOW:   0    1.00 INCH OR MORE:   1

[HDD (BASE 65) ]
TOTAL THIS MO.     0    CLEAR  (SCALE 0-3)   9
DPTR FM NORMAL     0    PTCLDY (SCALE 4-7)  11
TOTAL FM JUL 1  1543    CLOUDY (SCALE 8-10)  3
DPTR FM NORMAL    54

[CDD (BASE 65) ]
TOTAL THIS MO.   279
DPTR FM NORMAL    42    [PRESSURE DATA]
TOTAL FM JAN 1   538    HIGHEST SLP M ON M
DPTR FM NORMAL    93    LOWEST  SLP 29.94 ON  9

[REMARKS]
