000
CXUS54 KLCH 280110
CF6LFT
PRELIMINARY LOCAL CLIMATOLOGICAL DATA (WS FORM: F-6)

                                          STATION:   LAFAYETTE
                                          MONTH:     MARCH
                                          YEAR:      2015
                                          LATITUDE:   30 12 N
                                          LONGITUDE:  92  0 W

  TEMPERATURE IN F:       :PCPN:    SNOW:  WIND      :SUNSHINE: SKY     :PK WND
================================================================================
1   2   3   4   5  6A  6B    7    8   9   10  11  12  13   14  15   16   17  18
                                     12Z  AVG MX 2MIN
DY MAX MIN AVG DEP HDD CDD  WTR  SNW DPTH SPD SPD DIR MIN PSBL S-S WX    SPD DR
================================================================================

 1  76  56  66   7   0   1 1.43  0.0    0  7.7 17 170   M    M  10 1      23 160
 2  64  53  59   0   6   0 0.05  0.0    0  5.6 10  20   M    M   8 12     13 360
 3  79  53  66   7   0   1    T  0.0    0  7.2 22 210   M    M   8 12     28 210
 4  80  66  73  13   0   8 0.00  0.0    0  9.8 23 190   M    M   9 1      30 200
 5  72  32  52  -8  13   0 0.08    T    0 19.7 30  10   M    M   8 14     40 360
 6  50  29  40 -20  25   0 0.00  0.0    0 12.0 21  20   M    M   0        27  40
 7  65  31  48 -12  17   0 0.00  0.0    0  3.4 10  40   M    M   1        13  30
 8  70  49  60   0   5   0 0.00  0.0    0  4.0 13  30   M    M   8        15 340
 9  70  54  62   1   3   0 0.05  0.0    0  6.1 13 180   M    M   9 18     18 180
10  71  60  66   5   0   1 0.67  0.0    0  5.4 20  10   M    M   9 13     23  10
11  63  59  61   0   4   0 0.33  0.0    0 10.3 16  30   M    M  10 1      22  30
12  71  60  66   5   0   1 0.70  0.0    0  6.8 15 160   M    M  10 123    20 160
13  72  62  67   5   0   2 0.11  0.0    0  8.4 20 230   M    M   7 1      24 240
14  75  60  68   6   0   3 0.00  0.0    0  7.2 16 260   M    M   6        21 250
15  79  58  69   7   0   4 0.00  0.0    0  4.6 14 200   M    M   1 1      19 190
16  82  58  70   8   0   5 0.00  0.0    0  4.1 12 280   M    M   1 1      14 200
17  83  60  72  10   0   7 0.00  0.0    0  5.5 14 310   M    M   0 18     19 250
18  76  65  71   8   0   6    T  0.0    0  4.2  9 220   M    M   2 1      16 280
19  82  65  74  11   0   9 0.00  0.0    0  3.9 14 190   M    M   6 1      17 200
20  84  66  75  12   0  10 0.00  0.0    0  3.3 12 340   M    M   6 12     15 260
21  81  65  73  10   0   8 0.36  0.0    0  4.8 13 360   M    M   9 18     15 210
22  78  61  70   6   0   5 0.00  0.0    0  9.1 17 330   M    M   8 1      23 340
23  70  57  64   0   1   0 0.00  0.0    0  9.5 18  10   M    M   8        24  30
24  75  56  66   2   0   1 0.00  0.0    0  3.6 12 220   M    M   4        17 190
25  79  55  67   3   0   2 0.00  0.0    0  4.0 14 180   M    M   2 1      19 180
26  75  56  66   2   0   1 0.14  0.0    0  6.7 23 360   M    M   8 13     30 360
================================================================================
SM 1922 1446        74  75  3.92    T    176.9          M      158
================================================================================
AV 73.9 55.6                               6.8 FASTST   M    M   6    MAX(MPH)
                                 MISC ---->  # 30  10               # 40  360
================================================================================
NOTES:
# LAST OF SEVERAL OCCURRENCES

COLUMN 17 PEAK WIND IN M.P.H.

PRELIMINARY LOCAL CLIMATOLOGICAL DATA (WS FORM: F-6) , PAGE 2

                                          STATION:  LAFAYETTE
                                          MONTH:    MARCH
                                          YEAR:     2015
                                          LATITUDE:   30 12 N
                                          LONGITUDE:  92  0 W

[TEMPERATURE DATA]      [PRECIPITATION DATA]       SYMBOLS USED IN COLUMN 16

AVERAGE MONTHLY: 64.8   TOTAL FOR MONTH:   3.92    1 = FOG OR MIST
DPTR FM NORMAL:   3.1   DPTR FM NORMAL:    0.71    2 = FOG REDUCING VISIBILITY
HIGHEST:    84 ON 20    GRTST 24HR  1.43 ON  1- 1      TO 1/4 MILE OR LESS
LOWEST:     29 ON  6                               3 = THUNDER
                        SNOW, ICE PELLETS, HAIL    4 = ICE PELLETS
                        TOTAL MONTH:    T          5 = HAIL
                        GRTST 24HR    T  ON  5- 5  6 = FREEZING RAIN OR DRIZZLE
                        GRTST DEPTH:   0           7 = DUSTSTORM OR SANDSTORM:
                                                       VSBY 1/2 MILE OR LESS
                                                   8 = SMOKE OR HAZE
[NO. OF DAYS WITH]      [WEATHER - DAYS WITH]      9 = BLOWING SNOW
                                                   X = TORNADO
MAX 32 OR BELOW:   0    0.01 INCH OR MORE:  10
MAX 90 OR ABOVE:   0    0.10 INCH OR MORE:   7
MIN 32 OR BELOW:   3    0.50 INCH OR MORE:   3
MIN  0 OR BELOW:   0    1.00 INCH OR MORE:   1

[HDD (BASE 65) ]
TOTAL THIS MO.    74    CLEAR  (SCALE 0-3)   7
DPTR FM NORMAL   -61    PTCLDY (SCALE 4-7)   8
TOTAL FM JUL 1  1517    CLOUDY (SCALE 8-10) 11
DPTR FM NORMAL   152

[CDD (BASE 65) ]
TOTAL THIS MO.    75
DPTR FM NORMAL    27    [PRESSURE DATA]
TOTAL FM JAN 1    80    HIGHEST SLP M ON M
DPTR FM NORMAL     0    LOWEST  SLP 29.85 ON  4

[REMARKS]
