000
CXUS54 KLCH 231204
CF6LFT
PRELIMINARY LOCAL CLIMATOLOGICAL DATA (WS FORM: F-6)

                                          STATION:   LAFAYETTE
                                          MONTH:     FEBRUARY
                                          YEAR:      2018
                                          LATITUDE:   30 12 N
                                          LONGITUDE:  92  0 W

  TEMPERATURE IN F:       :PCPN:    SNOW:  WIND      :SUNSHINE: SKY     :PK WND
================================================================================
1   2   3   4   5  6A  6B    7    8   9   10  11  12  13   14  15   16   17  18
                                     12Z  AVG MX 2MIN
DY MAX MIN AVG DEP HDD CDD  WTR  SNW DPTH SPD SPD DIR MIN PSBL S-S WX    SPD DR
================================================================================

 1  70  53  62   8   3   0    T  0.0    0  7.4 23  10   M    M   9 1      29  10
 2  57  45  51  -3  14   0 0.08    M    0 13.4 24  40   M    M  10 1      31  30
 3  64  44  54   0  11   0 0.02    M    0  5.4 16 200   M    M   9 1      22 200
 4  67  53  60   6   5   0 0.00  0.0    0 10.4 21 210   M    M   9 1      26 200
 5  65  48  57   3   8   0 0.00  0.0    0  5.4 12  40   M    M   7        16  40
 6  75  60  68  14   0   3    T  0.0    0  5.2 15 180   M    M   9 1      21 190
 7  70  42  56   2   9   0 0.98    M    0 14.3 23 350   M    M  10 13     29 330
 8  64  41  53  -1  12   0 0.00  0.0    0  7.7 20  30   M    M   6        24  40
 9  75  54  65  10   0   0 0.00  0.0    0  3.2 10 190   M    M   7        14 180
10  69  64  67  12   0   2 0.31  0.0    0  5.6 20 190   M    M  10 12     28 190
11  69  49  59   4   6   0 0.00  0.0    0  9.6 18 350   M    M   9 12     22 350
12  49  43  46  -9  19   0 0.00  0.0    0 13.8 21  20   M    M  10        27  20
13  72  45  59   4   6   0 0.01    M    0  4.3 14  40   M    M   9 1      16  40
14  79  64  72  16   0   7 0.00  0.0    0  5.8 17 190   M    M   7 12     22 190
15  79  65  72  16   0   7 0.00  0.0    0  9.9 22 230   M    M   7 12     27 240
16  81  67  74  18   0   9 0.00  0.0    0  9.1 18 230   M    M   6        24 220
17  78  63  71  15   0   6    T  0.0    0  9.4 17 220   M    M  10 1      26 230
18  78  62  70  14   0   5 0.00  0.0    0  6.2 16 200   M    M   6 1      21 200
19  81  67  74  17   0   9 0.00  0.0    0  8.7 21 200   M    M   3        30 190
20  81  70  76  19   0  11 0.00  0.0    0  9.6 23 180   M    M   7 8      32 180
21  79  70  75  18   0  10 0.13  0.0    0 11.7 23 180   M    M  10 13     35 170
22  82  71  77  20   0  12 0.00  0.0    0  9.7 21 180   M    M   6 1      28 170
================================================================================
SM 1584 1240        93  81  1.53     0.0 185.8          M      176
================================================================================
AV 72.0 56.4                               8.4 FASTST   M    M   8    MAX(MPH)
                                 MISC ---->  # 24  40               # 35  170
================================================================================
NOTES:
# LAST OF SEVERAL OCCURRENCES

COLUMN 17 PEAK WIND IN M.P.H.

PRELIMINARY LOCAL CLIMATOLOGICAL DATA (WS FORM: F-6) , PAGE 2

                                          STATION:  LAFAYETTE
                                          MONTH:    FEBRUARY
                                          YEAR:     2018
                                          LATITUDE:   30 12 N
                                          LONGITUDE:  92  0 W

[TEMPERATURE DATA]      [PRECIPITATION DATA]       SYMBOLS USED IN COLUMN 16

AVERAGE MONTHLY: 64.2   TOTAL FOR MONTH:   1.53    1 = FOG OR MIST
DPTR FM NORMAL:   9.0   DPTR FM NORMAL:   -2.06    2 = FOG REDUCING VISIBILITY
HIGHEST:    82 ON 22    GRTST 24HR  0.98 ON  7- 7      TO 1/4 MILE OR LESS
LOWEST:     41 ON  8                               3 = THUNDER
                        SNOW, ICE PELLETS, HAIL    4 = ICE PELLETS
                        TOTAL MONTH:   0.0 INCH    5 = HAIL
                        GRTST 24HR     0.0         6 = FREEZING RAIN OR DRIZZLE
                        GRTST DEPTH:   0           7 = DUSTSTORM OR SANDSTORM:
                                                       VSBY 1/2 MILE OR LESS
                                                   8 = SMOKE OR HAZE
[NO. OF DAYS WITH]      [WEATHER - DAYS WITH]      9 = BLOWING SNOW
                                                   X = TORNADO
MAX 32 OR BELOW:   0    0.01 INCH OR MORE:   6
MAX 90 OR ABOVE:   0    0.10 INCH OR MORE:   3
MIN 32 OR BELOW:   0    0.50 INCH OR MORE:   1
MIN  0 OR BELOW:   0    1.00 INCH OR MORE:   0

[HDD (BASE 65) ]
TOTAL THIS MO.    93    CLEAR  (SCALE 0-3)   1
DPTR FM NORMAL  -136    PTCLDY (SCALE 4-7)   9
TOTAL FM JUL 1  1190    CLOUDY (SCALE 8-10) 12
DPTR FM NORMAL     5

[CDD (BASE 65) ]
TOTAL THIS MO.    81
DPTR FM NORMAL    59    [PRESSURE DATA]
TOTAL FM JAN 1    81    HIGHEST SLP M ON M
DPTR FM NORMAL    45    LOWEST  SLP 29.87 ON 10

[REMARKS]
