000
CXUS51 KOKX 280703
CF6LGA
PRELIMINARY LOCAL CLIMATOLOGICAL DATA (WS FORM: F-6)

                                          STATION:   LAGUARDIA NY
                                          MONTH:     APRIL
                                          YEAR:      2016
                                          LATITUDE:   40 46 N
                                          LONGITUDE:  73 54 W

  TEMPERATURE IN F:       :PCPN:    SNOW:  WIND      :SUNSHINE: SKY     :PK WND
================================================================================
1   2   3   4   5  6A  6B    7    8   9   10  11  12  13   14  15   16   17  18
                                     12Z  AVG MX 2MIN
DY MAX MIN AVG DEP HDD CDD  WTR  SNW DPTH SPD SPD DIR MIN PSBL S-S WX    SPD DR
================================================================================

 1  79  56  68  21   0   3 0.01  0.0    0  9.3 22 230   M    M   9 13     28 230
 2  61  48  55   7  10   0 0.13    M    0  9.7 18 180   M    M   8        24 200
 3  50  35  43  -5  22   0 0.11    T    0 21.8 43 300   M    M   6        54 310
 4  45  31  38 -10  27   0 0.50    T    0 12.4 21  20   M    M  10 1      30  60
 5  43  27  35 -14  30   0 0.00  0.0    0 14.0 28  20   M    M   3        32  20
 6  48  32  40  -9  25   0 0.00  0.0    0 11.5 30 160   M    M   5        39 170
 7  60  47  54   4  11   0 0.15  0.0    0 14.6 31 170   M    M   8 18     43 170
 8  51  41  46  -4  19   0    T  0.0    0 14.9 26 270   M    M   6        36 270
 9  44  38  41  -9  24   0 0.07  0.0    0 11.4 24 330   M    M   8        32 310
10  50  33  42  -9  23   0 0.00  0.0    0 12.3 24 330   M    M   4        31 320
11  61  44  53   2  12   0 0.01  0.0    0 13.2 22 170   M    M   8        26 160
12  58  46  52   0  13   0 0.22  0.0    0 13.3 26 310   M    M   7 1      32 310
13  57  42  50  -2  15   0 0.00  0.0    0  7.7 17  20   M    M   2        21  30
14  61  43  52   0  13   0 0.00  0.0    0  8.4 16 160   M    M   2        23  60
15  63  44  54   1  11   0 0.00  0.0    0  6.2 16 160   M    M   1        20 170
16  65  45  55   2  10   0 0.00  0.0    0  6.5 16  40   M    M   5        24  60
17  74  48  61   8   4   0 0.00  0.0    0  5.8 15 170   M    M   2        17 160
18  80  49  65  11   0   0 0.00  0.0    0  4.7 18 180   M    M   5        22 180
19  69  56  63   9   2   0 0.00  0.0    0 12.1 24 320   M    M   7        30 320
20  67  51  59   5   6   0 0.00  0.0    0 10.4 18 340   M    M   1        24 330
21  70  50  60   5   5   0 0.00  0.0    0  9.9 18 160   M    M   6        23 170
22  78  61  70  15   0   5    T  0.0    0  8.3 16 170   M    M   8        22 170
23  69  55  62   7   3   0 0.14  0.0    0 10.6 21 350   M    M   7 1      25  10
24  67  48  58   2   7   0 0.00  0.0    0  9.8 20 170   M    M   3        24 160
25  68  51  60   4   5   0 0.00  0.0    0  7.1 14  60   M    M   7        20  60
26  57  47  52  -4  13   0 0.30  0.0    0 11.9 23  60   M    M   9 138    26  30
27  60  47  54  -3  11   0 0.00  0.0    0  7.9 17 160   M    M   7        21 160
================================================================================
SM 1655 1215       321   8  1.64    T    285.7          M      154
================================================================================
AV 61.3 45.0                              10.6 FASTST   M    M   6    MAX(MPH)
                                 MISC ---->  # 43 300               # 54  310
================================================================================
NOTES:
# LAST OF SEVERAL OCCURRENCES

COLUMN 17 PEAK WIND IN M.P.H.

PRELIMINARY LOCAL CLIMATOLOGICAL DATA (WS FORM: F-6) , PAGE 2

                                          STATION:  LAGUARDIA NY
                                          MONTH:    APRIL
                                          YEAR:     2016
                                          LATITUDE:   40 46 N
                                          LONGITUDE:  73 54 W

[TEMPERATURE DATA]      [PRECIPITATION DATA]       SYMBOLS USED IN COLUMN 16

AVERAGE MONTHLY: 53.1   TOTAL FOR MONTH:   1.64    1 = FOG OR MIST
DPTR FM NORMAL:   1.0   DPTR FM NORMAL:   -2.00    2 = FOG REDUCING VISIBILITY
HIGHEST:    80 ON 18    GRTST 24HR  0.50 ON  4- 4      TO 1/4 MILE OR LESS
LOWEST:     27 ON  5                               3 = THUNDER
                        SNOW, ICE PELLETS, HAIL    4 = ICE PELLETS
                        TOTAL MONTH:    T          5 = HAIL
                        GRTST 24HR    T  ON  4- 4  6 = FREEZING RAIN OR DRIZZLE
                        GRTST DEPTH:   0           7 = DUSTSTORM OR SANDSTORM:
                                                       VSBY 1/2 MILE OR LESS
                                                   8 = SMOKE OR HAZE
[NO. OF DAYS WITH]      [WEATHER - DAYS WITH]      9 = BLOWING SNOW
                                                   X = TORNADO
MAX 32 OR BELOW:   0    0.01 INCH OR MORE:  10
MAX 90 OR ABOVE:   0    0.10 INCH OR MORE:   7
MIN 32 OR BELOW:   3    0.50 INCH OR MORE:   1
MIN  0 OR BELOW:   0    1.00 INCH OR MORE:   0

[HDD (BASE 65) ]
TOTAL THIS MO.   321    CLEAR  (SCALE 0-3)   6
DPTR FM NORMAL   -32    PTCLDY (SCALE 4-7)  15
TOTAL FM JUL 1  3478    CLOUDY (SCALE 8-10)  6
DPTR FM NORMAL -1011

[CDD (BASE 65) ]
TOTAL THIS MO.     8
DPTR FM NORMAL     8    [PRESSURE DATA]
TOTAL FM JAN 1    13    HIGHEST SLP  0.00 ON  9
DPTR FM NORMAL    13    LOWEST  SLP 29.24 ON  2

[REMARKS]
