000
CXUS54 KFWD 230730
CF6LHB
PRELIMINARY LOCAL CLIMATOLOGICAL DATA (WS FORM: F-6)

                                          STATION:   HEARNE
                                          MONTH:     MARCH
                                          YEAR:      2017
                                          LATITUDE:   30 52 N
                                          LONGITUDE:  96 36 W

  TEMPERATURE IN F:       :PCPN:    SNOW:  WIND      :SUNSHINE: SKY     :PK WND
================================================================================
1   2   3   4   5  6A  6B    7    8   9   10  11  12  13   14  15   16   17  18
                                     12Z  AVG MX 2MIN
DY MAX MIN AVG DEP HDD CDD  WTR  SNW DPTH SPD SPD DIR MIN PSBL S-S WX    SPD DR
================================================================================

 1  71  44  58   M   7   0 0.00  0.0    0 12.7 27 330   M    M   3 1      33 330
 2  66  37  52   M  13   0 0.00  0.0    0  5.3 12  60   M    M   0        18  60
 3  71  33  52   M  13   0 0.00  0.0    0  4.3 10 130   M    M   2        20 100
 4  59  49  54   M  11   0 0.21  0.0    0  4.9  9 110   M    M   9         M  M
 5  71  54  63   M   2   0 0.27  0.0    0  6.6 10 130   M    M  10        18 130
 6  82  66  74   M   0   9 0.00  0.0    0 13.3 24 160   M    M   9        31 160
 7  71  59  65   M   0   0 0.00  0.0    0  7.7 15 360   M    M   7 1      24 360
 8  75  57  66   M   0   1 0.00  0.0    0  4.6  8 140   M    M   9         M  M
 9  78  64  71   M   0   6 0.04  0.0    0  7.1 13 150   M    M   8 1       M  M
10  81  60  71   M   0   6 0.02  0.0    0  3.4 10  60   M    M   6 123     M  M
11  73  55  64   M   1   0 0.26  0.0    0  3.8 13  20   M    M   8        25  20
12  55  44  50   M  15   0 0.04  0.0    0  6.9 12 360   M    M   9 1      20 360
13  64  46  55   M  10   0 0.00  0.0    0  6.8 16 350   M    M   6 1      23 350
14  67  35  51   M  14   0 0.00  0.0    0  3.2  8 150   M    M   0         M  M
15  71  46  59   M   6   0 0.00  0.0    0  4.7 12 130   M    M   1        18 130
16  77  55  66   M   0   1 0.00  0.0    0  9.1 16 150   M    M   7        23 140
17  80  65  73   M   0   8 0.00  0.0    0 12.5 22 160   M    M   7        27 160
18  82  63  73   M   0   8 0.00  0.0    0  5.2  9 160   M    M   6 1       M  M
19  82  64  73   M   0   8 0.00  0.0    0  6.9 14 160   M    M   5        20 160
20  83  62  73   M   0   8 0.00  0.0    0 10.4 16 180   M    M   4        22 180
21  83  61  72   M   0   7 0.00  0.0    0  9.4 14 160   M    M   2        21 170
22  82  64  73   M   0   8 0.00  0.0    0  7.0 13 150   M    M   5        17 150
================================================================================
SM 1624 1183        92  70  0.84     0.0 155.8          M      123
================================================================================
AV 73.8 53.8                               7.1 FASTST   M    M   6    MAX(MPH)
                                 MISC ---->  # 27 330                 33    M
================================================================================
NOTES:
# LAST OF SEVERAL OCCURRENCES

COLUMN 17 PEAK WIND IN M.P.H.

PRELIMINARY LOCAL CLIMATOLOGICAL DATA (WS FORM: F-6) , PAGE 2

                                          STATION:  HEARNE
                                          MONTH:    MARCH
                                          YEAR:     2017
                                          LATITUDE:   30 52 N
                                          LONGITUDE:  96 36 W

[TEMPERATURE DATA]      [PRECIPITATION DATA]       SYMBOLS USED IN COLUMN 16

AVERAGE MONTHLY: 63.8   TOTAL FOR MONTH:   0.84    1 = FOG OR MIST
DPTR FM NORMAL:     M   DPTR FM NORMAL:       M    2 = FOG REDUCING VISIBILITY
HIGHEST:    83 ON 21,20 GRTST 24HR  0.27 ON  5- 5      TO 1/4 MILE OR LESS
LOWEST:     33 ON  3                               3 = THUNDER
                        SNOW, ICE PELLETS, HAIL    4 = ICE PELLETS
                        TOTAL MONTH:   0.0 INCH    5 = HAIL
                        GRTST 24HR     0.0         6 = FREEZING RAIN OR DRIZZLE
                        GRTST DEPTH:   0           7 = DUSTSTORM OR SANDSTORM:
                                                       VSBY 1/2 MILE OR LESS
                                                   8 = SMOKE OR HAZE
[NO. OF DAYS WITH]      [WEATHER - DAYS WITH]      9 = BLOWING SNOW
                                                   X = TORNADO
MAX 32 OR BELOW:   0    0.01 INCH OR MORE:   6
MAX 90 OR ABOVE:   0    0.10 INCH OR MORE:   3
MIN 32 OR BELOW:   0    0.50 INCH OR MORE:   0
MIN  0 OR BELOW:   0    1.00 INCH OR MORE:   0

[HDD (BASE 65) ]
TOTAL THIS MO.    92    CLEAR  (SCALE 0-3)   6
DPTR FM NORMAL     M    PTCLDY (SCALE 4-7)  11
TOTAL FM JUL 1  1094    CLOUDY (SCALE 8-10)  5
DPTR FM NORMAL     M

[CDD (BASE 65) ]
TOTAL THIS MO.    70
DPTR FM NORMAL     M    [PRESSURE DATA]
TOTAL FM JAN 1   168    HIGHEST SLP M ON M
DPTR FM NORMAL     M    LOWEST  SLP M ON M

[REMARKS]
