000
CXUS54 KLZK 301330
CF6LLQ
PRELIMINARY LOCAL CLIMATOLOGICAL DATA (WS FORM: F-6)

                                          STATION:   Monticello
                                          MONTH:     AUGUST
                                          YEAR:      2014
                                          LATITUDE:   33 37 N
                                          LONGITUDE:  91 45 W

  TEMPERATURE IN F:       :PCPN:    SNOW:  WIND      :SUNSHINE: SKY     :PK WND
================================================================================
1   2   3   4   5  6A  6B    7    8   9   10  11  12  13   14  15   16   17  18
                                     12Z  AVG MX 2MIN
DY MAX MIN AVG DEP HDD CDD  WTR  SNW DPTH SPD SPD DIR MIN PSBL S-S WX    SPD DR
================================================================================

 1  74  69  72 -10   0   7 0.56  0.0    0  3.3  9  60   M    M  10 1      12  60
 2  83  70  77  -5   0  12 0.00  0.0    0  1.8 10  40   M    M   8 1      14  50
 3  88  72  80  -2   0  15 0.01  0.0    0  3.0 10  50   M    M   7 138    14  40
 4  91  70  81  -1   0  16 0.00  0.0    0  3.6 14  70   M    M   2 1      17  50
 5  92  68  80  -2   0  15 0.00  0.0    0  1.8  7 100   M    M   1 18      9  50
 6  93  71  82   0   0  17 0.00  0.0    0  1.6  8 270   M    M   2 18     12 260
 7  93  74  84   2   0  19 0.20  0.0    0  4.8 14 280   M    M   2 1      20 260
 8  89  76  83   1   0  18 0.02  0.0    0  5.4 14 210   M    M   3 13     19 250
 9  88  74  81  -1   0  16 0.00  0.0    0  4.6 12 280   M    M   1        15 330
10  93  74  84   2   0  19 0.13  0.0    0  3.5 21 310   M    M   2 13     31 330
11  89  74  82   0   0  17 0.28  0.0    0  5.6 14 280   M    M   3 13     23 300
12  85  66  76  -6   0  11 0.00  0.0    0  4.0 10  20   M    M   1 1      17  10
13  86  63  75  -7   0  10 0.00  0.0    0  2.1  9  60   M    M   1        13 100
14  87  61  74  -8   0   9 0.00  0.0    0  2.1 10  50   M    M   0        16 340
15  88  62  75  -7   0  10 0.00  0.0    0  2.0  9  90   M    M   1        12  80
16  93  70  82   0   0  17 0.00  0.0    0  6.2 13 190   M    M   2        18 180
17  94  77  86   4   0  21 0.00  0.0    0  8.6 15 270   M    M   2        23 280
18  88  69  79  -3   0  14 2.75  0.0    0  7.1 29  50   M    M   5 13     37  50
19  93  70  82   0   0  17 0.00  0.0    0  6.3 13 210   M    M   1        18 240
20  92  73  83   2   0  18 0.00  0.0    0  4.7 12 230   M    M   1        15 260
21  93  74  84   3   0  19 0.00  0.0    0  6.2 12 190   M    M   2        16 210
22  94  74  84   3   0  19 0.00  0.0    0  5.9 13 240   M    M   0        18 260
23  95  74  85   4   0  20 0.00  0.0    0  3.7  9 250   M    M   0        16 270
24  96  70  83   2   0  18 0.00  0.0    0  1.6  9 330   M    M   0        12 330
25  95  74  85   4   0  20    T  0.0    0  1.7 10  50   M    M   0 3      15  40
26  92  72  82   1   0  17 0.00  0.0    0  2.8 13  70   M    M   1 1      16  80
27  93  69  81   0   0  16 0.00  0.0    0  1.6  8 110   M    M   0        11 130
28  94  69  82   2   0  17 0.00  0.0    0  2.1 10  80   M    M   0        12 100
29  91  72  82   2   0  17    T  0.0    0  2.9 15 150   M    M   3 3      19 150
================================================================================
SM 2622 2051         0 461  3.95     0.0 110.6          M       61
================================================================================
AV 90.4 70.7                               3.8 FASTST   M    M   2    MAX(MPH)
                                 MISC ---->  # 29  50               # 37   50
================================================================================
NOTES:
# LAST OF SEVERAL OCCURRENCES

COLUMN 17 PEAK WIND IN M.P.H.

PRELIMINARY LOCAL CLIMATOLOGICAL DATA (WS FORM: F-6) , PAGE 2

                                          STATION:  Monticello
                                          MONTH:    AUGUST
                                          YEAR:     2014
                                          LATITUDE:   33 37 N
                                          LONGITUDE:  91 45 W

[TEMPERATURE DATA]      [PRECIPITATION DATA]       SYMBOLS USED IN COLUMN 16

AVERAGE MONTHLY: 80.6   TOTAL FOR MONTH:   3.95    1 = FOG OR MIST
DPTR FM NORMAL:  -1.0   DPTR FM NORMAL:    1.27    2 = FOG REDUCING VISIBILITY
HIGHEST:    96 ON 24    GRTST 24HR  2.75 ON 18-18      TO 1/4 MILE OR LESS
LOWEST:     61 ON 14                               3 = THUNDER
                        SNOW, ICE PELLETS, HAIL    4 = ICE PELLETS
                        TOTAL MONTH:   0.0 INCH    5 = HAIL
                        GRTST 24HR     0.0         6 = FREEZING RAIN OR DRIZZLE
                        GRTST DEPTH:   0           7 = DUSTSTORM OR SANDSTORM:
                                                       VSBY 1/2 MILE OR LESS
                                                   8 = SMOKE OR HAZE
[NO. OF DAYS WITH]      [WEATHER - DAYS WITH]      9 = BLOWING SNOW
                                                   X = TORNADO
MAX 32 OR BELOW:   0    0.01 INCH OR MORE:   7
MAX 90 OR ABOVE:  18    0.10 INCH OR MORE:   5
MIN 32 OR BELOW:   0    0.50 INCH OR MORE:   2
MIN  0 OR BELOW:   0    1.00 INCH OR MORE:   1

[HDD (BASE 65) ]
TOTAL THIS MO.     0    CLEAR  (SCALE 0-3)  25
DPTR FM NORMAL     0    PTCLDY (SCALE 4-7)   2
TOTAL FM JUL 1     0    CLOUDY (SCALE 8-10)  2
DPTR FM NORMAL     0

[CDD (BASE 65) ]
TOTAL THIS MO.   461
DPTR FM NORMAL   -19    [PRESSURE DATA]
TOTAL FM JAN 1  1593    HIGHEST SLP M ON M
DPTR FM NORMAL  -159    LOWEST  SLP 29.81 ON 18

[REMARKS]
ALL SNOWFALL DATA IS FROM THE UNIVERSITY OF ARKANSAS AT MONTICELLO COOPERATIVE OBSERVER SITE
