000
CXUS54 KLZK 231330
CF6LLQ
PRELIMINARY LOCAL CLIMATOLOGICAL DATA (WS FORM: F-6)

                                          STATION:   Monticello
                                          MONTH:     OCTOBER
                                          YEAR:      2014
                                          LATITUDE:   33 37 N
                                          LONGITUDE:  91 45 W

  TEMPERATURE IN F:       :PCPN:    SNOW:  WIND      :SUNSHINE: SKY     :PK WND
================================================================================
1   2   3   4   5  6A  6B    7    8   9   10  11  12  13   14  15   16   17  18
                                     12Z  AVG MX 2MIN
DY MAX MIN AVG DEP HDD CDD  WTR  SNW DPTH SPD SPD DIR MIN PSBL S-S WX    SPD DR
================================================================================

 1  89  69  79  10   0  14 0.07  0.0    0  5.4 15 170   M    M   4        22 150
 2  87  67  77   8   0  12 0.87  0.0    0  6.9 21 310   M    M   5 13     34 280
 3  78  56  67  -2   0   2 0.00  0.0    0  7.4 15 300   M    M   4        23 280
 4  72  45  59  -9   6   0 0.00  0.0    0  5.8 14 260   M    M   0        21 270
 5  81  52  67  -1   0   2 0.00  0.0    0  9.7 21 220   M    M   0        28 220
 6  81  61  71   3   0   6 0.15  0.0    0  7.4 17 230   M    M   2 13     24 230
 7  87  64  76   9   0  11 0.00  0.0    0  8.6 17 220   M    M   0        22 240
 8  85  69  77  10   0  12    T  0.0    0  3.9 10 240   M    M   1        13 230
 9  87  65  76  10   0  11    T  0.0    0  3.3 12 230   M    M   2        15 230
10  87  67  77  11   0  12 1.93  0.0    0  7.7 15  50   M    M   5 13     23 250
11  73  61  67   1   0   2 2.95  0.0    0  5.2 14 100   M    M  10 123    19 300
12  75  61  68   2   0   3 0.42  0.0    0  4.9 20 210   M    M   9 123    28 220
13  77  59  68   3   0   3 1.00  0.0    0  9.2 21 230   M    M   9 13     33 240
14  70  54  62  -3   3   0    T  0.0    0  9.3 18 260   M    M   4        26 290
15  73  48  61  -4   4   0 0.00  0.0    0  6.6 17 280   M    M   0        24 280
16  78  45  62  -2   3   0    T    M    0  4.9 10 200   M    M   0        14 190
17  83  62  73   9   0   8    T  0.0    0  6.1 14 250   M    M   0        20 220
18  72  50  61  -3   4   0    T  0.0    0  3.7 13  50   M    M   0        18  50
19  70  46  58  -5   7   0 0.00  0.0    0  2.5 13  70   M    M   0        18  80
20  74  45  60  -3   5   0 0.00  0.0    0  1.4  9 320   M    M   0        13 300
21  80  54  67   4   0   2 0.00  0.0    0  0.8  6  40   M    M   2         9  70
22  74  47  61  -1   4   0 0.00  0.0    0  3.6 14  50   M    M   0        16  50
================================================================================
SM 1733 1247        36 100  7.39     0.0 124.3          M       57
================================================================================
AV 78.8 56.7                               5.7 FASTST   M    M   3    MAX(MPH)
                                 MISC ---->  # 21 310               # 34  280
================================================================================
NOTES:
# LAST OF SEVERAL OCCURRENCES

COLUMN 17 PEAK WIND IN M.P.H.

PRELIMINARY LOCAL CLIMATOLOGICAL DATA (WS FORM: F-6) , PAGE 2

                                          STATION:  Monticello
                                          MONTH:    OCTOBER
                                          YEAR:     2014
                                          LATITUDE:   33 37 N
                                          LONGITUDE:  91 45 W

[TEMPERATURE DATA]      [PRECIPITATION DATA]       SYMBOLS USED IN COLUMN 16

AVERAGE MONTHLY: 67.7   TOTAL FOR MONTH:   7.39    1 = FOG OR MIST
DPTR FM NORMAL:   2.0   DPTR FM NORMAL:    4.20    2 = FOG REDUCING VISIBILITY
HIGHEST:    89 ON  1    GRTST 24HR  2.95 ON 11-11      TO 1/4 MILE OR LESS
LOWEST:     45 ON 20,16                            3 = THUNDER
                        SNOW, ICE PELLETS, HAIL    4 = ICE PELLETS
                        TOTAL MONTH:   0.0 INCH    5 = HAIL
                        GRTST 24HR     0.0         6 = FREEZING RAIN OR DRIZZLE
                        GRTST DEPTH:   0           7 = DUSTSTORM OR SANDSTORM:
                                                       VSBY 1/2 MILE OR LESS
                                                   8 = SMOKE OR HAZE
[NO. OF DAYS WITH]      [WEATHER - DAYS WITH]      9 = BLOWING SNOW
                                                   X = TORNADO
MAX 32 OR BELOW:   0    0.01 INCH OR MORE:   7
MAX 90 OR ABOVE:   0    0.10 INCH OR MORE:   6
MIN 32 OR BELOW:   0    0.50 INCH OR MORE:   4
MIN  0 OR BELOW:   0    1.00 INCH OR MORE:   3

[HDD (BASE 65) ]
TOTAL THIS MO.    36    CLEAR  (SCALE 0-3)  14
DPTR FM NORMAL   -29    PTCLDY (SCALE 4-7)   5
TOTAL FM JUL 1    37    CLOUDY (SCALE 8-10)  3
DPTR FM NORMAL   -42

[CDD (BASE 65) ]
TOTAL THIS MO.   100
DPTR FM NORMAL    18    [PRESSURE DATA]
TOTAL FM JAN 1  2066    HIGHEST SLP M ON M
DPTR FM NORMAL  -114    LOWEST  SLP 29.47 ON 13

[REMARKS]
ALL SNOWFALL DATA IS FROM THE UNIVERSITY OF ARKANSAS AT MONTICELLO COOPERATIVE OBSERVER SITE
