000
CXUS56 KMFR 211000
CF6LMT
PRELIMINARY LOCAL CLIMATOLOGICAL DATA (WS FORM: F-6)

                                          STATION:   KLAMATH FALLS OR
                                          MONTH:     SEPTEMBER
                                          YEAR:      2014
                                          LATITUDE:   42  9 N
                                          LONGITUDE: 121 44 W

  TEMPERATURE IN F:       :PCPN:    SNOW:  WIND      :SUNSHINE: SKY     :PK WND
================================================================================
1   2   3   4   5  6A  6B    7    8   9   10  11  12  13   14  15   16   17  18
                                     12Z  AVG MX 2MIN
DY MAX MIN AVG DEP HDD CDD  WTR  SNW DPTH SPD SPD DIR MIN PSBL S-S WX    SPD DR
================================================================================

 1  82  38  60  -2   5   0 0.00    M    M  3.5 10 340   M    M   0        13 330
 2  86  40  63   2   2   0 0.00    M    M  7.5 25 330   M    M   1 8      31 330
 3  76  37  57  -4   8   0 0.00    M    M  5.3 18 320   M    M   0 18     23 320
 4  80  40  60  -1   5   0 0.00    M    M  6.5 17  60   M    M   0        23  70
 5  84  46  65   5   0   0 0.00    M    M  6.8 13 330   M    M   0        16 330
 6  85  45  65   5   0   0 0.00    M    M  6.0 14 340   M    M   0        17 330
 7  85  38  62   2   3   0 0.00    M    M  2.7  9  20   M    M   0 8      14  30
 8  83  37  60   0   5   0 0.00    M    M  3.9 20 320   M    M   0 8      25 300
 9  79  36  58  -1   7   0 0.00    M    M  6.5 22 320   M    M   0        27 320
10  83  36  60   1   5   0 0.00    M    M  3.5 15 340   M    M   0        21 340
11  79  50  65   6   0   0 0.00    M    M  9.6 16 340   M    M   0        21 340
12  87  42  65   6   0   0 0.00    M    M  4.8 15 340   M    M   0        25 160
13  85  40  63   5   2   0 0.00    M    M  3.3 14 270   M    M   0        16 270
14  86  40  63   5   2   0 0.00    M    M  1.8 10 210   M    M   0 8      13 180
15  87  41  64   6   1   0 0.00    M    M  8.9 29 180   M    M   2        37 170
16  83  43  63   6   2   0 0.00    M    M  7.1 20 180   M    M   0        28 180
17  82  51  67  10   0   2 0.00    M    M 12.7 32 180   M    M   4        47 190
18  74  51  63   6   2   0 0.00    M    M  6.8 18 330   M    M   6        21 340
19  80  40  60   4   5   0 0.00    M    M  3.2 14 340   M    M   0 1      15 340
20  89  47  68  12   0   3 0.00    M    M  5.8 14 340   M    M   0        16 340
================================================================================
SM 1655  838        54   5  0.00    M    116.2          M       13
================================================================================
AV 82.8 41.9                               5.8 FASTST   M    M   1    MAX(MPH)
                                 MISC ---->  # 32 180               # 47  190
================================================================================
NOTES:
# LAST OF SEVERAL OCCURRENCES

COLUMN 17 PEAK WIND IN M.P.H.

PRELIMINARY LOCAL CLIMATOLOGICAL DATA (WS FORM: F-6) , PAGE 2

                                          STATION:  KLAMATH FALLS OR
                                          MONTH:    SEPTEMBER
                                          YEAR:     2014
                                          LATITUDE:   42  9 N
                                          LONGITUDE: 121 44 W

[TEMPERATURE DATA]      [PRECIPITATION DATA]       SYMBOLS USED IN COLUMN 16

AVERAGE MONTHLY: 62.3   TOTAL FOR MONTH:   0.00    1 = FOG OR MIST
DPTR FM NORMAL:   3.4   DPTR FM NORMAL:   -0.38    2 = FOG REDUCING VISIBILITY
HIGHEST:    89 ON 20    GRTST 24HR    T  ON  2- 3      TO 1/4 MILE OR LESS
LOWEST:     36 ON 10, 9                            3 = THUNDER
                        SNOW, ICE PELLETS, HAIL    4 = ICE PELLETS
                        TOTAL MONTH:    M          5 = HAIL
                        GRTST 24HR    M  ON   M    6 = FREEZING RAIN OR DRIZZLE
                        GRTST DEPTH:  M  ON   M    7 = DUSTSTORM OR SANDSTORM:
                                                       VSBY 1/2 MILE OR LESS
                                                   8 = SMOKE OR HAZE
[NO. OF DAYS WITH]      [WEATHER - DAYS WITH]      9 = BLOWING SNOW
                                                   X = TORNADO
MAX 32 OR BELOW:   0    0.01 INCH OR MORE:   0
MAX 90 OR ABOVE:   0    0.10 INCH OR MORE:   0
MIN 32 OR BELOW:   0    0.50 INCH OR MORE:   0
MIN  0 OR BELOW:   0    1.00 INCH OR MORE:   0

[HDD (BASE 65) ]
TOTAL THIS MO.    54    CLEAR  (SCALE 0-3)  18
DPTR FM NORMAL   -76    PTCLDY (SCALE 4-7)   2
TOTAL FM JUL 1   102    CLOUDY (SCALE 8-10)  0
DPTR FM NORMAL  -147

[CDD (BASE 65) ]
TOTAL THIS MO.     5
DPTR FM NORMAL    -4    [PRESSURE DATA]
TOTAL FM JAN 1   326    HIGHEST SLP M ON M
DPTR FM NORMAL   158    LOWEST  SLP  0.00 ON 17

[REMARKS]
