370
CXUS55 KRIW 280945
CF6LND
PRELIMINARY LOCAL CLIMATOLOGICAL DATA (WS FORM: F-6)

                                          STATION:   LANDER WY
                                          MONTH:     MAY
                                          YEAR:      2016
                                          LATITUDE:   42 49 N
                                          LONGITUDE: 108 44 W

  TEMPERATURE IN F:       :PCPN:    SNOW:  WIND      :SUNSHINE: SKY     :PK WND
================================================================================
1   2   3   4   5  6A  6B    7    8   9   10  11  12  13   14  15   16   17  18
                                     12Z  AVG MX 2MIN
DY MAX MIN AVG DEP HDD CDD  WTR  SNW DPTH SPD SPD DIR MIN PSBL S-S WX    SPD DR
================================================================================

 1  50  33  42  -6  23   0    T  0.0    0  5.2 14 360   M    M   7        17 360
 2  63  30  47  -2  18   0 0.00  0.0    0  4.6 18 240   M    M   0        21 240
 3  70  36  53   4  12   0 0.00  0.0    0  3.7 12 240   M    M   0        13  90
 4  77  43  60  10   5   0 0.00  0.0    0  6.7 21 220   M    M   0        28 220
 5  78  50  64  14   1   0 0.00  0.0    0  6.3 23 170   M    M   0        27 170
 6  62  47  55   5  10   0 0.69  0.0    0  8.0 21 150   M    M   7 18     26 150
 7  47  41  44  -6  21   0 3.35  0.0    0  9.4 21 290   M    M  10 13     27 330
 8  49  41  45  -6  20   0 0.41  0.0    0  5.8 16 170   M    M   7 123    18 180
 9  67  38  53   2  12   0 0.01  0.0    0  7.4 26 280   M    M   4 1      34 280
10  50  34  42 -10  23   0 0.01    T    0  6.5 25  20   M    M   8 1      30  20
11  55  29  42 -10  23   0 0.00  0.0    0  4.4 14  80   M    M   0        18  80
12  70  32  51  -1  14   0 0.00  0.0    0  5.0 21 260   M    M   0        26 270
13  57  42  50  -2  15   0 0.00  0.0    0  6.2 12 230   M    M   7        15 230
14  50  39  45  -8  20   0    T  0.0    0  5.2 13  70   M    M  10        14  70
15  49  41  45  -8  20   0 0.13  0.0    0  3.9 10 340   M    M   9 1      12 340
16  47  38  43 -10  22   0 0.31  0.0    0  6.8 14  60   M    M  10 18     18  60
17  54  38  46  -8  19   0 0.09  0.0    0  6.9 13 240   M    M   7 1      15 310
18  69  38  54   0  11   0    T  0.0    0  5.6 21 250   M    M   3        22 240
19  72  45  59   5   6   0    T  0.0    0  6.2 30 250   M    M   2        38 260
20  73  48  61   6   4   0 0.01  0.0    0 11.9 33 170   M    M   3        43 170
21  73  47  60   5   5   0    T  0.0    0 18.3 45 180   M    M   3        56 170
22  60  39  50  -5  15   0 0.00  0.0    0  8.3 31 210   M    M   2        41 220
23  63  34  49  -7  16   0 0.00  0.0    0  7.9 29 220   M    M   1        37 220
24  62  38  50  -6  15   0 0.01  0.0    0  5.9 44 250   M    M   3 3      55 250
25  65  39  52  -4  13   0 0.00  0.0    0  6.4 24 260   M    M   3 3      30 280
26  66  35  51  -5  14   0    T  0.0    0  6.3 29  20   M    M   2        33  20
27  69  42  56  -1   9   0 0.01  0.0    0  5.3 20 350   M    M   4 3      26 340
================================================================================
SM 1667 1057       386   0  5.03    T    184.1          M      112
================================================================================
AV 61.7 39.1                               6.8 FASTST   M    M   4    MAX(MPH)
                                 MISC ---->  # 45 180               # 56  170
================================================================================
NOTES:
# LAST OF SEVERAL OCCURRENCES

COLUMN 17 PEAK WIND IN M.P.H.

PRELIMINARY LOCAL CLIMATOLOGICAL DATA (WS FORM: F-6) , PAGE 2

                                          STATION:  LANDER WY
                                          MONTH:    MAY
                                          YEAR:     2016
                                          LATITUDE:   42 49 N
                                          LONGITUDE: 108 44 W

[TEMPERATURE DATA]      [PRECIPITATION DATA]       SYMBOLS USED IN COLUMN 16

AVERAGE MONTHLY: 50.4   TOTAL FOR MONTH:   5.03    1 = FOG OR MIST
DPTR FM NORMAL:  -2.3   DPTR FM NORMAL:    3.08    2 = FOG REDUCING VISIBILITY
HIGHEST:    78 ON  5    GRTST 24HR  3.98 ON  6- 7      TO 1/4 MILE OR LESS
LOWEST:     29 ON 11                               3 = THUNDER
                        SNOW, ICE PELLETS, HAIL    4 = ICE PELLETS
                        TOTAL MONTH:    T          5 = HAIL
                        GRTST 24HR    T  ON 10-10  6 = FREEZING RAIN OR DRIZZLE
                        GRTST DEPTH:   0           7 = DUSTSTORM OR SANDSTORM:
                                                       VSBY 1/2 MILE OR LESS
                                                   8 = SMOKE OR HAZE
[NO. OF DAYS WITH]      [WEATHER - DAYS WITH]      9 = BLOWING SNOW
                                                   X = TORNADO
MAX 32 OR BELOW:   0    0.01 INCH OR MORE:  11
MAX 90 OR ABOVE:   0    0.10 INCH OR MORE:   5
MIN 32 OR BELOW:   3    0.50 INCH OR MORE:   2
MIN  0 OR BELOW:   0    1.00 INCH OR MORE:   1

[HDD (BASE 65) ]
TOTAL THIS MO.   386    CLEAR  (SCALE 0-3)  13
DPTR FM NORMAL    50    PTCLDY (SCALE 4-7)  10
TOTAL FM JUL 1  6963    CLOUDY (SCALE 8-10)  4
DPTR FM NORMAL  -627

[CDD (BASE 65) ]
TOTAL THIS MO.     0
DPTR FM NORMAL     0    [PRESSURE DATA]
TOTAL FM JAN 1     0    HIGHEST SLP M ON M
DPTR FM NORMAL     0    LOWEST  SLP 29.51 ON  8

[REMARKS]
