000
CXUS53 KOAX 011000
CF6LNK
PRELIMINARY LOCAL CLIMATOLOGICAL DATA (WS FORM: F-6)

                                          STATION:   LINCOLN, NEBRASKA
                                          MONTH:     JULY
                                          YEAR:      2015
                                          LATITUDE:   40 50 N
                                          LONGITUDE:  96 45 W

  TEMPERATURE IN F:       :PCPN:    SNOW:  WIND      :SUNSHINE: SKY     :PK WND
================================================================================
1   2   3   4   5  6A  6B    7    8   9   10  11  12  13   14  15   16   17  18
                                     12Z  AVG MX 2MIN
DY MAX MIN AVG DEP HDD CDD  WTR  SNW DPTH SPD SPD DIR MIN PSBL S-S WX    SPD DR
================================================================================

 1  88  67  78   1   0  13 0.22  0.0    0  9.7 25 150   M    M   6 13     33 140
 2  77  65  71  -6   0   6 0.72  0.0    0  9.0 17 350   M    M  10 138    20 340
 3  80  64  72  -5   0   7 0.00  0.0    0  4.9 12  50   M    M   5 18     14  40
 4  84  58  71  -6   0   6 0.00  0.0    0  7.5 16 130   M    M   0 18     20 130
 5  93  69  81   4   0  16 0.00  0.0    0 14.3 24 160   M    M   0 18     30 150
 6  83  63  73  -4   0   8 0.29  0.0    0 11.9 25  10   M    M   8 138    33 310
 7  74  54  64 -13   1   0 0.00  0.0    0  9.9 22  20   M    M   0 18     27  30
 8  79  52  66 -12   0   1 0.00  0.0    0  4.0 10  10   M    M   1        14  60
 9  82  58  70  -8   0   5 0.00  0.0    0  3.4 12 190   M    M   1        13 180
10  82  63  73  -5   0   8 0.01  0.0    0  9.8 22 140   M    M   3 1      27 140
11  93  71  82   4   0  17 0.00  0.0    0  8.9 17 160   M    M   1        21 160
12  95  73  84   6   0  19 0.00  0.0    0  8.3 16 200   M    M   0        20 200
13  97  71  84   6   0  19 0.00  0.0    0  5.3 18 360   M    M   0        23 360
14  98  65  82   4   0  17 0.00  0.0    0  5.3 15  50   M    M   0        18  50
15  85  73  79   1   0  14 0.05  0.0    0  9.3 18  30   M    M   6 3      22  30
16  92  71  82   4   0  17 0.56  0.0    0  7.8 18 150   M    M   0 13     23 150
17  98  68  83   5   0  18 0.00  0.0    0 10.3 31 340   M    M   0        38 320
18  90  70  80   2   0  15 0.03  0.0    0  7.5 17 350   M    M   2 3      21 350
19  86  73  80   2   0  15 0.00  0.0    0  6.8 17  30   M    M   3        20  30
20  90  63  77  -1   0  12    T  0.0    0  7.6 20 360   M    M   2        25  10
21  85  59  72  -6   0   7 0.00  0.0    0  5.1 14  10   M    M   1        17  10
22  85  61  73  -5   0   8 0.00  0.0    0  6.2 15 120   M    M   0        21 140
23  93  65  79   1   0  14 0.00  0.0    0  9.4 18 160   M    M   2        22 160
24 100  71  86   8   0  21 0.35  0.0    0  8.6 46 250   M    M   1 13     61 270
25  84  72  78   0   0  13 0.12  0.0    0  8.3 33 310   M    M   2 3      42 310
26  93  72  83   5   0  18 0.02  0.0    0  6.2 17  70   M    M   5 13     21  70
27  91  76  84   6   0  19 0.00  0.0    0 10.2 24 130   M    M   1        29 130
28  93  67  80   2   0  15 0.02  0.0    0 10.7 26 360   M    M   3 3      31 350
29  88  59  74  -3   0   9 0.00  0.0    0  5.0 14 350   M    M   0        18 360
30  92  59  76  -1   0  11 0.00  0.0    0  6.3 17 230   M    M   0        23 220
31  94  65  80   3   0  15    T  0.0    0  6.2 22  40   M    M   0        28  40
================================================================================
SM 2744 2037         1 383  2.39     0.0 243.7          M       63
================================================================================
AV 88.5 65.7                               7.9 FASTST   M    M   2    MAX(MPH)
                                 MISC ---->  # 46 250               # 61  270
================================================================================
NOTES:
# LAST OF SEVERAL OCCURRENCES

COLUMN 17 PEAK WIND IN M.P.H.

PRELIMINARY LOCAL CLIMATOLOGICAL DATA (WS FORM: F-6) , PAGE 2

                                          STATION:  LINCOLN, NEBRASKA
                                          MONTH:    JULY
                                          YEAR:     2015
                                          LATITUDE:   40 50 N
                                          LONGITUDE:  96 45 W

[TEMPERATURE DATA]      [PRECIPITATION DATA]       SYMBOLS USED IN COLUMN 16

AVERAGE MONTHLY: 77.1   TOTAL FOR MONTH:   2.39    1 = FOG OR MIST
DPTR FM NORMAL:  -0.5   DPTR FM NORMAL:   -1.01    2 = FOG REDUCING VISIBILITY
HIGHEST:   100 ON 24    GRTST 24HR  0.72 ON  2- 2      TO 1/4 MILE OR LESS
LOWEST:     52 ON  8                               3 = THUNDER
                        SNOW, ICE PELLETS, HAIL    4 = ICE PELLETS
                        TOTAL MONTH:   0.0 INCH    5 = HAIL
                        GRTST 24HR     0.0         6 = FREEZING RAIN OR DRIZZLE
                        GRTST DEPTH:   0           7 = DUSTSTORM OR SANDSTORM:
                                                       VSBY 1/2 MILE OR LESS
                                                   8 = SMOKE OR HAZE
[NO. OF DAYS WITH]      [WEATHER - DAYS WITH]      9 = BLOWING SNOW
                                                   X = TORNADO
MAX 32 OR BELOW:   0    0.01 INCH OR MORE:  11
MAX 90 OR ABOVE:  16    0.10 INCH OR MORE:   6
MIN 32 OR BELOW:   0    0.50 INCH OR MORE:   2
MIN  0 OR BELOW:   0    1.00 INCH OR MORE:   0

[HDD (BASE 65) ]
TOTAL THIS MO.     1    CLEAR  (SCALE 0-3)  23
DPTR FM NORMAL     0    PTCLDY (SCALE 4-7)   7
TOTAL FM JUL 1     1    CLOUDY (SCALE 8-10)  1
DPTR FM NORMAL     0

[CDD (BASE 65) ]
TOTAL THIS MO.   383
DPTR FM NORMAL    -7    [PRESSURE DATA]
TOTAL FM JAN 1   698    HIGHEST SLP 30.20 ON 30
DPTR FM NORMAL   -13    LOWEST  SLP 29.65 ON 17

[REMARKS]
#FINAL-07-15#
