000
CXUS53 KLMK 270800
CF6LOU
PRELIMINARY LOCAL CLIMATOLOGICAL DATA (WS FORM: F-6)

                                          STATION:   LOUISVILLE BOWMAN KY
                                          MONTH:     MARCH
                                          YEAR:      2015
                                          LATITUDE:   38 13 N
                                          LONGITUDE:  85 40 W

  TEMPERATURE IN F:       :PCPN:    SNOW:  WIND      :SUNSHINE: SKY     :PK WND
================================================================================
1   2   3   4   5  6A  6B    7    8   9   10  11  12  13   14  15   16   17  18
                                     12Z  AVG MX 2MIN
DY MAX MIN AVG DEP HDD CDD  WTR  SNW DPTH SPD SPD DIR MIN PSBL S-S WX    SPD DR
================================================================================

 1  40  30  35  -7  30   0 0.05    M    M  5.6 14 310   M    M  10 168    19 300
 2  40  25  33  -9  32   0 0.00    M    M  5.9 16 320   M    M   2        21 320
 3  63  31  47   4  18   0 0.61    M    M  7.6 20 210   M    M   9 1      33 210
 4  46  22  34  -9  31   0 1.72    M    M  8.2 18 350   M    M  10 1      23 340
 5  29  15  22 -21  43   0 0.17    M    M  6.8 15 350   M    M   9 18     20 350
 6  31   5  18 -26  47   0 0.00    M    M  4.4 12 180   M    M   0 18     16 170
 7  50  23  37  -7  28   0 0.00    M    M  8.4 17 210   M    M   0 8      26 190
 8  55  28  42  -2  23   0 0.00    M    M  3.0 10 230   M    M   0        15 240
 9  54  39  47   2  18   0 0.00    M    M  2.9 12 200   M    M   7        15 200
10  56  46  51   6  14   0 1.38    M    M  2.6  9 320   M    M  10 1      13 270
11  67  46  57  12   8   0 0.00    M    M  3.9 10 350   M    M   5 1      14 350
12  65  42  54   8  11   0 0.00    M    M  7.8 17  70   M    M   0 18     22  70
13  57  53  55   9  10   0 1.22    M    M  4.6 12 170   M    M   9 1      16 190
14  64  48  56  10   9   0 0.74    M    M  5.2 12 310   M    M   6 1      16 300
15  68  38  53   6  12   0 0.00    M    M  3.1 13 280   M    M   0 12     15 280
16   M   M   M   M   M   M 0.00    M    M   M   M   M   0    0   0         M  M
17  61  43  52   5  13   0 0.00    M    M 12.0 20 330   M    M   0        27 360
18  49  32  41  -7  24   0 0.00    M    M  6.9 17  60   M    M   2        23  80
19  50  40  45  -3  20   0 0.18    M    M  7.0 13  80   M    M  10 1      17  70
20  51  43  47  -1  18   0 0.02    M    M  4.3  9 360   M    M  10 1      12 360
21  70  40  55   6  10   0 0.00    M    M  6.1 14 230   M    M   2 18     18 230
22  60  43  52   3  13   0 0.00    M    M  8.2 14  40   M    M   0        19  50
23  61  36  49   0  16   0 0.00    M    M  6.4 16  30   M    M   1        20  30
24  49  35  42  -8  23   0 0.09    M    M  6.5 12 100   M    M   6        15  60
25  75  47  61  11   4   0 0.01    M    M  9.0 20 220   M    M   4        28 220
26  57  39  48  -2  17   0 0.54    M    M  5.9 22 300   M    M   9 1      26 300
================================================================================
SM 1368  889       492   0  6.73    M    152.3            0    121
================================================================================
AV 54.7 35.6                               6.1 FASTST    0   0   5    MAX(MPH)
                                 MISC ---->  # 22 300               # 33  210
================================================================================
NOTES:
# LAST OF SEVERAL OCCURRENCES

COLUMN 17 PEAK WIND IN M.P.H.

PRELIMINARY LOCAL CLIMATOLOGICAL DATA (WS FORM: F-6) , PAGE 2

                                          STATION:  LOUISVILLE BOWMAN KY
                                          MONTH:    MARCH
                                          YEAR:     2015
                                          LATITUDE:   38 13 N
                                          LONGITUDE:  85 40 W

[TEMPERATURE DATA]      [PRECIPITATION DATA]       SYMBOLS USED IN COLUMN 16

AVERAGE MONTHLY: 45.1   TOTAL FOR MONTH:   6.73    1 = FOG OR MIST
DPTR FM NORMAL:  -1.0   DPTR FM NORMAL:    3.34    2 = FOG REDUCING VISIBILITY
HIGHEST:    75 ON 25    GRTST 24HR  1.72 ON  4- 4      TO 1/4 MILE OR LESS
LOWEST:      5 ON  6                               3 = THUNDER
                        SNOW, ICE PELLETS, HAIL    4 = ICE PELLETS
                        TOTAL MONTH:    M          5 = HAIL
                        GRTST 24HR    M  ON   M    6 = FREEZING RAIN OR DRIZZLE
                        GRTST DEPTH:  M  ON   M    7 = DUSTSTORM OR SANDSTORM:
                                                       VSBY 1/2 MILE OR LESS
                                                   8 = SMOKE OR HAZE
[NO. OF DAYS WITH]      [WEATHER - DAYS WITH]      9 = BLOWING SNOW
                                                   X = TORNADO
MAX 32 OR BELOW:   2    0.01 INCH OR MORE:  12
MAX 90 OR ABOVE:   0    0.10 INCH OR MORE:   8
MIN 32 OR BELOW:   9    0.50 INCH OR MORE:   6
MIN  0 OR BELOW:   0    1.00 INCH OR MORE:   3

[HDD (BASE 65) ]
TOTAL THIS MO.   492    CLEAR  (SCALE 0-3)  12
DPTR FM NORMAL     0    PTCLDY (SCALE 4-7)   5
TOTAL FM JUL 1  4276    CLOUDY (SCALE 8-10)  9
DPTR FM NORMAL   423

[CDD (BASE 65) ]
TOTAL THIS MO.     0
DPTR FM NORMAL     0    [PRESSURE DATA]
TOTAL FM JAN 1     0    HIGHEST SLP  0.00 ON 16
DPTR FM NORMAL     0    LOWEST  SLP 29.78 ON 26

[REMARKS]
