000
CXUS55 KJKL 301000
CF6LOZ
PRELIMINARY LOCAL CLIMATOLOGICAL DATA (WS FORM: F-6)

                                          STATION:   LONDON KY
                                          MONTH:     APRIL
                                          YEAR:      2016
                                          LATITUDE:   37  4 N
                                          LONGITUDE:  84  5 W

  TEMPERATURE IN F:       :PCPN:    SNOW:  WIND      :SUNSHINE: SKY     :PK WND
================================================================================
1   2   3   4   5  6A  6B    7    8   9   10  11  12  13   14  15   16   17  18
                                     12Z  AVG MX 2MIN
DY MAX MIN AVG DEP HDD CDD  WTR  SNW DPTH SPD SPD DIR MIN PSBL S-S WX    SPD DR
================================================================================

 1  67  53  60   8   5   0 0.06    M    M  8.5 21 250   M    M   5 1      26 250
 2  59  41  50  -2  15   0 0.00    M    M 14.3 29 270   M    M   6        42 280
 3  63  29  46  -7  19   0 0.00    M    M  5.5 17 310   M    M   0        24 310
 4  73  39  56   3   9   0    T    M    M 12.7 25 270   M    M   2        34 280
 5  53  33  43 -10  22   0 0.00    M    M  6.2 17  50   M    M   2        23  50
 6  63  32  48  -6  17   0 0.62    M    M 11.2 32 270   M    M   3 138    41 270
 7  58  42  50  -4  15   0    T    M    M 13.0 31 260   M    M   7        46 270
 8  48  31  40 -14  25   0 0.11    M    M  6.9 25 270   M    M   6 13     38 250
 9  45  31  38 -17  27   0 0.00    M    M  9.2 21 300   M    M   4        28 300
10  62  27  45 -10  20   0    T    M    M  6.6 16 190   M    M   7        23 180
11  71  52  62   7   3   0 0.07    M    M 13.8 28 220   M    M   5 1      42 220
12  61  42  52  -4  13   0 0.12    M    M  8.0 15 360   M    M   4 1      20  10
13  71  37  54  -2  11   0 0.00    M    M  4.9 10  20   M    M   0        14  10
14  74  44  59   3   6   0    T    M    M  3.4 10 210   M    M   4        15 190
15  79  52  66  10   0   1 0.00    M    M  3.5 12 150   M    M   5        15 150
16  77  43  60   3   5   0 0.00    M    M  3.6 18 100   M    M   0        23 110
17  81  42  62   5   3   0 0.00    M    M  2.3 12 260   M    M   0        16 340
18  84  44  64   7   1   0 0.00    M    M  1.9  9 300   M    M   0        15 180
19  83  48  66   8   0   1 0.00    M    M  1.6 10 300   M    M   0        15 290
20  85  55  70  12   0   5 0.00    M    M  4.8 14 190   M    M   1        19 190
21  76  57  67   9   0   2 0.17    M    M  7.8 21 270   M    M   4 1      29 190
22  74  52  63   4   2   0 0.08    M    M  6.3 28 290   M    M   5 13     40 280
23  69  48  59   0   6   0 0.00    M    M  5.1 14  10   M    M   4        19  30
24  79  42  61   2   4   0 0.00    M    M  2.2  9 180   M    M   0 1      12 200
25  82  50  66   7   0   1 0.00    M    M  5.5 16 250   M    M   3        22 210
26  84  55  70  10   0   5    T    M    M  7.1 21 340   M    M   3        28 340
27  72  61  67   7   0   2 0.88    M    M  4.0 18 250   M    M   7 13     28 260
28  80  59  70  10   0   5 0.79    M    M  6.4 18 250   M    M   5 13     26 230
29  78  51  65   5   0   0 0.00    M    M  3.5 15  30   M    M   0 1      20  30
================================================================================
SM 2051 1292       228  22  2.90    M    189.8          M       92
================================================================================
AV 70.7 44.6                               6.5 FASTST   M    M   3    MAX(MPH)
                                 MISC ---->  # 32 270               # 46  270
================================================================================
NOTES:
# LAST OF SEVERAL OCCURRENCES

COLUMN 17 PEAK WIND IN M.P.H.

PRELIMINARY LOCAL CLIMATOLOGICAL DATA (WS FORM: F-6) , PAGE 2

                                          STATION:  LONDON KY
                                          MONTH:    APRIL
                                          YEAR:     2016
                                          LATITUDE:   37  4 N
                                          LONGITUDE:  84  5 W

[TEMPERATURE DATA]      [PRECIPITATION DATA]       SYMBOLS USED IN COLUMN 16

AVERAGE MONTHLY: 57.6   TOTAL FOR MONTH:   2.90    1 = FOG OR MIST
DPTR FM NORMAL:   1.3   DPTR FM NORMAL:   -1.02    2 = FOG REDUCING VISIBILITY
HIGHEST:    85 ON 20    GRTST 24HR  1.67 ON 27-28      TO 1/4 MILE OR LESS
LOWEST:     27 ON 10                               3 = THUNDER
                        SNOW, ICE PELLETS, HAIL    4 = ICE PELLETS
                        TOTAL MONTH:    M          5 = HAIL
                        GRTST 24HR    M  ON   M    6 = FREEZING RAIN OR DRIZZLE
                        GRTST DEPTH:  M  ON   M    7 = DUSTSTORM OR SANDSTORM:
                                                       VSBY 1/2 MILE OR LESS
                                                   8 = SMOKE OR HAZE
[NO. OF DAYS WITH]      [WEATHER - DAYS WITH]      9 = BLOWING SNOW
                                                   X = TORNADO
MAX 32 OR BELOW:   0    0.01 INCH OR MORE:   9
MAX 90 OR ABOVE:   0    0.10 INCH OR MORE:   6
MIN 32 OR BELOW:   5    0.50 INCH OR MORE:   3
MIN  0 OR BELOW:   0    1.00 INCH OR MORE:   0

[HDD (BASE 65) ]
TOTAL THIS MO.   228    CLEAR  (SCALE 0-3)  14
DPTR FM NORMAL   -42    PTCLDY (SCALE 4-7)  15
TOTAL FM JUL 1  3543    CLOUDY (SCALE 8-10)  0
DPTR FM NORMAL  -552

[CDD (BASE 65) ]
TOTAL THIS MO.    22
DPTR FM NORMAL     1    [PRESSURE DATA]
TOTAL FM JAN 1    22    HIGHEST SLP M ON M
DPTR FM NORMAL    -2    LOWEST  SLP 29.59 ON  1

[REMARKS]
