000
CXUS54 KFWD 300730
CF6LUD
PRELIMINARY LOCAL CLIMATOLOGICAL DATA (WS FORM: F-6)

                                          STATION:   DECATUR
                                          MONTH:     JUNE
                                          YEAR:      2015
                                          LATITUDE:   33 15 N
                                          LONGITUDE:  97 30 W

  TEMPERATURE IN F:       :PCPN:    SNOW:  WIND      :SUNSHINE: SKY     :PK WND
================================================================================
1   2   3   4   5  6A  6B    7    8   9   10  11  12  13   14  15   16   17  18
                                     12Z  AVG MX 2MIN
DY MAX MIN AVG DEP HDD CDD  WTR  SNW DPTH SPD SPD DIR MIN PSBL S-S WX    SPD DR
================================================================================

 1  82  58  70  -4   0   5 0.00  0.0    0  4.8  7  90   M    M   0         M  M
 2  86  66  76   1   0  11 0.00  0.0    0  8.0 14 160   M    M   1 8      17 170
 3  87  67  77   2   0  12 0.00  0.0    0  8.9 16 150   M    M   0 8      22 150
 4  88  69  79   4   0  14 0.00  0.0    0  8.3 13 160   M    M   1        18 170
 5  89  67  78   3   0  13 0.00  0.0    0  6.0 12 150   M    M   1        16 150
 6  90  71  81   5   0  16 0.00  0.0    0  5.7  9 190   M    M   1         M  M
 7  91  70  81   5   0  16 0.00  0.0    0  8.4 12 160   M    M   0        16 160
 8  90  73  82   6   0  17 0.00  0.0    0  7.1 12 270   M    M   0        17 260
 9  91  72  82   6   0  17 0.00  0.0    0  3.2  7 150   M    M   0         M  M
10  95  70  83   6   0  18 0.00  0.0    0  5.6 12 170   M    M   1         M  M
11  91  74  83   6   0  18 0.00  0.0    0 11.5 16 150   M    M   0        23 150
12  91  74  83   6   0  18 0.00  0.0    0 11.9 17 170   M    M   2 8      22 170
13  90  67  79   2   0  14 0.34  0.0    0  9.1 15 160   M    M   3        21 160
14  87  73  80   2   0  15 0.00  0.0    0 12.5 18 170   M    M   5        24 180
15  89  71  80   2   0  15 0.33  0.0    0  9.3 14 170   M    M   5        22 320
16  83  69  76  -2   0  11 0.06  0.0    0  6.2 10 100   M    M   7 1       M  M
17  73  69  71  -7   0   6    M  0.0    0 16.6 28 270   M    M   9 1      40 290
18  89  69  79   1   0  14    M  0.0    0  8.1 14 270   M    M   0        25 270
19  92  71  82   3   0  17 0.00  0.0    0  4.7  9 200   M    M   2        16 200
20  86  72  79   0   0  14 0.00  0.0    0 10.9 17 190   M    M   0        22 210
21  85  71  78  -1   0  13    M  0.0    0  9.9 14 160   M    M   3 8      21 160
22  91  70  81   2   0  16 0.00  0.0    0 10.9 15 200   M    M   2        22 190
23  90  73  82   2   0  17 0.00  0.0    0  6.9 10 150   M    M   0         M  M
24  92  74  83   3   0  18 0.00  0.0    0  7.0 10 160   M    M   0        16 160
25  92  74  83   3   0  18 0.00  0.0    0  7.6 12 230   M    M   0         M  M
26  92  72  82   2   0  17 0.09  0.0    0  6.7 12 200   M    M   1         M  M
27  87  72  80   0   0  15 0.01  0.0    0  4.6  9  10   M    M   2        17  30
28  89  67  78  -2   0  13 0.00  0.0    0  2.8  6 250   M    M   0         M  M
29  92  73  83   2   0  18 0.00  0.0    0  6.2 10 190   M    M   0         M  M
================================================================================
SM 2570 2038         0 426  0.83     0.0 229.4          M       46
================================================================================
AV 88.6 70.3                               7.9 FASTST   M    M   2    MAX(MPH)
                                 MISC ---->    28   M                 40    M
================================================================================
NOTES:
# LAST OF SEVERAL OCCURRENCES

COLUMN 17 PEAK WIND IN M.P.H.

PRELIMINARY LOCAL CLIMATOLOGICAL DATA (WS FORM: F-6) , PAGE 2

                                          STATION:  DECATUR
                                          MONTH:    JUNE
                                          YEAR:     2015
                                          LATITUDE:   33 15 N
                                          LONGITUDE:  97 30 W

[TEMPERATURE DATA]      [PRECIPITATION DATA]       SYMBOLS USED IN COLUMN 16

AVERAGE MONTHLY: 79.4   TOTAL FOR MONTH:   0.83    1 = FOG OR MIST
DPTR FM NORMAL:   1.8   DPTR FM NORMAL:   -3.86    2 = FOG REDUCING VISIBILITY
HIGHEST:    95 ON 10    GRTST 24HR  0.34 ON 13-13      TO 1/4 MILE OR LESS
LOWEST:     58 ON  1                               3 = THUNDER
                        SNOW, ICE PELLETS, HAIL    4 = ICE PELLETS
                        TOTAL MONTH:   0.0 INCH    5 = HAIL
                        GRTST 24HR     0.0         6 = FREEZING RAIN OR DRIZZLE
                        GRTST DEPTH:   0           7 = DUSTSTORM OR SANDSTORM:
                                                       VSBY 1/2 MILE OR LESS
                                                   8 = SMOKE OR HAZE
[NO. OF DAYS WITH]      [WEATHER - DAYS WITH]      9 = BLOWING SNOW
                                                   X = TORNADO
MAX 32 OR BELOW:   0    0.01 INCH OR MORE:   5
MAX 90 OR ABOVE:  15    0.10 INCH OR MORE:   2
MIN 32 OR BELOW:   0    0.50 INCH OR MORE:   0
MIN  0 OR BELOW:   0    1.00 INCH OR MORE:   0

[HDD (BASE 65) ]
TOTAL THIS MO.     0    CLEAR  (SCALE 0-3)  25
DPTR FM NORMAL     0    PTCLDY (SCALE 4-7)   3
TOTAL FM JUL 1  2540    CLOUDY (SCALE 8-10)  1
DPTR FM NORMAL  -401

[CDD (BASE 65) ]
TOTAL THIS MO.   426
DPTR FM NORMAL    58    [PRESSURE DATA]
TOTAL FM JAN 1   701    HIGHEST SLP M ON M
DPTR FM NORMAL    83    LOWEST  SLP M ON M

[REMARKS]
