000
CXUS54 KHGX 251415
CF6LVJ
PRELIMINARY LOCAL CLIMATOLOGICAL DATA (WS FORM: F-6)

                                          STATION:   HOUSTON/CLOVER_FIELD
                                          MONTH:     APRIL
                                          YEAR:      2017
                                          LATITUDE:   29 31 N
                                          LONGITUDE:  95 14 W

  TEMPERATURE IN F:       :PCPN:    SNOW:  WIND      :SUNSHINE: SKY     :PK WND
================================================================================
1   2   3   4   5  6A  6B    7    8   9   10  11  12  13   14  15   16   17  18
                                     12Z  AVG MX 2MIN
DY MAX MIN AVG DEP HDD CDD  WTR  SNW DPTH SPD SPD DIR MIN PSBL S-S WX    SPD DR
================================================================================

 1  81  66  74   8   0   9 0.00  0.0    0 11.8 23 130   M    M   5        30 130
 2  83  73  78  12   0  13    T  0.0    0 10.7 22 140   M    M   9 8      30 130
 3  88  59  74   8   0   9 0.00  0.0    0  6.2 14 310   M    M   0        20 220
 4  87  60  74   8   0   9 0.00  0.0    0  6.9 20 160   M    M   2 18     26 140
 5  76  54  65  -2   0   0 0.02  0.0    0 10.4 24 340   M    M   3 18     31 350
 6  81  50  66  -1   0   1 0.00  0.0    0  3.2 14  40   M    M   0        18  40
 7  82  52  67   0   0   2 0.00  0.0    0  3.5 15 170   M    M   0        20 190
 8  81  57  69   2   0   4 0.00  0.0    0  7.8 20 170   M    M   1        26 150
 9  82  65  74   6   0   9 0.00  0.0    0 10.6 21 140   M    M   5        30 170
10  82  73  78  10   0  13 0.01  0.0    0 11.0 21 150   M    M  10        26 130
11  80  64  72   4   0   7 1.00  0.0    0  7.2 30 360   M    M   7 13     41 350
12  78  63  71   3   0   6 0.71  0.0    0  6.1 14  70   M    M   8 1      16  90
13  83  65  74   6   0   9 0.00  0.0    0  6.4 17 130   M    M   2 12     22 120
14  84  63  74   5   0   9 0.00  0.0    0  6.9 17 120   M    M   2 1      22 130
15  84  65  75   6   0  10 0.00  0.0    0  6.2 15 180   M    M   2        18 150
16  85  71  78   9   0  13 0.00  0.0    0  7.4 17 150   M    M   2 1      24 140
17  85  68  77   8   0  12 0.75  0.0    0  6.6 17 140   M    M   3 13     21 110
18  76  68  72   2   0   7 1.68  0.0    0  5.0 13 110   M    M   6 13     18 120
19  84  69  77   7   0  12 0.41  0.0    0  6.8 17 140   M    M   5 13     24 140
20  87  70  79   9   0  14 0.00  0.0    0  6.4 15 140   M    M   1 1      19 150
21  87  70  79   9   0  14 0.00  0.0    0  6.9 20 170   M    M   3 1      25 180
22  87  63  75   5   0  10 0.00  0.0    0  9.0 22 360   M    M   3        28 360
23  75  57  66  -5   0   1 0.00  0.0    0 11.1 23 360   M    M   2 8      31 350
24  81  53  67  -4   0   2 0.00  0.0    0  3.9 15 170   M    M   0 8      20 170
================================================================================
SM 1979 1518         0 195  4.58     0.0 178.0          M       81
================================================================================
AV 82.5 63.3                               7.4 FASTST   M    M   3    MAX(MPH)
                                 MISC ---->  # 30 360               # 41  350
================================================================================
NOTES:
# LAST OF SEVERAL OCCURRENCES

COLUMN 17 PEAK WIND IN M.P.H.

PRELIMINARY LOCAL CLIMATOLOGICAL DATA (WS FORM: F-6) , PAGE 2

                                          STATION:  HOUSTON/CLOVER_FIELD
                                          MONTH:    APRIL
                                          YEAR:     2017
                                          LATITUDE:   29 31 N
                                          LONGITUDE:  95 14 W

[TEMPERATURE DATA]      [PRECIPITATION DATA]       SYMBOLS USED IN COLUMN 16

AVERAGE MONTHLY: 72.9   TOTAL FOR MONTH:   4.58    1 = FOG OR MIST
DPTR FM NORMAL:   4.5   DPTR FM NORMAL:    1.80    2 = FOG REDUCING VISIBILITY
HIGHEST:    88 ON  3    GRTST 24HR  1.68 ON 18-18      TO 1/4 MILE OR LESS
LOWEST:     50 ON  6                               3 = THUNDER
                        SNOW, ICE PELLETS, HAIL    4 = ICE PELLETS
                        TOTAL MONTH:   0.0 INCH    5 = HAIL
                        GRTST 24HR     0.0         6 = FREEZING RAIN OR DRIZZLE
                        GRTST DEPTH:   0           7 = DUSTSTORM OR SANDSTORM:
                                                       VSBY 1/2 MILE OR LESS
                                                   8 = SMOKE OR HAZE
[NO. OF DAYS WITH]      [WEATHER - DAYS WITH]      9 = BLOWING SNOW
                                                   X = TORNADO
MAX 32 OR BELOW:   0    0.01 INCH OR MORE:   7
MAX 90 OR ABOVE:   0    0.10 INCH OR MORE:   5
MIN 32 OR BELOW:   0    0.50 INCH OR MORE:   4
MIN  0 OR BELOW:   0    1.00 INCH OR MORE:   2

[HDD (BASE 65) ]
TOTAL THIS MO.     0    CLEAR  (SCALE 0-3)  15
DPTR FM NORMAL   -32    PTCLDY (SCALE 4-7)   7
TOTAL FM JUL 1   464    CLOUDY (SCALE 8-10)  2
DPTR FM NORMAL  -824

[CDD (BASE 65) ]
TOTAL THIS MO.   195
DPTR FM NORMAL    81    [PRESSURE DATA]
TOTAL FM JAN 1   641    HIGHEST SLP M ON M
DPTR FM NORMAL   437    LOWEST  SLP 29.61 ON  2

[REMARKS]
