000
CXUS53 KTOP 280800
CF6LWC
PRELIMINARY LOCAL CLIMATOLOGICAL DATA (WS FORM: F-6)

                                          STATION:   Lawrence KS
                                          MONTH:     APRIL
                                          YEAR:      2016
                                          LATITUDE:   39  0 N
                                          LONGITUDE:  95 13 W

  TEMPERATURE IN F:       :PCPN:    SNOW:  WIND      :SUNSHINE: SKY     :PK WND
================================================================================
1   2   3   4   5  6A  6B    7    8   9   10  11  12  13   14  15   16   17  18
                                     12Z  AVG MX 2MIN
DY MAX MIN AVG DEP HDD CDD  WTR  SNW DPTH SPD SPD DIR MIN PSBL S-S WX    SPD DR
================================================================================

 1  56  27  42  -8  23   0 0.00    M    M 14.9 31 310   M    M   4        38 300
 2  67  23  45  -6  20   0 0.00    M    M  8.8 24 360   M    M   0        31 330
 3  81  33  57   6   8   0 0.00    M    M 12.6 29 230   M    M   0        37 250
 4  69  44  57   6   8   0 0.00    M    M  9.0 21  40   M    M   0        26  40
 5  82  40  61   9   4   0 0.03    M    M 17.0 33 190   M    M   1        40 190
 6  65  39  52   0  13   0 0.08    M    M 14.0 30 320   M    M   3        37 310
 7  67  35  51  -1  14   0 0.00    M    M 15.5 41 330   M    M   2        52 320
 8  65  29  47  -6  18   0 0.00    M    M 12.0 30 330   M    M   0        37 340
 9   M   M   M   M   M   M 0.00    M    M 10.1 17 130   M    M   0        38 220
10  76  52  64  11   1   0 0.01    M    M 11.4 23 200   M    M   7 3      32 200
11  61  35  48  -6  17   0 0.00    M    M 12.3 24  10   M    M   2        34  10
12  65  23  44 -10  21   0 0.00    M    M  6.1 16 130   M    M   0 8      21 160
13  74  29  52  -2  13   0 0.00    M    M  6.4 16 140   M    M   0 8      20 170
14  74  32  53  -1  12   0 0.00    M    M  6.7 20 150   M    M   2 128    24 140
15  75  45  60   5   5   0 0.00    M    M 12.6 24 150   M    M   1        30 160
16  77  54  66  11   0   1 0.00    M    M 14.1 23 140   M    M   4        32 140
17  80  56  68  13   0   3 0.11    M    M 12.1 25 140   M    M   8 1      31 130
18  69  57  63   7   2   0 0.39    M    M  9.0 20 140   M    M   9 1      25 150
19  67  52  60   4   5   0 0.07    M    M  6.1 14  50   M    M   9 1      17  50
20  68  48  58   2   7   0 0.44    M    M  9.1 21 290   M    M   7 1      26 280
21  69  46  58   1   7   0    T    M    M 11.0 24 320   M    M   6        30 320
22  72  45  59   2   6   0 0.00    M    M  6.2 13 330   M    M   4 1      16 350
23  81  42  62   5   3   0 0.00    M    M  9.4 21 170   M    M   1 12     28 160
24  81  57  69  11   0   4    M    M    M 15.7 31 170   M    M   2 13     40 170
25  79  60  70  12   0   5    M    M    M  9.3 35 160   M    M   4 1      40 160
26  75  58  67   9   0   2 1.84    M    M 12.9 39 360   M    M   5 13     51 290
27  71  50  61   3   4   0 0.41    M    M 11.8 30 270   M    M   5 13     37 230
================================================================================
SM 1866 1111       211  15  3.38    M    296.1          M       86
================================================================================
AV 71.8 42.7                              11.0 FASTST   M    M   3    MAX(MPH)
                                 MISC ---->  # 41 330               # 52  320
================================================================================
NOTES:
# LAST OF SEVERAL OCCURRENCES

COLUMN 17 PEAK WIND IN M.P.H.

PRELIMINARY LOCAL CLIMATOLOGICAL DATA (WS FORM: F-6) , PAGE 2

                                          STATION:  Lawrence KS
                                          MONTH:    APRIL
                                          YEAR:     2016
                                          LATITUDE:   39  0 N
                                          LONGITUDE:  95 13 W

[TEMPERATURE DATA]      [PRECIPITATION DATA]       SYMBOLS USED IN COLUMN 16

AVERAGE MONTHLY: 57.2   TOTAL FOR MONTH:   3.38    1 = FOG OR MIST
DPTR FM NORMAL:   2.8   DPTR FM NORMAL:    0.12    2 = FOG REDUCING VISIBILITY
HIGHEST:    82 ON  5    GRTST 24HR  2.23 ON 26-27      TO 1/4 MILE OR LESS
LOWEST:     23 ON 12, 2                            3 = THUNDER
                        SNOW, ICE PELLETS, HAIL    4 = ICE PELLETS
                        TOTAL MONTH:    M          5 = HAIL
                        GRTST 24HR    M  ON   M    6 = FREEZING RAIN OR DRIZZLE
                        GRTST DEPTH:  M  ON   M    7 = DUSTSTORM OR SANDSTORM:
                                                       VSBY 1/2 MILE OR LESS
                                                   8 = SMOKE OR HAZE
[NO. OF DAYS WITH]      [WEATHER - DAYS WITH]      9 = BLOWING SNOW
                                                   X = TORNADO
MAX 32 OR BELOW:   0    0.01 INCH OR MORE:   9
MAX 90 OR ABOVE:   0    0.10 INCH OR MORE:   5
MIN 32 OR BELOW:   6    0.50 INCH OR MORE:   1
MIN  0 OR BELOW:   0    1.00 INCH OR MORE:   1

[HDD (BASE 65) ]
TOTAL THIS MO.   211    CLEAR  (SCALE 0-3)  14
DPTR FM NORMAL   -92    PTCLDY (SCALE 4-7)  11
TOTAL FM JUL 1  4197    CLOUDY (SCALE 8-10)  2
DPTR FM NORMAL  -762

[CDD (BASE 65) ]
TOTAL THIS MO.    15
DPTR FM NORMAL    -5    [PRESSURE DATA]
TOTAL FM JAN 1    18    HIGHEST SLP M ON M
DPTR FM NORMAL    -5    LOWEST  SLP 29.30 ON 27

[REMARKS]
