000
CXUS53 KGID 250830
CF6LXN
PRELIMINARY LOCAL CLIMATOLOGICAL DATA (WS FORM: F-6)
STATION: LEXINGTON NE
MONTH: APRIL
YEAR: 2024
LATITUDE: 40 47 N
LONGITUDE: 99 46 W
TEMPERATURE IN F: :PCPN: SNOW: WIND :SUNSHINE: SKY :PK WND
================================================================================
1 2 3 4 5 6A 6B 7 8 9 10 11 12 13 14 15 16 17 18
12Z AVG MX 2MIN
DY MAX MIN AVG DEP HDD CDD WTR SNW DPTH SPD SPD DIR MIN PSBL S-S WX SPD DR
================================================================================
1 43 35 39 M 26 0 T M M 17.2 23 360 M M 10 1 29 350
2 60 33 47 M 18 0 0.00 M M 20.4 33 350 M M 3 45 350
3 61 29 45 M 20 0 0.00 M M 12.9 21 350 M M 0 30 350
4 66 26 46 M 19 0 0.00 M M 5.4 10 110 M M 0 M M
5 68 37 53 M 12 0 0.00 M M 16.4 25 130 M M 0 35 130
6 71 45 58 M 7 0 0.04 M M 23.4 38 120 M M 3 8 52 240
7 57 38 48 M 17 0 T M M 27.1 39 230 M M 7 53 230
8 62 31 47 M 18 0 0.00 M M 14.9 28 310 M M 1 40 300
9 67 28 48 M 17 0 0.00 M M 7.5 16 260 M M 0 24 230
10 70 36 53 M 12 0 0.00 M M 14.5 28 360 M M 1 38 340
11 62 31 47 M 18 0 0.00 M M 15.3 28 350 M M 0 37 330
12 73 25 49 M 16 0 0.00 M M 10.4 20 180 M M 0 27 180
13 85 44 65 M 0 0 0.00 M M 5.5 15 170 M M 0 12 190
14 85 45 65 M 0 0 0.00 M M 12.8 20 60 M M 0 27 60
15 85 54 70 M 0 5 0.00 M M 20.8 33 150 M M 0 46 150
16 67 48 58 M 7 0 0.33 M M 19.1 39 310 M M 4 53 310
17 69 42 56 M 9 0 T M M 11.5 43 330 M M 2 52 330
18 53 33 43 M 22 0 0.00 M M 15.1 27 20 M M 6 35 20
19 48 31 40 M 25 0 0.00 M M 5.1 12 20 M M 7 17 30
20 49 29 39 M 26 0 0.00 M M 6.6 13 310 M M 5 17 280
21 62 28 45 M 20 0 0.00 M M 8.1 15 220 M M 0 22 0
22 75 46 61 M 4 0 0.00 M M 11.2 16 210 M M 0 24 190
23 68 39 54 M 11 0 0.00 M M 10.8 24 360 M M 0 32 360
24 71 34 53 M 12 0 0.00 M M 10.3 21 170 M M 6 28 170
================================================================================
SM 1577 867 336 5 0.37 M 322.3 M 55
================================================================================
AV 65.7 36.1 13.4 FASTST M M 2 MAX(MPH)
MISC ----> 43 330 # 53 230
================================================================================
NOTES:
# LAST OF SEVERAL OCCURRENCES
COLUMN 17 PEAK WIND IN M.P.H.
PRELIMINARY LOCAL CLIMATOLOGICAL DATA (WS FORM: F-6) , PAGE 2
STATION: LEXINGTON NE
MONTH: APRIL
YEAR: 2024
LATITUDE: 40 47 N
LONGITUDE: 99 46 W
[TEMPERATURE DATA] [PRECIPITATION DATA] SYMBOLS USED IN COLUMN 16
AVERAGE MONTHLY: 50.9 TOTAL FOR MONTH: 0.37 1 = FOG OR MIST
DPTR FM NORMAL: 0.0 DPTR FM NORMAL: 0.37 2 = FOG REDUCING VISIBILITY
HIGHEST: 85 ON 15,14 GRTST 24HR 0.33 ON 16-16 TO 1/4 MILE OR LESS
LOWEST: 25 ON 12 3 = THUNDER
SNOW, ICE PELLETS, HAIL 4 = ICE PELLETS
TOTAL MONTH: M 5 = HAIL
GRTST 24HR M ON M 6 = FREEZING RAIN OR DRIZZLE
GRTST DEPTH: M ON M 7 = DUSTSTORM OR SANDSTORM:
VSBY 1/2 MILE OR LESS
8 = SMOKE OR HAZE
[NO. OF DAYS WITH] [WEATHER - DAYS WITH] 9 = BLOWING SNOW
X = TORNADO
MAX 32 OR BELOW: 0 0.01 INCH OR MORE: 2
MAX 90 OR ABOVE: 0 0.10 INCH OR MORE: 1
MIN 32 OR BELOW: 9 0.50 INCH OR MORE: 0
MIN 0 OR BELOW: 0 1.00 INCH OR MORE: 0
[HDD (BASE 65) ]
TOTAL THIS MO. 336 CLEAR (SCALE 0-3) 16
DPTR FM NORMAL M PTCLDY (SCALE 4-7) 7
TOTAL FM JUL 1 5122 CLOUDY (SCALE 8-10) 1
DPTR FM NORMAL M
[CDD (BASE 65) ]
TOTAL THIS MO. 5
DPTR FM NORMAL M [PRESSURE DATA]
TOTAL FM JAN 1 5 HIGHEST SLP M ON M
DPTR FM NORMAL M LOWEST SLP M ON M
[REMARKS]