000
CXUS55 KEAX 220736
CF6LXT
PRELIMINARY LOCAL CLIMATOLOGICAL DATA (WS FORM: F-6)

                                          STATION:   Lee`s Summit MO
                                          MONTH:     FEBRUARY
                                          YEAR:      2018
                                          LATITUDE:   38 57 N
                                          LONGITUDE:  94 22 W

  TEMPERATURE IN F:       :PCPN:    SNOW:  WIND      :SUNSHINE: SKY     :PK WND
================================================================================
1   2   3   4   5  6A  6B    7    8   9   10  11  12  13   14  15   16   17  18
                                     12Z  AVG MX 2MIN
DY MAX MIN AVG DEP HDD CDD  WTR  SNW DPTH SPD SPD DIR MIN PSBL S-S WX    SPD DR
================================================================================

 1  41  16  29  -1  36   0 0.00    M    M 13.0 23  10   M    M   5        28 360
 2  34  11  23  -7  42   0 0.00    M    M  8.3 16 210   M    M   1        19 170
 3  51  30  41  10  24   0 0.00    M    M 15.4 28 210   M    M   4        34 200
 4  39   2  21 -10  44   0 0.01    M    M 13.8 28 350   M    M   6 128    36 350
 5  21   0  11 -20  54   0    T    M    M  6.5 16 320   M    M   3 8      23 250
 6  20  12  16 -15  49   0    T    M    M  9.5 15  30   M    M   6 1      18  20
 7  31  11  21 -11  44   0 0.00    M    M  5.2 12 320   M    M   2        14 330
 8  53  22  38   6  27   0 0.00    M    M 11.9 22 200   M    M   1        30 200
 9  47  20  34   2  31   0 0.00    M    M 14.0 22  20   M    M   3 8      27  20
10  20  14  17 -15  48   0    T    M    M 14.4 24  10   M    M  10 168    29  20
11  31  14  23 -10  42   0    T    M    M  7.6 16 350   M    M   3 1      20 340
12  36  13  25  -8  40   0 0.00    M    M  9.8 18  70   M    M   0        23  70
13  46  25  36   3  29   0 0.00    M    M  9.7 20 200   M    M   6        23 210
14  56  36  46  12  19   0 0.00    M    M 13.3 23 210   M    M   4        29 220
15  68  37  53  19  12   0    T    M    M 17.1 30 360   M    M   2        39 360
16  38  24  31  -3  34   0    T    M    M 10.5 26 340   M    M   3        35  10
17  54  29  42   8  23   0 0.03    M    M  9.7 23 300   M    M   4 16     28 290
18  57  35  46  11  19   0 0.00    M    M 17.6 30 200   M    M   2        40 180
19  67  32  50  15  15   0 0.08    M    M 14.7 31 200   M    M  10 13     39 200
20  33  20  27  -9  38   0 1.18    M    M 13.4 23 310   M    M   9 136    29 320
21  27  17  22 -14  43   0 0.00    M    M 12.3 18  10   M    M   5 1      24  10
================================================================================
SM  870  420       713   0  1.30    M    247.7          M       89
================================================================================
AV 41.4 20.0                              11.8 FASTST   M    M   4    MAX(MPH)
                                 MISC ---->  # 31 200               # 40  180
================================================================================
NOTES:
# LAST OF SEVERAL OCCURRENCES

COLUMN 17 PEAK WIND IN M.P.H.

PRELIMINARY LOCAL CLIMATOLOGICAL DATA (WS FORM: F-6) , PAGE 2

                                          STATION:  Lee`s Summit MO
                                          MONTH:    FEBRUARY
                                          YEAR:     2018
                                          LATITUDE:   38 57 N
                                          LONGITUDE:  94 22 W

[TEMPERATURE DATA]      [PRECIPITATION DATA]       SYMBOLS USED IN COLUMN 16

AVERAGE MONTHLY: 30.7   TOTAL FOR MONTH:   1.30    1 = FOG OR MIST
DPTR FM NORMAL:  -2.1   DPTR FM NORMAL:    0.12    2 = FOG REDUCING VISIBILITY
HIGHEST:    68 ON 15    GRTST 24HR  1.18 ON 20-20      TO 1/4 MILE OR LESS
LOWEST:      0 ON  5                               3 = THUNDER
                        SNOW, ICE PELLETS, HAIL    4 = ICE PELLETS
                        TOTAL MONTH:    M          5 = HAIL
                        GRTST 24HR    M  ON   M    6 = FREEZING RAIN OR DRIZZLE
                        GRTST DEPTH:  M  ON   M    7 = DUSTSTORM OR SANDSTORM:
                                                       VSBY 1/2 MILE OR LESS
                                                   8 = SMOKE OR HAZE
[NO. OF DAYS WITH]      [WEATHER - DAYS WITH]      9 = BLOWING SNOW
                                                   X = TORNADO
MAX 32 OR BELOW:   6    0.01 INCH OR MORE:   4
MAX 90 OR ABOVE:   0    0.10 INCH OR MORE:   1
MIN 32 OR BELOW:  18    0.50 INCH OR MORE:   1
MIN  0 OR BELOW:   1    1.00 INCH OR MORE:   1

[HDD (BASE 65) ]
TOTAL THIS MO.   713    CLEAR  (SCALE 0-3)   9
DPTR FM NORMAL    36    PTCLDY (SCALE 4-7)   9
TOTAL FM JUL 1  3544    CLOUDY (SCALE 8-10)  3
DPTR FM NORMAL  -220

[CDD (BASE 65) ]
TOTAL THIS MO.     0
DPTR FM NORMAL     0    [PRESSURE DATA]
TOTAL FM JAN 1     0    HIGHEST SLP  0.00 ON M
DPTR FM NORMAL     0    LOWEST  SLP  0.00 ON M

[REMARKS]
