000
CXUS55 KPUB 281159
CF6LXV
PRELIMINARY LOCAL CLIMATOLOGICAL DATA (WS FORM: F-6)

                                          STATION:   LEADVILLE CO
                                          MONTH:     DECEMBER
                                          YEAR:      2014
                                          LATITUDE:   39 15 N
                                          LONGITUDE: 106 18 W

  TEMPERATURE IN F:       :PCPN:    SNOW:  WIND      :SUNSHINE: SKY     :PK WND
================================================================================
1   2   3   4   5  6A  6B    7    8   9   10  11  12  13   14  15   16   17  18
                                     12Z  AVG MX 2MIN
DY MAX MIN AVG DEP HDD CDD  WTR  SNW DPTH SPD SPD DIR MIN PSBL S-S WX    SPD DR
================================================================================

 1  35  17  26   7  39   0 0.01    M    M  6.2 16 350   M    M   7 1      24 320
 2  40  14  27   9  38   0 0.00  0.0    M  9.2 18 290   M    M   0        26 270
 3  42  24  33  15  32   0 0.00  0.0    M  5.5 18 310   M    M   5        25 320
 4  39  23  31  13  34   0 0.00  0.0    M  5.2 14 360   M    M   4        18 360
 5  38  15  27   9  38   0 0.02    M    M  5.2 16 290   M    M   5 1      21 270
 6  38  13  26   8  39   0 0.00  0.0    M  4.1 15 310   M    M   1        18 310
 7  37  10  24   7  41   0 0.00  0.0    M  6.5 20 300   M    M   5        25 330
 8  46   8  27  10  38   0 0.00  0.0    M  4.6 13 300   M    M   0        17 340
 9  46   8  27  10  38   0 0.00  0.0    M  5.4 16 300   M    M   0        22 290
10  47  13  30  13  35   0 0.00  0.0    M  3.1 13  60   M    M   0        15  50
11  48  12  30  13  35   0 0.00  0.0    M  4.5 13 350   M    M   0        16 310
12  45  11  28  11  37   0 0.00  0.0    M  3.9 13 180   M    M   2        15 190
13  38  18  28  12  37   0 0.01    M    M  4.6 15 180   M    M   3 12     19 350
14  25  10  18   2  47   0 0.28    M    M  8.9 20 360   M    M  10 12     24 360
15  23   1  12  -4  53   0 0.01    M    M  7.6 20 300   M    M   6 1      25 300
16  33   1  17   1  48   0 0.00  0.0    M  4.1 14 180   M    M   4        18 200
17  26   8  17   1  48   0 0.01    M    M  4.1  9  50   M    M   7 18     10  50
18  27   3  15  -1  50   0    T    M    M  7.2 16 320   M    M   7        21 320
19  23   5  14  -2  51   0    T    M    M  8.0 18 290   M    M   5 1      22 290
20  31   5  18   2  47   0    T    M    M  8.4 17 300   M    M   9 1      25 310
21  26  20  23   7  42   0 0.54    M    M 13.1 24 310   M    M   9 12     36 330
22  25   8  17   1  48   0 0.19    M    M 13.2 32 300   M    M  10 12     42 290
23  13  -4   5 -11  60   0    T    M    M 12.7 25 350   M    M   4        32 340
24  33  -3  15  -1  50   0 0.00  0.0    M 10.4 26 290   M    M   0        32 300
25  26  10  18   2  47   0 0.01    M    M  5.6 16 160   M    M   8 1      21 160
26  14  -6   4 -12  61   0 0.04    M    M  5.5 14 180   M    M  10 189    17 180
27  11 -13  -1 -17  66   0 0.00  0.0    M  9.9 20 300   M    M   1        24 300
================================================================================
SM  875  231      1199   0  1.12     0.0 186.7          M      122
================================================================================
AV 32.4  8.6                               6.9 FASTST   M    M   5    MAX(MPH)
                                 MISC ---->  # 32 300               # 42  290
================================================================================
NOTES:
# LAST OF SEVERAL OCCURRENCES

COLUMN 17 PEAK WIND IN M.P.H.

PRELIMINARY LOCAL CLIMATOLOGICAL DATA (WS FORM: F-6) , PAGE 2

                                          STATION:  LEADVILLE CO
                                          MONTH:    DECEMBER
                                          YEAR:     2014
                                          LATITUDE:   39 15 N
                                          LONGITUDE: 106 18 W

[TEMPERATURE DATA]      [PRECIPITATION DATA]       SYMBOLS USED IN COLUMN 16

AVERAGE MONTHLY: 20.5   TOTAL FOR MONTH:   1.12    1 = FOG OR MIST
DPTR FM NORMAL:   3.8   DPTR FM NORMAL:    0.46    2 = FOG REDUCING VISIBILITY
HIGHEST:    48 ON 11    GRTST 24HR  0.65 ON 21-22      TO 1/4 MILE OR LESS
LOWEST:    -13 ON 27                               3 = THUNDER
                        SNOW, ICE PELLETS, HAIL    4 = ICE PELLETS
                        TOTAL MONTH:   0.0 INCH    5 = HAIL
                        GRTST 24HR     0.0         6 = FREEZING RAIN OR DRIZZLE
                        GRTST DEPTH:  M  ON   M    7 = DUSTSTORM OR SANDSTORM:
                                                       VSBY 1/2 MILE OR LESS
                                                   8 = SMOKE OR HAZE
[NO. OF DAYS WITH]      [WEATHER - DAYS WITH]      9 = BLOWING SNOW
                                                   X = TORNADO
MAX 32 OR BELOW:  12    0.01 INCH OR MORE:  10
MAX 90 OR ABOVE:   0    0.10 INCH OR MORE:   3
MIN 32 OR BELOW:  27    0.50 INCH OR MORE:   1
MIN  0 OR BELOW:   4    1.00 INCH OR MORE:   0

[HDD (BASE 65) ]
TOTAL THIS MO.  1199    CLEAR  (SCALE 0-3)   9
DPTR FM NORMAL  -106    PTCLDY (SCALE 4-7)  13
TOTAL FM JUL 1  4370    CLOUDY (SCALE 8-10)  5
DPTR FM NORMAL  -340

[CDD (BASE 65) ]
TOTAL THIS MO.     0
DPTR FM NORMAL     0    [PRESSURE DATA]
TOTAL FM JAN 1     0    HIGHEST SLP M ON M
DPTR FM NORMAL     0    LOWEST  SLP 29.58 ON 22

[REMARKS]
