000
CXUS54 KLZK 241230
CF6M19
PRELIMINARY LOCAL CLIMATOLOGICAL DATA (WS FORM: F-6)
STATION: NEWPORT AIRPORT
MONTH: APRIL
YEAR: 2024
LATITUDE: 35 35 N
LONGITUDE: 91 16 W
TEMPERATURE IN F: :PCPN: SNOW: WIND :SUNSHINE: SKY :PK WND
================================================================================
1 2 3 4 5 6A 6B 7 8 9 10 11 12 13 14 15 16 17 18
12Z AVG MX 2MIN
DY MAX MIN AVG DEP HDD CDD WTR SNW DPTH SPD SPD DIR MIN PSBL S-S WX SPD DR
================================================================================
1 74 67 71 15 0 6 0.00 M M 14.2 20 190 M M 9 31 190
2 79 48 64 8 1 0 T M M 20.2 29 310 M M 6 1 40 310
3 58 44 51 -5 14 0 0.00 M M 16.3 29 310 M M 2 39 300
4 66 44 55 -2 10 0 0.00 M M 13.0 22 300 M M 0 32 290
5 65 37 51 -6 14 0 0.00 M M 5.0 9 100 M M 0 8 M M
6 69 45 57 -1 8 0 0.00 M M 10.5 17 130 M M 0 8 21 130
7 80 56 68 10 0 3 T M M 16.3 30 220 M M 6 8 37 220
8 82 49 66 8 0 1 0.00 M M 7.7 18 160 M M 2 26 160
9 68 58 63 5 2 0 0.04 M M 9.1 16 210 M M 9 1 M M
10 68 58 63 4 2 0 0.35 M M 7.6 18 40 M M 9 1 30 10
11 71 52 62 3 3 0 0.22 M M 17.2 27 300 M M 4 1 38 300
12 74 46 60 1 5 0 0.00 M M 10.7 21 290 M M 0 31 290
13 84 47 66 6 0 1 0.00 M M 10.4 22 200 M M 0 30 210
14 79 59 69 9 0 4 0.00 M M 16.7 29 200 M M 0 36 200
15 81 59 70 10 0 5 T M M 10.3 21 190 M M 3 25 200
16 80 67 74 13 0 9 0.91 M M 16.4 28 190 M M 7 1 37 190
17 81 66 74 13 0 9 0.00 M M 10.2 17 200 M M 1 22 210
18 80 63 72 11 0 7 0.17 M M 13.1 22 200 M M 8 13 31 310
19 63 55 59 -3 6 0 0.03 M M 13.3 23 320 M M 10 31 330
20 60 49 55 -7 10 0 0.02 M M 11.3 18 10 M M 8 3 M M
21 64 43 54 -8 11 0 0.00 M M 11.4 17 20 M M 4 21 360
22 67 40 54 -8 11 0 0.00 M M 7.0 13 200 M M 0 20 200
23 76 46 61 -2 4 0 0.00 M M 14.7 23 200 M M 2 32 220
================================================================================
SM 1669 1198 101 45 1.74 M 282.6 M 90
================================================================================
AV 72.6 52.1 12.3 FASTST M M 4 MAX(MPH)
MISC ----> 30 220 40 310
================================================================================
NOTES:
# LAST OF SEVERAL OCCURRENCES
COLUMN 17 PEAK WIND IN M.P.H.
PRELIMINARY LOCAL CLIMATOLOGICAL DATA (WS FORM: F-6) , PAGE 2
STATION: NEWPORT AIRPORT
MONTH: APRIL
YEAR: 2024
LATITUDE: 35 35 N
LONGITUDE: 91 16 W
[TEMPERATURE DATA] [PRECIPITATION DATA] SYMBOLS USED IN COLUMN 16
AVERAGE MONTHLY: 62.3 TOTAL FOR MONTH: 1.74 1 = FOG OR MIST
DPTR FM NORMAL: 3.0 DPTR FM NORMAL: -1.93 2 = FOG REDUCING VISIBILITY
HIGHEST: 84 ON 13 GRTST 24HR 0.91 ON 16-16 TO 1/4 MILE OR LESS
LOWEST: 37 ON 5 3 = THUNDER
SNOW, ICE PELLETS, HAIL 4 = ICE PELLETS
TOTAL MONTH: M 5 = HAIL
GRTST 24HR M ON M 6 = FREEZING RAIN OR DRIZZLE
GRTST DEPTH: M ON M 7 = DUSTSTORM OR SANDSTORM:
VSBY 1/2 MILE OR LESS
8 = SMOKE OR HAZE
[NO. OF DAYS WITH] [WEATHER - DAYS WITH] 9 = BLOWING SNOW
X = TORNADO
MAX 32 OR BELOW: 0 0.01 INCH OR MORE: 7
MAX 90 OR ABOVE: 0 0.10 INCH OR MORE: 4
MIN 32 OR BELOW: 0 0.50 INCH OR MORE: 1
MIN 0 OR BELOW: 0 1.00 INCH OR MORE: 0
[HDD (BASE 65) ]
TOTAL THIS MO. 101 CLEAR (SCALE 0-3) 11
DPTR FM NORMAL -58 PTCLDY (SCALE 4-7) 7
TOTAL FM JUL 1 2909 CLOUDY (SCALE 8-10) 5
DPTR FM NORMAL -653
[CDD (BASE 65) ]
TOTAL THIS MO. 45
DPTR FM NORMAL 15 [PRESSURE DATA]
TOTAL FM JAN 1 63 HIGHEST SLP M ON M
DPTR FM NORMAL 26 LOWEST SLP M ON M
[REMARKS]