000
CXUS56 KHNX 231146
CF6MAE
PRELIMINARY LOCAL CLIMATOLOGICAL DATA (WS FORM: F-6)

                                          STATION:   MADERA CA AIRPORT
                                          MONTH:     AUGUST
                                          YEAR:      2016
                                          LATITUDE:   36 58 N
                                          LONGITUDE: 120  7 W

  TEMPERATURE IN F:       :PCPN:    SNOW:  WIND      :SUNSHINE: SKY     :PK WND
================================================================================
1   2   3   4   5  6A  6B    7    8   9   10  11  12  13   14  15   16   17  18
                                     12Z  AVG MX 2MIN
DY MAX MIN AVG DEP HDD CDD  WTR  SNW DPTH SPD SPD DIR MIN PSBL S-S WX    SPD DR
================================================================================

 1  98  63  81   3   0  16 0.00  0.0    0  6.3 12 300   M    M   0 8      14 290
 2  99  62  81   3   0  16 0.00  0.0    0  6.5 13 290   M    M   0        17 300
 3 101  62  82   4   0  17 0.00  0.0    0  6.5 13 290   M    M   0        17 280
 4  98  60  79   1   0  14 0.00  0.0    0  7.0 10 300   M    M   0         M  M
 5  91  59  75  -3   0  10 0.00  0.0    0  8.9 14 300   M    M   0        17 300
 6  96  56  76  -2   0  11 0.00  0.0    0  5.7 14 290   M    M   0        18 290
 7  94  58  76  -2   0  11 0.00  0.0    0  8.1 13 340   M    M   0        16 300
 8  98  57  78   0   0  13 0.00  0.0    0  5.7 12 300   M    M   0        14 300
 9  94  59  77  -1   0  12 0.00  0.0    0  6.5 12 330   M    M   0        14 290
10  97  60  79   1   0  14 0.00  0.0    0  4.7 10 300   M    M   0 8      15 320
11  99  59  79   1   0  14 0.00  0.0    0  5.2 10 300   M    M   0        14 310
12 101  60  81   4   0  16 0.00  0.0    0  6.1 14 330   M    M   0        18 340
13 104  62  83   6   0  18 0.00  0.0    0  5.3 15 340   M    M   0 8      18 350
14 106  62  84   7   0  19 0.00  0.0    0  5.1 12 310   M    M   0 8      16 310
15 101  65  83   6   0  18 0.00  0.0    0  7.2 12 300   M    M   0        15 340
16 101  60  81   4   0  16 0.00  0.0    0  5.5 12 300   M    M   0        14 300
17 105  64  85   8   0  20 0.00  0.0    0  4.3 10 290   M    M   0        13 300
18 100  65  83   6   0  18 0.00  0.0    0  4.4 10 300   M    M   0 8      14 300
19 100  62  81   4   0  16 0.00  0.0    0  5.2 10 330   M    M   0 8      13 330
20  99  62  81   4   0  16 0.00  0.0    0  6.9 12 300   M    M   0 8      15 300
21  99  63  81   4   0  16 0.00  0.0    0  6.5 13 280   M    M   0 8      16 280
22  96  62  79   3   0  14 0.00  0.0    0  6.6 13 280   M    M   0        16 270
================================================================================
SM 2177 1342         0 335  0.00     0.0 134.2          M        0
================================================================================
AV 99.0 61.0                               6.1 FASTST   M    M   0    MAX(MPH)
                                 MISC ---->  # 15 340               # 18  290
================================================================================
NOTES:
# LAST OF SEVERAL OCCURRENCES

COLUMN 17 PEAK WIND IN M.P.H.

PRELIMINARY LOCAL CLIMATOLOGICAL DATA (WS FORM: F-6) , PAGE 2

                                          STATION:  MADERA CA AIRPORT
                                          MONTH:    AUGUST
                                          YEAR:     2016
                                          LATITUDE:   36 58 N
                                          LONGITUDE: 120  7 W

[TEMPERATURE DATA]      [PRECIPITATION DATA]       SYMBOLS USED IN COLUMN 16

AVERAGE MONTHLY: 80.0   TOTAL FOR MONTH:   0.00    1 = FOG OR MIST
DPTR FM NORMAL:   2.5   DPTR FM NORMAL:    0.00    2 = FOG REDUCING VISIBILITY
HIGHEST:   106 ON 14    GRTST 24HR  0.00 ON 22-22      TO 1/4 MILE OR LESS
LOWEST:     56 ON  6                               3 = THUNDER
                        SNOW, ICE PELLETS, HAIL    4 = ICE PELLETS
                        TOTAL MONTH:   0.0 INCH    5 = HAIL
                        GRTST 24HR     0.0         6 = FREEZING RAIN OR DRIZZLE
                        GRTST DEPTH:   0           7 = DUSTSTORM OR SANDSTORM:
                                                       VSBY 1/2 MILE OR LESS
                                                   8 = SMOKE OR HAZE
[NO. OF DAYS WITH]      [WEATHER - DAYS WITH]      9 = BLOWING SNOW
                                                   X = TORNADO
MAX 32 OR BELOW:   0    0.01 INCH OR MORE:   0
MAX 90 OR ABOVE:  22    0.10 INCH OR MORE:   0
MIN 32 OR BELOW:   0    0.50 INCH OR MORE:   0
MIN  0 OR BELOW:   0    1.00 INCH OR MORE:   0

[HDD (BASE 65) ]
TOTAL THIS MO.     0    CLEAR  (SCALE 0-3)  22
DPTR FM NORMAL     0    PTCLDY (SCALE 4-7)   0
TOTAL FM JUL 1     0    CLOUDY (SCALE 8-10)  0
DPTR FM NORMAL     0

[CDD (BASE 65) ]
TOTAL THIS MO.   335
DPTR FM NORMAL    60    [PRESSURE DATA]
TOTAL FM JAN 1  1389    HIGHEST SLP M ON M
DPTR FM NORMAL   264    LOWEST  SLP 29.70 ON M

[REMARKS]
