000
CXUS56 KHNX 301146
CF6MAE
PRELIMINARY LOCAL CLIMATOLOGICAL DATA (WS FORM: F-6)

                                          STATION:   MADERA CA AIRPORT
                                          MONTH:     APRIL
                                          YEAR:      2017
                                          LATITUDE:   36 58 N
                                          LONGITUDE: 120  7 W

  TEMPERATURE IN F:       :PCPN:    SNOW:  WIND      :SUNSHINE: SKY     :PK WND
================================================================================
1   2   3   4   5  6A  6B    7    8   9   10  11  12  13   14  15   16   17  18
                                     12Z  AVG MX 2MIN
DY MAX MIN AVG DEP HDD CDD  WTR  SNW DPTH SPD SPD DIR MIN PSBL S-S WX    SPD DR
================================================================================

 1  76  44  60   4   5   0 0.00  0.0    0  5.1 13 290   M    M   0        16 330
 2  79  48  64   8   1   0 0.00  0.0    0  4.7 15 330   M    M   0        20 320
 3  77  44  61   5   4   0 0.00  0.0    0  9.2 21 330   M    M   0 1      27 340
 4  79  45  62   5   3   0 0.00  0.0    0  4.3 12 300   M    M   0        15 320
 5  83  47  65   8   0   0 0.00  0.0    0  4.2 10 290   M    M   0        16 110
 6  69  55  62   5   3   0 0.08  0.0    0  7.7 22 110   M    M   5        27 110
 7  62  53  58   1   7   0 0.11  0.0    0 14.5 25 120   M    M   7 1      34 120
 8  61  41  51  -7  14   0    T  0.0    0  9.7 25 290   M    M   3        32 290
 9  66  35  51  -7  14   0 0.00  0.0    0  3.6 12 300   M    M   1 12     15 310
10  71  38  55  -3  10   0 0.00  0.0    0  5.1 12 320   M    M   0        18 310
11  75  50  63   5   2   0 0.00  0.0    0  4.4 13 280   M    M   4        15 130
12  80  53  67   9   0   2 0.00  0.0    0  9.2 21 150   M    M   4        25 160
13  68  49  59   0   6   0 0.06  0.0    0  8.4 17 310   M    M   2 1      24 310
14  68  42  55  -4  10   0 0.00  0.0    0 12.0 21 330   M    M   0        28 330
15  73  39  56  -3   9   0 0.00  0.0    0  3.3 10 280   M    M   0        12 290
16  76  49  63   3   2   0 0.09  0.0    0  6.5 22 290   M    M   4 1      31 280
17  73  55  64   4   1   0    T  0.0    0  8.1 16 330   M    M   5 1      21 320
18  68  51  60   0   5   0 0.13  0.0    0  7.7 15 350   M    M   7 1      20 320
19  75  47  61   1   4   0 0.00  0.0    0  7.9 15 310   M    M   0 1      24 340
20  75  48  62   1   3   0 0.00  0.0    0 11.4 26 340   M    M   0        30 340
21  78  44  61   0   4   0 0.00  0.0    0  3.9 10 330   M    M   0        14 270
22  80  49  65   4   0   0 0.00  0.0    0  7.5 18 340   M    M   0        23 340
23  76  52  64   2   1   0 0.00  0.0    0 11.1 21 340   M    M   0        24 350
24  71  50  61  -1   4   0 0.00  0.0    0 13.8 24 320   M    M   3        30 310
25  74  49  62   0   3   0 0.00  0.0    0 12.5 24 310   M    M   0        29 300
26  75  51  63   1   2   0 0.00  0.0    0  7.5 14 340   M    M   6        17 320
27  78  53  66   3   0   1 0.00  0.0    0 15.0 29 310   M    M   0        37 300
28  79  49  64   1   1   0 0.00  0.0    0 16.4 33 330   M    M   0 8      41 330
29  80  42  61  -2   4   0 0.00  0.0    0  4.6  9 310   M    M   0        12 310
================================================================================
SM 2145 1372       122   3  0.47     0.0 239.3          M       51
================================================================================
AV 74.0 47.3                               8.3 FASTST   M    M   2    MAX(MPH)
                                 MISC ---->  # 33 330               # 41  330
================================================================================
NOTES:
# LAST OF SEVERAL OCCURRENCES

COLUMN 17 PEAK WIND IN M.P.H.

PRELIMINARY LOCAL CLIMATOLOGICAL DATA (WS FORM: F-6) , PAGE 2

                                          STATION:  MADERA CA AIRPORT
                                          MONTH:    APRIL
                                          YEAR:     2017
                                          LATITUDE:   36 58 N
                                          LONGITUDE: 120  7 W

[TEMPERATURE DATA]      [PRECIPITATION DATA]       SYMBOLS USED IN COLUMN 16

AVERAGE MONTHLY: 60.6   TOTAL FOR MONTH:   0.47    1 = FOG OR MIST
DPTR FM NORMAL:   1.2   DPTR FM NORMAL:   -0.46    2 = FOG REDUCING VISIBILITY
HIGHEST:    83 ON  5    GRTST 24HR  0.19 ON  6- 7      TO 1/4 MILE OR LESS
LOWEST:     35 ON  9                               3 = THUNDER
                        SNOW, ICE PELLETS, HAIL    4 = ICE PELLETS
                        TOTAL MONTH:   0.0 INCH    5 = HAIL
                        GRTST 24HR     0.0         6 = FREEZING RAIN OR DRIZZLE
                        GRTST DEPTH:   0           7 = DUSTSTORM OR SANDSTORM:
                                                       VSBY 1/2 MILE OR LESS
                                                   8 = SMOKE OR HAZE
[NO. OF DAYS WITH]      [WEATHER - DAYS WITH]      9 = BLOWING SNOW
                                                   X = TORNADO
MAX 32 OR BELOW:   0    0.01 INCH OR MORE:   5
MAX 90 OR ABOVE:   0    0.10 INCH OR MORE:   2
MIN 32 OR BELOW:   0    0.50 INCH OR MORE:   0
MIN  0 OR BELOW:   0    1.00 INCH OR MORE:   0

[HDD (BASE 65) ]
TOTAL THIS MO.   122    CLEAR  (SCALE 0-3)  20
DPTR FM NORMAL   -60    PTCLDY (SCALE 4-7)   9
TOTAL FM JUL 1  2043    CLOUDY (SCALE 8-10)  0
DPTR FM NORMAL  -557

[CDD (BASE 65) ]
TOTAL THIS MO.     3
DPTR FM NORMAL   -17    [PRESSURE DATA]
TOTAL FM JAN 1     9    HIGHEST SLP M ON M
DPTR FM NORMAL   -12    LOWEST  SLP 29.79 ON  6

[REMARKS]
