000
CXUS54 KMAF 291100
CF6MAF
PRELIMINARY LOCAL CLIMATOLOGICAL DATA (WS FORM: F-6)

                                          STATION:   Midland International Airport
                                          MONTH:     MAY
                                          YEAR:      2016
                                          LATITUDE:   31 57 N
                                          LONGITUDE: 102 11 W

  TEMPERATURE IN F:       :PCPN:    SNOW:  WIND      :SUNSHINE: SKY     :PK WND
================================================================================
1   2   3   4   5  6A  6B    7    8   9   10  11  12  13   14  15   16   17  18
                                     12Z  AVG MX 2MIN
DY MAX MIN AVG DEP HDD CDD  WTR  SNW DPTH SPD SPD DIR MIN PSBL S-S WX    SPD DR
================================================================================

 1  64  52  58 -11   7   0 0.00  0.0    0 19.0 33  50   M    M   8        39  60
 2  72  46  59 -11   6   0 0.03  0.0    0  9.9 20 360   M    M   5        24 360
 3  82  49  66  -4   0   1 0.00  0.0    0  7.9 29 360   M    M   0        36 360
 4  86  47  67  -3   0   2 0.00  0.0    0  5.3 15  60   M    M   0        20  20
 5  89  48  69  -1   0   4 0.00  0.0    0  8.0 22 160   M    M   0        29 160
 6  92  56  74   3   0   9    T  0.0    0 19.8 35 150   M    M   0        42 140
 7  95  64  80   9   0  15    T  0.0    0 20.0 43 160   M    M   0 38     57 170
 8  94  67  81  10   0  16    T  0.0    0 15.8 35 260   M    M   2        42 270
 9  88  60  74   2   0   9 0.00  0.0    0 19.1 38 260   M    M   1 1      52 280
10  96  59  78   6   0  13 0.00  0.0    0 11.5 25 240   M    M   0        36 210
11  95  67  81   9   0  16 0.00  0.0    0 10.8 21 210   M    M   1 18     26 200
12  81  65  73   1   0   8 0.00  0.0    0 14.1 32  60   M    M   4 8      39  60
13  91  65  78   5   0  13 0.00  0.0    0 12.7 25 190   M    M   4 8      34 190
14  76  58  67  -6   0   2    T  0.0    0 15.5 28  70   M    M   4        34  70
15  75  56  66  -7   0   1 0.03  0.0    0 14.4 23 130   M    M   8 18     29 140
16  97  60  79   5   0  14 0.00  0.0    0 14.9 28 190   M    M   1        34 180
17  75  54  65  -9   0   0 0.01  0.0    0 18.4 29  30   M    M   5 18     34  20
18  55  51  53 -21  12   0 0.19  0.0    0 11.9 24  30   M    M   9 1      31  30
19  70  54  62 -12   3   0 0.00  0.0    0  5.3 14  80   M    M   7 18     15  80
20  92  54  73  -2   0   8 0.00  0.0    0 10.5 20 170   M    M   3 12     24 190
21  93  68  81   6   0  16 0.00  0.0    0 17.0 28 160   M    M   2 8      37 140
22  98  74  86  11   0  21 0.00  0.0    0 17.0 29 160   M    M   5 8      36 160
23 101  75  88  12   0  23 0.00  0.0    0 15.2 35 170   M    M   4 38     39 170
24  99  73  86  10   0  21 0.00  0.0    0 14.9 24 180   M    M   3 8      33 170
25 100  69  85   9   0  20    T  0.0    0 13.7 28 180   M    M   0 18     36 180
26  99  73  86  10   0  21    T  0.0    0 14.1 43 260   M    M   1 38     55 260
27  91  62  77   0   0  12 0.00  0.0    0 11.8 24 240   M    M   0        33 240
28  97  58  78   1   0  13 0.00  0.0    0 10.3 26 170   M    M   1 3      31 150
================================================================================
SM 2443 1684        28 278  0.26     0.0 378.8          M       78
================================================================================
AV 87.2 60.1                              13.5 FASTST   M    M   3    MAX(MPH)
                                 MISC ---->  # 43 160               # 57  170
================================================================================
NOTES:
# LAST OF SEVERAL OCCURRENCES

COLUMN 17 PEAK WIND IN M.P.H.

PRELIMINARY LOCAL CLIMATOLOGICAL DATA (WS FORM: F-6) , PAGE 2

                                          STATION:  Midland International Airport
                                          MONTH:    MAY
                                          YEAR:     2016
                                          LATITUDE:   31 57 N
                                          LONGITUDE: 102 11 W

[TEMPERATURE DATA]      [PRECIPITATION DATA]       SYMBOLS USED IN COLUMN 16

AVERAGE MONTHLY: 73.7   TOTAL FOR MONTH:   0.26    1 = FOG OR MIST
DPTR FM NORMAL:   0.6   DPTR FM NORMAL:   -1.25    2 = FOG REDUCING VISIBILITY
HIGHEST:   101 ON 23    GRTST 24HR  0.19 ON 18-18      TO 1/4 MILE OR LESS
LOWEST:     46 ON  2                               3 = THUNDER
                        SNOW, ICE PELLETS, HAIL    4 = ICE PELLETS
                        TOTAL MONTH:   0.0 INCH    5 = HAIL
                        GRTST 24HR     0.0         6 = FREEZING RAIN OR DRIZZLE
                        GRTST DEPTH:   0           7 = DUSTSTORM OR SANDSTORM:
                                                       VSBY 1/2 MILE OR LESS
                                                   8 = SMOKE OR HAZE
[NO. OF DAYS WITH]      [WEATHER - DAYS WITH]      9 = BLOWING SNOW
                                                   X = TORNADO
MAX 32 OR BELOW:   0    0.01 INCH OR MORE:   4
MAX 90 OR ABOVE:  16    0.10 INCH OR MORE:   1
MIN 32 OR BELOW:   0    0.50 INCH OR MORE:   0
MIN  0 OR BELOW:   0    1.00 INCH OR MORE:   0

[HDD (BASE 65) ]
TOTAL THIS MO.    28    CLEAR  (SCALE 0-3)  16
DPTR FM NORMAL    15    PTCLDY (SCALE 4-7)  11
TOTAL FM JUL 1  2073    CLOUDY (SCALE 8-10)  1
DPTR FM NORMAL  -596

[CDD (BASE 65) ]
TOTAL THIS MO.   278
DPTR FM NORMAL    33    [PRESSURE DATA]
TOTAL FM JAN 1   451    HIGHEST SLP M ON M
DPTR FM NORMAL    98    LOWEST  SLP 29.47 ON  8

[REMARKS]
