000
CXUS54 KMAF 271100
CF6MAF
PRELIMINARY LOCAL CLIMATOLOGICAL DATA (WS FORM: F-6)

                                          STATION:   Midland International Airport
                                          MONTH:     DECEMBER
                                          YEAR:      2014
                                          LATITUDE:   31 57 N
                                          LONGITUDE: 102 11 W

  TEMPERATURE IN F:       :PCPN:    SNOW:  WIND      :SUNSHINE: SKY     :PK WND
================================================================================
1   2   3   4   5  6A  6B    7    8   9   10  11  12  13   14  15   16   17  18
                                     12Z  AVG MX 2MIN
DY MAX MIN AVG DEP HDD CDD  WTR  SNW DPTH SPD SPD DIR MIN PSBL S-S WX    SPD DR
================================================================================

 1  54  26  40  -7  25   0 0.00  0.0    0 11.8 30  30   M    M   5        35  30
 2  60  36  48   1  17   0 0.00  0.0    0  8.3 15 160   M    M   4        16 170
 3  73  43  58  12   7   0 0.00  0.0    0  5.5 12 170   M    M   0 18     14 180
 4  63  48  56  10   9   0 0.00  0.0    0 12.9 18 150   M    M   7 18     23 160
 5  73  47  60  14   5   0 0.00  0.0    0 10.1 18 340   M    M   1 12     24 340
 6  64  39  52   6  13   0 0.00  0.0    0  8.6 16  60   M    M   0        23  80
 7  55  46  51   5  14   0 0.01    M    0  6.7 16  90   M    M   8 1      19  90
 8  64  39  52   7  13   0 0.00  0.0    0  3.5 10 170   M    M   5 128    13 200
 9  59  40  50   5  15   0 0.00  0.0    0  5.6 15 160   M    M   5 18     17 160
10  59  51  55  10  10   0 0.00  0.0    0 10.2 18 160   M    M   9 18     21 180
11  60  54  57  12   8   0 0.00  0.0    0  5.6 15 150   M    M  10 18     17 150
12  72  49  61  16   4   0 0.00  0.0    0  9.1 16 180   M    M   5 1      21 170
13  72  54  63  19   2   0 0.00  0.0    0 15.3 25 170   M    M   3 18     32 180
14  67  43  55  11  10   0 0.00  0.0    0 18.7 36 240   M    M   2 78     45 240
15  65  38  52   8  13   0 0.00  0.0    0  6.2 14  80   M    M   0        16 330
16  55  37  46   2  19   0 0.00  0.0    0 11.9 18 130   M    M   4        22 130
17  66  47  57  13   8   0 0.00  0.0    0 13.9 23 270   M    M   5        27 260
18  64  39  52   8  13   0 0.00  0.0    0  6.4 13  60   M    M   0        15  70
19  54  37  46   2  19   0 0.00  0.0    0  6.0 16  40   M    M   5 18     19  40
20  60  32  46   2  19   0 0.00  0.0    0  7.1 16 220   M    M   4 128    19 190
21  68  40  54  10  11   0 0.00  0.0    0 13.4 25 240   M    M   4 12     32 240
22  69  43  56  12   9   0 0.02    M    0 13.2 26 310   M    M   0        34 320
23  48  37  43  -1  22   0 0.17    M    0 17.8 31 350   M    M   7 1      38 360
24  49  31  40  -3  25   0 0.00  0.0    0 11.1 24 360   M    M   1        29  10
25  63  36  50   7  15   0 0.00  0.0    0 18.1 22 180   M    M   0        31 200
26  68  41  55  12  10   0 0.00  0.0    0 10.9 23 180   M    M   0        27 180
================================================================================
SM 1624 1073       335   0  0.20     0.0 267.9          M       94
================================================================================
AV 62.5 41.3                              10.3 FASTST   M    M   4    MAX(MPH)
                                 MISC ---->  # 36 240               # 45  240
================================================================================
NOTES:
# LAST OF SEVERAL OCCURRENCES

COLUMN 17 PEAK WIND IN M.P.H.

PRELIMINARY LOCAL CLIMATOLOGICAL DATA (WS FORM: F-6) , PAGE 2

                                          STATION:  Midland International Airport
                                          MONTH:    DECEMBER
                                          YEAR:     2014
                                          LATITUDE:   31 57 N
                                          LONGITUDE: 102 11 W

[TEMPERATURE DATA]      [PRECIPITATION DATA]       SYMBOLS USED IN COLUMN 16

AVERAGE MONTHLY: 51.9   TOTAL FOR MONTH:   0.20    1 = FOG OR MIST
DPTR FM NORMAL:   7.2   DPTR FM NORMAL:   -0.31    2 = FOG REDUCING VISIBILITY
HIGHEST:    73 ON  5, 3 GRTST 24HR  0.19 ON 22-23      TO 1/4 MILE OR LESS
LOWEST:     26 ON  1                               3 = THUNDER
                        SNOW, ICE PELLETS, HAIL    4 = ICE PELLETS
                        TOTAL MONTH:   0.0 INCH    5 = HAIL
                        GRTST 24HR     0.0         6 = FREEZING RAIN OR DRIZZLE
                        GRTST DEPTH:   0           7 = DUSTSTORM OR SANDSTORM:
                                                       VSBY 1/2 MILE OR LESS
                                                   8 = SMOKE OR HAZE
[NO. OF DAYS WITH]      [WEATHER - DAYS WITH]      9 = BLOWING SNOW
                                                   X = TORNADO
MAX 32 OR BELOW:   0    0.01 INCH OR MORE:   3
MAX 90 OR ABOVE:   0    0.10 INCH OR MORE:   1
MIN 32 OR BELOW:   3    0.50 INCH OR MORE:   0
MIN  0 OR BELOW:   0    1.00 INCH OR MORE:   0

[HDD (BASE 65) ]
TOTAL THIS MO.   335    CLEAR  (SCALE 0-3)  11
DPTR FM NORMAL  -194    PTCLDY (SCALE 4-7)  13
TOTAL FM JUL 1   783    CLOUDY (SCALE 8-10)  2
DPTR FM NORMAL  -225

[CDD (BASE 65) ]
TOTAL THIS MO.     0
DPTR FM NORMAL     0    [PRESSURE DATA]
TOTAL FM JAN 1  2692    HIGHEST SLP M ON M
DPTR FM NORMAL   413    LOWEST  SLP 29.54 ON 22

[REMARKS]
