000
CXUS54 KMAF 251100
CF6MAF
PRELIMINARY LOCAL CLIMATOLOGICAL DATA (WS FORM: F-6)

                                          STATION:   Midland International Airport
                                          MONTH:     MAY
                                          YEAR:      2017
                                          LATITUDE:   31 57 N
                                          LONGITUDE: 102 11 W

  TEMPERATURE IN F:       :PCPN:    SNOW:  WIND      :SUNSHINE: SKY     :PK WND
================================================================================
1   2   3   4   5  6A  6B    7    8   9   10  11  12  13   14  15   16   17  18
                                     12Z  AVG MX 2MIN
DY MAX MIN AVG DEP HDD CDD  WTR  SNW DPTH SPD SPD DIR MIN PSBL S-S WX    SPD DR
================================================================================

 1  87  52  70   1   0   5 0.00  0.0    0 11.1 23 310   M    M   0        29 270
 2  94  55  75   5   0  10 0.00  0.0    0 12.4 23 170   M    M   0        29 160
 3  80  59  70   0   0   5 0.00  0.0    0 17.0 32  40   M    M   0 8      42  40
 4  79  48  64  -6   1   0 0.00  0.0    0  8.8 22  50   M    M   0        29  50
 5  85  48  67  -3   0   2 0.00  0.0    0  6.9 14 140   M    M   0        16 140
 6  92  54  73   2   0   8 0.00  0.0    0 14.1 24 150   M    M   0        30 150
 7  90  62  76   5   0  11 0.00  0.0    0 20.1 31 150   M    M   0        40 150
 8  83  64  74   3   0   9 0.00  0.0    0 20.2 31 130   M    M   5        38 140
 9  86  68  77   5   0  12 0.00  0.0    0 19.3 31 130   M    M   6        37 140
10  86  63  75   3   0  10 0.05  0.0    0 15.3 33 170   M    M   2 138    41 160
11  84  52  68  -4   0   3 0.00  0.0    0 11.3 22 290   M    M   1 8      28 300
12  83  54  69  -3   0   4 0.00  0.0    0  9.8 21  30   M    M   0        27  20
13  90  54  72  -1   0   7 0.00  0.0    0 10.1 20 130   M    M   0        28 160
14  98  63  81   8   0  16    T  0.0    0 10.9 25 170   M    M   1 3      32 170
15  94  71  83  10   0  18 0.00  0.0    0 19.0 29 170   M    M   1        36 170
16  99  70  85  11   0  20 0.06  0.0    0 18.4 35 230   M    M   4 38     44 210
17  89  63  76   2   0  11 0.00  0.0    0 15.0 26 230   M    M   0        35 230
18  93  63  78   4   0  13 0.00  0.0    0 12.2 25 240   M    M   0 8      33 240
19  91  61  76   2   0  11 0.27  0.0    0  9.4 28 310   M    M   1 3      32 310
20  79  57  68  -7   0   3 0.00  0.0    0 13.3 29  30   M    M   3        34  30
21  71  58  65 -10   0   0    T  0.0    0 14.2 24 130   M    M   6 3      32  90
22  78  58  68  -7   0   3 0.20  0.0    0  8.1 29 300   M    M   6 138    46 310
23  70  56  63 -13   2   0 0.00  0.0    0 12.8 26  10   M    M   4        31  10
24  89  50  70  -6   0   5 0.00  0.0    0 11.2 21 180   M    M   0        26 220
================================================================================
SM 2070 1403         3 186  0.58     0.0 320.9          M       40
================================================================================
AV 86.3 58.5                              13.4 FASTST   M    M   2    MAX(MPH)
                                 MISC ---->  # 35 230               # 46  310
================================================================================
NOTES:
# LAST OF SEVERAL OCCURRENCES

COLUMN 17 PEAK WIND IN M.P.H.

PRELIMINARY LOCAL CLIMATOLOGICAL DATA (WS FORM: F-6) , PAGE 2

                                          STATION:  Midland International Airport
                                          MONTH:    MAY
                                          YEAR:     2017
                                          LATITUDE:   31 57 N
                                          LONGITUDE: 102 11 W

[TEMPERATURE DATA]      [PRECIPITATION DATA]       SYMBOLS USED IN COLUMN 16

AVERAGE MONTHLY: 72.4   TOTAL FOR MONTH:   0.58    1 = FOG OR MIST
DPTR FM NORMAL:  -0.2   DPTR FM NORMAL:   -0.64    2 = FOG REDUCING VISIBILITY
HIGHEST:    99 ON 16    GRTST 24HR  0.27 ON 19-19      TO 1/4 MILE OR LESS
LOWEST:     48 ON  5, 4                            3 = THUNDER
                        SNOW, ICE PELLETS, HAIL    4 = ICE PELLETS
                        TOTAL MONTH:   0.0 INCH    5 = HAIL
                        GRTST 24HR     0.0         6 = FREEZING RAIN OR DRIZZLE
                        GRTST DEPTH:   0           7 = DUSTSTORM OR SANDSTORM:
                                                       VSBY 1/2 MILE OR LESS
                                                   8 = SMOKE OR HAZE
[NO. OF DAYS WITH]      [WEATHER - DAYS WITH]      9 = BLOWING SNOW
                                                   X = TORNADO
MAX 32 OR BELOW:   0    0.01 INCH OR MORE:   4
MAX 90 OR ABOVE:   9    0.10 INCH OR MORE:   2
MIN 32 OR BELOW:   0    0.50 INCH OR MORE:   0
MIN  0 OR BELOW:   0    1.00 INCH OR MORE:   0

[HDD (BASE 65) ]
TOTAL THIS MO.     3    CLEAR  (SCALE 0-3)  18
DPTR FM NORMAL   -10    PTCLDY (SCALE 4-7)   6
TOTAL FM JUL 1  1680    CLOUDY (SCALE 8-10)  0
DPTR FM NORMAL  -989

[CDD (BASE 65) ]
TOTAL THIS MO.   186
DPTR FM NORMAL   -12    [PRESSURE DATA]
TOTAL FM JAN 1   462    HIGHEST SLP M ON M
DPTR FM NORMAL   156    LOWEST  SLP 29.37 ON 16

[REMARKS]
