000
CXUS55 KABR 271400
CF6MBG
PRELIMINARY LOCAL CLIMATOLOGICAL DATA (WS FORM: F-6)

                                          STATION:   MOBRIDGE SD
                                          MONTH:     MARCH
                                          YEAR:      2015
                                          LATITUDE:   45 32 N
                                          LONGITUDE: 100 25 W

  TEMPERATURE IN F:       :PCPN:    SNOW:  WIND      :SUNSHINE: SKY     :PK WND
================================================================================
1   2   3   4   5  6A  6B    7    8   9   10  11  12  13   14  15   16   17  18
                                     12Z  AVG MX 2MIN
DY MAX MIN AVG DEP HDD CDD  WTR  SNW DPTH SPD SPD DIR MIN PSBL S-S WX    SPD DR
================================================================================

 1  32   1  17  -8  48   0    T    T    0  7.2 22 320   M    M   3 8      27 320
 2  47   5  26   0  39   0 0.00  0.0    T 13.4 30 170   M    M   0        37 170
 3  33   0  17  -9  48   0    T    T    T 20.6 37 340   M    M   5        45 340
 4  13  -3   5 -22  60   0 0.00  0.0    T 12.4 25 330   M    M   3        31 310
 5  39  -3  18  -9  47   0 0.00  0.0    T 11.1 21 180   M    M   0        27 180
 6  53  14  34   7  31   0 0.00  0.0    0  3.8 14 350   M    M   3        18 350
 7  51  31  41  13  24   0    T  0.0    0  7.0 16 340   M    M   6        22 340
 8  58  25  42  14  23   0 0.00  0.0    0  5.6 14 320   M    M   0        20 300
 9  64  26  45  16  20   0 0.00  0.0    0  4.3 17 320   M    M   2 8      20 320
10  61  27  44  15  21   0 0.00  0.0    0  9.6 21 350   M    M   0        26  10
11  71  29  50  20  15   0 0.00  0.0    0 11.6 23 170   M    M   0        26 170
12  74  32  53  23  12   0 0.00  0.0    0  5.9 14 310   M    M   0        17 310
13  66  30  48  18  17   0 0.00  0.0    0  8.2 22 320   M    M   0        25 360
14  71  28  50  19  15   0 0.00  0.0    0 11.6 24 170   M    M   0        31 180
15  79  47  63  32   2   0 0.00  0.0    0  9.4 24  50   M    M   0        30  50
16  56  23  40   8  25   0 0.00  0.0    0 12.7 32  10   M    M   3        41  10
17  43  17  30  -2  35   0 0.00  0.0    0  4.9 13 190   M    M   3        15 190
18  51  36  44  11  21   0 0.00  0.0    0 17.1 31 140   M    M  10        36 150
19  47  25  36   3  29   0 0.00  0.0    0 10.7 28 310   M    M   6        35 310
20  69  27  48  14  17   0 0.00  0.0    0 12.6 26  10   M    M   2        34  10
21  50  21  36   2  29   0 0.00  0.0    0 15.8 29  90   M    M   3        36 100
22  36  22  29  -5  36   0 0.01    T    0 10.0 25 100   M    M   4        31  90
23  62  23  43   8  22   0 0.00  0.0    0 10.7 18 140   M    M   1        21 150
24  53  35  44   9  21   0    T  0.0    0 21.2 31 320   M    M   9        40 330
25  45  17  31  -5  34   0 0.00  0.0    0 17.8 37 330   M    M   6        45 330
26  42  19  31  -5  34   0    T    T    0  4.7 12 100   M    M   7 18     15  90
================================================================================
SM 1366  554       725   0  0.01    T    279.9          M       76
================================================================================
AV 52.5 21.3                              10.8 FASTST   M    M   3    MAX(MPH)
                                 MISC ---->  # 37 340               # 45  340
================================================================================
NOTES:
# LAST OF SEVERAL OCCURRENCES

COLUMN 17 PEAK WIND IN M.P.H.

PRELIMINARY LOCAL CLIMATOLOGICAL DATA (WS FORM: F-6) , PAGE 2

                                          STATION:  MOBRIDGE SD
                                          MONTH:    MARCH
                                          YEAR:     2015
                                          LATITUDE:   45 32 N
                                          LONGITUDE: 100 25 W

[TEMPERATURE DATA]      [PRECIPITATION DATA]       SYMBOLS USED IN COLUMN 16

AVERAGE MONTHLY: 36.9   TOTAL FOR MONTH:   0.01    1 = FOG OR MIST
DPTR FM NORMAL:   6.2   DPTR FM NORMAL:   -0.70    2 = FOG REDUCING VISIBILITY
HIGHEST:    79 ON 15    GRTST 24HR  0.01 ON 22-22      TO 1/4 MILE OR LESS
LOWEST:     -3 ON  5, 4                            3 = THUNDER
                        SNOW, ICE PELLETS, HAIL    4 = ICE PELLETS
                        TOTAL MONTH:    T          5 = HAIL
                        GRTST 24HR    T  ON 26-26  6 = FREEZING RAIN OR DRIZZLE
                        GRTST DEPTH:   0           7 = DUSTSTORM OR SANDSTORM:
                                                       VSBY 1/2 MILE OR LESS
                                                   8 = SMOKE OR HAZE
[NO. OF DAYS WITH]      [WEATHER - DAYS WITH]      9 = BLOWING SNOW
                                                   X = TORNADO
MAX 32 OR BELOW:   2    0.01 INCH OR MORE:   1
MAX 90 OR ABOVE:   0    0.10 INCH OR MORE:   0
MIN 32 OR BELOW:  23    0.50 INCH OR MORE:   0
MIN  0 OR BELOW:   3    1.00 INCH OR MORE:   0

[HDD (BASE 65) ]
TOTAL THIS MO.   725    CLEAR  (SCALE 0-3)  15
DPTR FM NORMAL  -166    PTCLDY (SCALE 4-7)   9
TOTAL FM JUL 1  6484    CLOUDY (SCALE 8-10)  2
DPTR FM NORMAL  -382

[CDD (BASE 65) ]
TOTAL THIS MO.     0
DPTR FM NORMAL     0    [PRESSURE DATA]
TOTAL FM JAN 1     0    HIGHEST SLP M ON M
DPTR FM NORMAL     0    LOWEST  SLP 29.72 ON 16

[REMARKS]
