000
CXUS55 KABR 211400
CF6MBG
PRELIMINARY LOCAL CLIMATOLOGICAL DATA (WS FORM: F-6)

                                          STATION:   MOBRIDGE SD
                                          MONTH:     FEBRUARY
                                          YEAR:      2018
                                          LATITUDE:   45 32 N
                                          LONGITUDE: 100 25 W

  TEMPERATURE IN F:       :PCPN:    SNOW:  WIND      :SUNSHINE: SKY     :PK WND
================================================================================
1   2   3   4   5  6A  6B    7    8   9   10  11  12  13   14  15   16   17  18
                                     12Z  AVG MX 2MIN
DY MAX MIN AVG DEP HDD CDD  WTR  SNW DPTH SPD SPD DIR MIN PSBL S-S WX    SPD DR
================================================================================

 1  14  -3   6 -11  59   0 0.00  0.0    0  9.4 18 330   M    M   0        23 330
 2  31   2  17  -1  48   0 0.00  0.0    0  7.1 16  70   M    M   5        20  60
 3  23   0  12  -6  53   0 0.10  1.0    T 14.8 24  10   M    M   9 18     29  20
 4   8 -12  -2 -20  67   0 0.01  0.1    1  9.2 20 350   M    M   1 8      25 340
 5   9 -14  -2 -20  67   0 0.00  0.0    1  8.8 23 330   M    M   4        28 330
 6  18 -15   2 -16  63   0    T    T    1  9.0 25 330   M    M   3        33 330
 7  14 -15   0 -18  65   0 0.03  0.8    1  4.6 17 310   M    M   4 1      21 310
 8  10  -3   4 -15  61   0 0.22  4.0    2  6.6 13  10   M    M   8 18     17  30
 9   3 -15  -6 -25  71   0    T    T    5  7.0 14 310   M    M   4 18     17 300
10   9 -23  -7 -26  72   0 0.00  0.0    5  4.5 13 260   M    M   0        16 270
11  17  -9   4 -15  61   0 0.02    T    5  6.6 14 330   M    M   4 8      18 280
12  12  -7   3 -17  62   0    T    T    5  8.5 20 140   M    M   8 8      27 100
13  29   6  18  -2  47   0    T    T    5  7.9 17 170   M    M   2        21 170
14  45  10  28   8  37   0 0.00  0.0    4  7.3 13 130   M    M   2        14 300
15  37  -3  17  -3  48   0 0.02  0.5    2 15.2 25 310   M    M   8        31 340
16  27  -9   9 -12  56   0 0.00  0.0    3  8.1 17 150   M    M   2        20 150
17  28  13  21   0  44   0    T    T    3  7.7 20 330   M    M   4        25 320
18  24  10  17  -4  48   0    T    T    3 19.8 33  90   M    M   8 8      41 100
19  10   5   8 -14  57   0 0.12  2.3    2 14.5 23 360   M    M   9 8      29 360
20  12  -9   2 -20  63   0 0.06    M    5 10.7 17 300   M    M   5 8      21 290
================================================================================
SM  380  -91      1149   0  0.58     8.7 187.3          M       90
================================================================================
AV 19.0 -4.5                               9.4 FASTST   M    M   5    MAX(MPH)
                                 MISC ---->  # 33  90               # 41  100
================================================================================
NOTES:
# LAST OF SEVERAL OCCURRENCES

COLUMN 17 PEAK WIND IN M.P.H.

PRELIMINARY LOCAL CLIMATOLOGICAL DATA (WS FORM: F-6) , PAGE 2

                                          STATION:  MOBRIDGE SD
                                          MONTH:    FEBRUARY
                                          YEAR:     2018
                                          LATITUDE:   45 32 N
                                          LONGITUDE: 100 25 W

[TEMPERATURE DATA]      [PRECIPITATION DATA]       SYMBOLS USED IN COLUMN 16

AVERAGE MONTHLY:  7.2   TOTAL FOR MONTH:   0.58    1 = FOG OR MIST
DPTR FM NORMAL: -12.2   DPTR FM NORMAL:    0.30    2 = FOG REDUCING VISIBILITY
HIGHEST:    45 ON 14    GRTST 24HR  0.22 ON  8- 8      TO 1/4 MILE OR LESS
LOWEST:    -23 ON 10                               3 = THUNDER
                        SNOW, ICE PELLETS, HAIL    4 = ICE PELLETS
                        TOTAL MONTH:   8.7 INCHES  5 = HAIL
                        GRTST 24HR   4.0 ON  8- 8  6 = FREEZING RAIN OR DRIZZLE
                        GRTST DEPTH:   5 ON 20,13  7 = DUSTSTORM OR SANDSTORM:
                                                       VSBY 1/2 MILE OR LESS
                                                   8 = SMOKE OR HAZE
[NO. OF DAYS WITH]      [WEATHER - DAYS WITH]      9 = BLOWING SNOW
                                                   X = TORNADO
MAX 32 OR BELOW:  18    0.01 INCH OR MORE:   8
MAX 90 OR ABOVE:   0    0.10 INCH OR MORE:   3
MIN 32 OR BELOW:  20    0.50 INCH OR MORE:   0
MIN  0 OR BELOW:  14    1.00 INCH OR MORE:   0

[HDD (BASE 65) ]
TOTAL THIS MO.  1149    CLEAR  (SCALE 0-3)   6
DPTR FM NORMAL   238    PTCLDY (SCALE 4-7)   9
TOTAL FM JUL 1  5453    CLOUDY (SCALE 8-10)  5
DPTR FM NORMAL  -191

[CDD (BASE 65) ]
TOTAL THIS MO.     0
DPTR FM NORMAL     0    [PRESSURE DATA]
TOTAL FM JAN 1     0    HIGHEST SLP M ON M
DPTR FM NORMAL     0    LOWEST  SLP 29.56 ON 18

[REMARKS]
