000
CXUS53 KDTX 240800
CF6MBS
PRELIMINARY LOCAL CLIMATOLOGICAL DATA (WS FORM: F-6)

                                          STATION:   TRI CITIES MI
                                          MONTH:     JULY
                                          YEAR:      2014
                                          LATITUDE:   43 31 N
                                          LONGITUDE:  84  5 W

  TEMPERATURE IN F:       :PCPN:    SNOW:  WIND      :SUNSHINE: SKY     :PK WND
================================================================================
1   2   3   4   5  6A  6B    7    8   9   10  11  12  13   14  15   16   17  18
                                     12Z  AVG MX 2MIN
DY MAX MIN AVG DEP HDD CDD  WTR  SNW DPTH SPD SPD DIR MIN PSBL S-S WX    SPD DR
================================================================================

 1  84  68  76   5   0  11 0.05  0.0    0 15.2 24 220   M    M   3 138    37 220
 2  74  62  68  -3   0   3 0.01  0.0    0 12.5 21 230   M    M   7        27 230
 3  72  53  63  -8   2   0 0.19  0.0    0  7.6 17 310   M    M   7 1      21 290
 4  78  50  64  -7   1   0 0.00  0.0    0  5.9 15 310   M    M   0        24 350
 5  81  54  68  -3   0   3 0.00  0.0    0  9.0 24 230   M    M   0        31 250
 6  82  60  71   0   0   6 0.75  0.0    0 11.7 22 230   M    M   4 13     26 220
 7  85  69  77   6   0  12 0.63  0.0    0 12.6 23 260   M    M   3 13     32 210
 8  78  64  71   0   0   6 0.27  0.0    0 11.6 28 280   M    M   5 1      37 280
 9  73  57  65  -6   0   0    T  0.0    0  7.9 13 230   M    M   6        17 260
10  75  55  65  -6   0   0 0.00  0.0    0  6.7 12  20   M    M   1        13  30
11  80  56  68  -3   0   3 0.00  0.0    0  4.4 13 190   M    M   0        21 230
12  83  64  74   3   0   9 0.18  0.0    0  7.8 14 210   M    M   4 1      20 210
13  82  65  74   3   0   9 0.73  0.0    0 11.7 22 290   M    M   5 138    28 260
14  80  62  71   0   0   6    T  0.0    0  5.9 16 190   M    M   5        19 190
15  69  55  62  -9   3   0 0.13  0.0    0 12.1 23 300   M    M   7 13     29 290
16  69  53  61 -10   4   0 0.02  0.0    0  8.4 18 290   M    M   7        23 290
17  78  52  65  -6   0   0 0.00  0.0    0  7.6 18 280   M    M   1        22 270
18  79  53  66  -5   0   1 0.00  0.0    0  3.6 10 180   M    M   2        20 180
19  81  59  70  -1   0   5 0.00  0.0    0  6.1 15  70   M    M   1        17  80
20  82  57  70  -1   0   5 0.00  0.0    0  3.6  9 150   M    M   3 12     13 180
21  86  65  76   5   0  11 0.00  0.0    0  7.3 15 210   M    M   1        19 220
22  88  67  78   7   0  13    T  0.0    0 10.9 23 230   M    M   2 3      28 210
23  76  63  70  -1   0   5 0.00  0.0    0 11.0 24 340   M    M   9        29 330
================================================================================
SM 1815 1363        10 108  2.96     0.0 201.1          M       83
================================================================================
AV 78.9 59.3                               8.7 FASTST   M    M   4    MAX(MPH)
                                 MISC ---->    28   M                 37    M
================================================================================
NOTES:
# LAST OF SEVERAL OCCURRENCES

COLUMN 17 PEAK WIND IN M.P.H.

PRELIMINARY LOCAL CLIMATOLOGICAL DATA (WS FORM: F-6) , PAGE 2

                                          STATION:  TRI CITIES MI
                                          MONTH:    JULY
                                          YEAR:     2014
                                          LATITUDE:   43 31 N
                                          LONGITUDE:  84  5 W

[TEMPERATURE DATA]      [PRECIPITATION DATA]       SYMBOLS USED IN COLUMN 16

AVERAGE MONTHLY: 69.1   TOTAL FOR MONTH:   2.96    1 = FOG OR MIST
DPTR FM NORMAL:  -1.9   DPTR FM NORMAL:    1.07    2 = FOG REDUCING VISIBILITY
HIGHEST:    88 ON 22    GRTST 24HR  1.38 ON  6- 7      TO 1/4 MILE OR LESS
LOWEST:     50 ON  4                               3 = THUNDER
                        SNOW, ICE PELLETS, HAIL    4 = ICE PELLETS
                        TOTAL MONTH:   0.0 INCH    5 = HAIL
                        GRTST 24HR     0.0         6 = FREEZING RAIN OR DRIZZLE
                        GRTST DEPTH:   0           7 = DUSTSTORM OR SANDSTORM:
                                                       VSBY 1/2 MILE OR LESS
                                                   8 = SMOKE OR HAZE
[NO. OF DAYS WITH]      [WEATHER - DAYS WITH]      9 = BLOWING SNOW
                                                   X = TORNADO
MAX 32 OR BELOW:   0    0.01 INCH OR MORE:  10
MAX 90 OR ABOVE:   0    0.10 INCH OR MORE:   7
MIN 32 OR BELOW:   0    0.50 INCH OR MORE:   3
MIN  0 OR BELOW:   0    1.00 INCH OR MORE:   0

[HDD (BASE 65) ]
TOTAL THIS MO.    10    CLEAR  (SCALE 0-3)  11
DPTR FM NORMAL     8    PTCLDY (SCALE 4-7)  11
TOTAL FM JUL 1    10    CLOUDY (SCALE 8-10)  1
DPTR FM NORMAL     8

[CDD (BASE 65) ]
TOTAL THIS MO.   108
DPTR FM NORMAL   -44    [PRESSURE DATA]
TOTAL FM JAN 1   313    HIGHEST SLP M ON M
DPTR FM NORMAL     1    LOWEST  SLP 29.64 ON  7

[REMARKS]
