000
CXUS55 KLIX 311000
CF6MCB
PRELIMINARY LOCAL CLIMATOLOGICAL DATA (WS FORM: F-6)

                                          STATION:   MCCOMB
                                          MONTH:     AUGUST
                                          YEAR:      2015
                                          LATITUDE:   31 10 N
                                          LONGITUDE:  90 28 W

  TEMPERATURE IN F:       :PCPN:    SNOW:  WIND      :SUNSHINE: SKY     :PK WND
================================================================================
1   2   3   4   5  6A  6B    7    8   9   10  11  12  13   14  15   16   17  18
                                     12Z  AVG MX 2MIN
DY MAX MIN AVG DEP HDD CDD  WTR  SNW DPTH SPD SPD DIR MIN PSBL S-S WX    SPD DR
================================================================================

 1  96  71  84   3   0  19 0.00  0.0    0  5.8 16 340   M    M   0        21 360
 2  97  71  84   3   0  19 0.00  0.0    0  3.6 14 140   M    M   1        17  80
 3  97  69  83   2   0  18 0.00  0.0    0  3.1 14 150   M    M   0 1      18 140
 4  96  71  84   3   0  19 0.00  0.0    0  3.5 14 160   M    M   0 1      18 150
 5  96  73  85   4   0  20 0.00  0.0    0  5.0 14 210   M    M   2 12     20 250
 6  96  76  86   5   0  21 0.00  0.0    0  8.2 16 260   M    M   1 1      23 230
 7  95  76  86   5   0  21 0.00  0.0    0  6.0 15 260   M    M   2 1      19 270
 8  98  77  88   7   0  23 0.00  0.0    0  7.3 16  50   M    M   1 3      29  40
 9 103  78  91  10   0  26 0.00  0.0    0  6.2 15 340   M    M   2        20 350
10 100  75  88   7   0  23 0.21  0.0    0  3.7 20 310   M    M   2 138    26 310
11  89  74  82   1   0  17 0.11  0.0    0  3.4 21 330   M    M   3 13     28 320
12  97  74  86   5   0  21 0.00  0.0    0  6.5 17 350   M    M   1        23 340
13  95  73  84   3   0  19 0.00  0.0    0  5.3 14 360   M    M   2        18 350
14  96  72  84   3   0  19 0.00  0.0    0  4.6 10  40   M    M   4        15  50
15  96  70  83   2   0  18 0.00  0.0    0  4.6 24 120   M    M   1 1      32 120
16  89  72  81   0   0  16 0.07  0.0    0  4.7 17 130   M    M   2 13     24 140
17  86  72  79  -2   0  14 0.32  0.0    0  4.2 16 190   M    M   5 13     22 180
18  91  72  82   1   0  17 0.41  0.0    0  4.7 20 200   M    M   2 13     27 200
19  81  73  77  -4   0  12 0.26  0.0    0  4.4 20 250   M    M   5 123    29 260
20  89  72  81   0   0  16 0.00  0.0    0  3.5 13 300   M    M   2 1      17 330
21  91  71  81   0   0  16 0.23  0.0    0  2.3 13 170   M    M   4 13     18 180
22  93  70  82   1   0  17 0.01  0.0    0  1.5 13 270   M    M   4 12     17 280
23  92  70  81   1   0  16 0.15  0.0    0  3.9 31 320   M    M   1 138    40 320
24  95  73  84   4   0  19 0.00  0.0    0  5.9 16 330   M    M   1        20 320
25  89  68  79  -1   0  14 0.00  0.0    0  7.4 16 330   M    M   0        23 360
26  89  63  76  -4   0  11 0.00  0.0    0  6.9 18 340   M    M   0        27 340
27  89  58  74  -6   0   9 0.00  0.0    0  5.5 15 360   M    M   0        19  10
28  92  64  78  -2   0  13 0.00  0.0    0  4.1 10 170   M    M   1        16  20
29  91  65  78  -2   0  13 0.00  0.0    0  3.3 14 120   M    M   2 18     17 160
30  93  65  79  -1   0  14 0.00  0.0    0  2.3 10 200   M    M   1 1      15 230
================================================================================
SM 2797 2128         0 520  1.77     0.0 141.4          M       52
================================================================================
AV 93.2 70.9                               4.7 FASTST   M    M   2    MAX(MPH)
                                 MISC ---->  # 31 320               # 40  320
================================================================================
NOTES:
# LAST OF SEVERAL OCCURRENCES

COLUMN 17 PEAK WIND IN M.P.H.

PRELIMINARY LOCAL CLIMATOLOGICAL DATA (WS FORM: F-6) , PAGE 2

                                          STATION:  MCCOMB
                                          MONTH:    AUGUST
                                          YEAR:     2015
                                          LATITUDE:   31 10 N
                                          LONGITUDE:  90 28 W

[TEMPERATURE DATA]      [PRECIPITATION DATA]       SYMBOLS USED IN COLUMN 16

AVERAGE MONTHLY: 82.1   TOTAL FOR MONTH:   1.77    1 = FOG OR MIST
DPTR FM NORMAL:   1.3   DPTR FM NORMAL:   -3.43    2 = FOG REDUCING VISIBILITY
HIGHEST:   103 ON  9    GRTST 24HR  0.66 ON 18-19      TO 1/4 MILE OR LESS
LOWEST:     58 ON 27                               3 = THUNDER
                        SNOW, ICE PELLETS, HAIL    4 = ICE PELLETS
                        TOTAL MONTH:   0.0 INCH    5 = HAIL
                        GRTST 24HR     0.0         6 = FREEZING RAIN OR DRIZZLE
                        GRTST DEPTH:   0           7 = DUSTSTORM OR SANDSTORM:
                                                       VSBY 1/2 MILE OR LESS
                                                   8 = SMOKE OR HAZE
[NO. OF DAYS WITH]      [WEATHER - DAYS WITH]      9 = BLOWING SNOW
                                                   X = TORNADO
MAX 32 OR BELOW:   0    0.01 INCH OR MORE:   9
MAX 90 OR ABOVE:  22    0.10 INCH OR MORE:   7
MIN 32 OR BELOW:   0    0.50 INCH OR MORE:   0
MIN  0 OR BELOW:   0    1.00 INCH OR MORE:   0

[HDD (BASE 65) ]
TOTAL THIS MO.     0    CLEAR  (SCALE 0-3)  24
DPTR FM NORMAL     0    PTCLDY (SCALE 4-7)   6
TOTAL FM JUL 1     0    CLOUDY (SCALE 8-10)  0
DPTR FM NORMAL     0

[CDD (BASE 65) ]
TOTAL THIS MO.   520
DPTR FM NORMAL    48    [PRESSURE DATA]
TOTAL FM JAN 1  2062    HIGHEST SLP M ON M
DPTR FM NORMAL   308    LOWEST  SLP 29.84 ON  2

[REMARKS]
