000
CXAK56 PAMC 310916
CF6MCG

PRELIMINARY LOCAL CLIMATOLOGICAL DATA (WS FORM: F-6)

                                          STATION:   MCGRATH
                                          MONTH:     08
                                          YEAR:      2016
                                          LATITUDE:   62 58 N
                                          LONGITUDE: 155 37 W

  TEMPERATURE IN F:       :PCPN:    SNOW:  WIND      :SUNSHINE: SKY     :PK WND
================================================================================
1   2   3   4   5  6A  6B    7     8   9   10  11  12  13   14  15   16  17  18
                                      12Z  AVG MX 2MIN
DY MAX MIN AVG DEP HDD CDD  WTR   SNW DPTH SPD SPD DIR MIN PSBL S-S WX   SPD DR
================================================================================

 1  67  56  62   4   3   0  0.01  0.0   0  4.4 13  160   M    M   M       15 170
 2  67  54  61   3   4   0  0.01  0.0   0  6.9 15  300   M    M   M 1     20 290
 3  66  50  58   1   7   0  0.00  0.0   0  2.8  9  270   M    M   M       11 270
 4  59  49  54  -3  11   0  0.25  0.0   0  0.0  6  280   M    M   M        7 290
 5  64  57  61   4   4   0  0.13  0.0   0  0.0  9  210   M    M   M 1     12 120
 6  62  55  59   2   6   0  0.51  0.0   0  4.6 14  240   M    M   M 1     19 240
 7  69  53  61   4   4   0  0.11  0.0   0  3.0 10  260   M    M   M       12 260
 8  62  55  59   3   6   0  0.26  0.0   0  4.9 10  150   M    M   M 1     14 190
 9  64  53  59   3   6   0  0.05  0.0   0  6.9 15  210   M    M   M       18 250
10  64  54  59   3   6   0  0.36  0.0   0  3.1 13  240   M    M   M 1     17 250
11  66  50  58   2   7   0  0.04  0.0   0  2.2 12  130   M    M   M 1     14 130
12  69  50  60   4   5   0  0.01  0.0   0  2.1  8  120   M    M   M 1     10 120
13  74  52  63   8   2   0     T  0.0   0  5.1 15   70   M    M   M       19  90
14  75  51  63   8   2   0  0.01  0.0   0  4.9 14   60   M    M   M       18 360
15  72  53  63   8   2   0  0.00  0.0   0  4.6 13  200   M    M   M       16 210
16  73  53  63   8   2   0  0.00  0.0   0  2.2 10  210   M    M   M 1     14 220
17  75  51  63   8   2   0  0.00  0.0   0  2.9 12   80   M    M   M       14  80
18  71  55  63   9   2   0     T  0.0   0  4.6 16  250   M    M   M       22 250
19  70  52  61   7   4   0  0.01  0.0   0  5.3 17  200   M    M   M       23 230
20  60  53  57   3   8   0  0.65  0.0   0 10.0 20  190   M    M   M 1     29 190
21  57  52  55   1  10   0  0.87  0.0   0  7.5 18  170   M    M   M 1     25 170
22  60  52  56   3   9   0  0.08  0.0   0  1.3 10  200   M    M   M 1     16 190
23  63  53  58   5   7   0  0.14  0.0   0  4.9 12  170   M    M   M 1     16 200
24  63  53  58   5   7   0  0.14  0.0   0  4.3 13  170   M    M   M 1     16 170
25  67  53  60   7   5   0  0.13  0.0   0  6.3 14  200   M    M   M 1     19 230
26  66  46  56   4   9   0  0.00  0.0   0  2.1  9  360   M    M   M 1     12 340
27  67  46  57   5   8   0  0.00  0.0   0  4.1 17  300   M    M   M 1     21 290
28  72  56  64  12   1   0  0.00  0.0   0  8.2 16   20   M    M   M       21  20
29  71  47  59   7   6   0  0.00  0.0   0  8.9 17   80   M    M   M       23  50
30  71  44  58   7   7   0  0.00  0.0   0  5.5 17   80   M    M   M       20  80
================================================================================
SM 2006 1558       162   0  3.77 0.0    133.6           M        M
================================================================================
AV 66.9 51.9                              4.5 FASTST  PSBL  %   M    MAX(MPH)
                                 MISC ---->     20  190                 29 190
================================================================================
NOTES:
# LAST OF SEVERAL OCCURRENCES

COLUMN 17 PEAK WIND IN M.P.H.

PRELIMINARY LOCAL CLIMATOLOGICAL DATA (WS FORM: F-6) , PAGE 2

                                          STATION:   MCGRATH
                                          MONTH:     08
                                          YEAR:      2016
                                          LATITUDE:  62 58 N
                                          LONGITUDE: 155 37 W

[TEMPERATURE DATA]      [PRECIPITATION DATA]       SYMBOLS USED IN COLUMN 16

AVERAGE MONTHLY:59.4   TOTAL FOR MONTH: 3.77       1 = FOG
DPTR FM NORMAL:  4.6   DPTR FM NORMAL: 1.06       2 = FOG REDUCING VISIBILITY
HIGHEST:    75 ON 17    GRTST 24HR   0.87 ON 21        TO 1/4 MILE OR LESS
LOWEST:     44 ON 30                               3 = THUNDER
                        SNOW, ICE PELLETS, HAIL    4 = ICE PELLETS
                        TOTAL MONTH: 0.0         5 = HAIL
                        GRTST 24HR   0.0           6 = GLAZE OR RIME
                        GRTST DEPTH:    0          7 = BLOWING DUST OR SAND:
                                                       VSBY 1/2 MILE OR LESS
                                                   8 = SMOKE OR HAZE
[NO. OF DAYS WITH]      [WEATHER - DAYS WITH]      9 = BLOWING SNOW
                                                   X = TORNADO
MAX 32 OR BELOW:   0    0.01 INCH OR MORE:  19
MAX 70 OR ABOVE:  10    0.10 INCH OR MORE:  11
MIN 32 OR BELOW:   0    0.50 INCH OR MORE:   3
MIN  0 OR BELOW:   0    1.00 INCH OR MORE:   0

[HDD (BASE 65) ]
TOTAL THIS MO.   162    CLEAR  (SCALE 0-3)   M
DPTR FM NORMAL  -149    PTCLDY (SCALE 4-7)   M
SEASONAL TOTAL   297    CLOUDY (SCALE 8-10)  M
DPTR FM NORMAL  -186

[CDD (BASE 65) ]
TOTAL THIS MO.     0
DPTR FM NORMAL     0    [PRESSURE DATA]
SEASONAL TOTAL    28    HIGHEST SLP     M
DPTR FM NORMAL    12    LOWEST  SLP     M

[REMARKS]
