000
CXAK56 PAFG 251208
CF6MCG
PRELIMINARY LOCAL CLIMATOLOGICAL DATA (WS FORM: F-6)

                                          STATION:   MCGRATH AK
                                          MONTH:     SEPTEMBER
                                          YEAR:      2016
                                          LATITUDE:   62 57 N
                                          LONGITUDE: 155 36 W

  TEMPERATURE IN F:       :PCPN:    SNOW:  WIND      :SUNSHINE: SKY     :PK WND
================================================================================
1   2   3   4   5  6A  6B    7    8   9   10  11  12  13   14  15   16   17  18
                                     12Z  AVG MX 2MIN
DY MAX MIN AVG DEP HDD CDD  WTR  SNW DPTH SPD SPD DIR MIN PSBL S-S WX    SPD DR
================================================================================

 1  71  38  55   4  10   0 0.00  0.0    0  3.5 10  40   M    M   2        16  60
 2  67  38  53   3  12   0 0.00  0.0    0  4.0  9 110   M    M   2        18 120
 3  68  38  53   3  12   0 0.00  0.0    0  1.3  7 280   M    M   2         9 110
 4  58  43  51   1  14   0 0.25  0.0    0  3.3  7 180   M    M   7 1      11 180
 5  61  53  57   8   8   0 0.66  0.0    0  5.0 12 210   M    M   9 1      16 200
 6  53  46  50   1  15   0 0.20  0.0    0  4.8 10  20   M    M  10 1      20  30
 7  50  43  47  -2  18   0 0.15  0.0    0  3.6  9  40   M    M  10 1      12  40
 8  59  39  49   1  16   0 0.01  0.0    0  3.4 12 350   M    M   7 1      14 350
 9  62  33  48   0  17   0 0.00  0.0    0  4.4 14 350   M    M   0        20 340
10  64  34  49   1  16   0 0.00  0.0    0  2.0 10 230   M    M   1 12     14 210
11  52  43  48   1  17   0 1.08  0.0    0  3.5 13  90   M    M   8 1      16  90
12  56  46  51   4  14   0 0.56  0.0    0  9.6 25 200   M    M   9 1      36 220
13  49  41  45  -1  20   0 0.01  0.0    0 10.0 20 220   M    M   8        29 200
14  53  35  44  -2  21   0    T  0.0    0  3.2  7 360   M    M  10 12      9 360
15  53  43  48   3  17   0 0.13  0.0    0  2.6  9 120   M    M   9 1      12 140
16  58  41  50   5  15   0 0.01  0.0    0  0.6  8 220   M    M   8        10 220
17  53  42  48   4  17   0 0.02  0.0    0  3.8 13 240   M    M  10 12     17 240
18  49  39  44   0  21   0 0.01  0.0    0  3.6 10 230   M    M   8 1      13 230
19  56  40  48   5  17   0 0.01  0.0    0  6.2 13 190   M    M  10        29 190
20  56  47  52   9  13   0 0.44  0.0    0  7.3 21 190   M    M  10 1      32 160
21  51  44  48   6  17   0 0.36  0.0    0  2.4 10 200   M    M  10 1      14 240
22  45  39  42   0  23   0 1.02  0.0    0  6.8 14 260   M    M  10 1      18 270
23  48  40  44   3  21   0 0.16  0.0    0  2.1  9 210   M    M  10        13 210
24  46  35  41   0  24   0    T  0.0    0  0.8 12 290   M    M  10        14 290
================================================================================
SM 1338  980       395   0  5.08     0.0  97.8          M      180
================================================================================
AV 55.8 40.8                               4.1 FASTST   M    M   8    MAX(MPH)
                                 MISC ---->  # 25 200               # 36  220
================================================================================
NOTES:
# LAST OF SEVERAL OCCURRENCES

COLUMN 17 PEAK WIND IN M.P.H.

PRELIMINARY LOCAL CLIMATOLOGICAL DATA (WS FORM: F-6) , PAGE 2

                                          STATION:  MCGRATH AK
                                          MONTH:    SEPTEMBER
                                          YEAR:     2016
                                          LATITUDE:   62 57 N
                                          LONGITUDE: 155 36 W

[TEMPERATURE DATA]      [PRECIPITATION DATA]       SYMBOLS USED IN COLUMN 16

AVERAGE MONTHLY: 48.3   TOTAL FOR MONTH:   5.08    1 = FOG OR MIST
DPTR FM NORMAL:   2.1   DPTR FM NORMAL:    3.06    2 = FOG REDUCING VISIBILITY
HIGHEST:    71 ON  1    GRTST 24HR  1.14 ON 11-12      TO 1/4 MILE OR LESS
LOWEST:     33 ON  9                               3 = THUNDER
                        SNOW, ICE PELLETS, HAIL    4 = ICE PELLETS
                        TOTAL MONTH:   0.0 INCH    5 = HAIL
                        GRTST 24HR     0.0         6 = FREEZING RAIN OR DRIZZLE
                        GRTST DEPTH:   0           7 = DUSTSTORM OR SANDSTORM:
                                                       VSBY 1/2 MILE OR LESS
                                                   8 = SMOKE OR HAZE
[NO. OF DAYS WITH]      [WEATHER - DAYS WITH]      9 = BLOWING SNOW
                                                   X = TORNADO
MAX 32 OR BELOW:   0    0.01 INCH OR MORE:  17
MAX 90 OR ABOVE:   0    0.10 INCH OR MORE:  11
MIN 32 OR BELOW:   0    0.50 INCH OR MORE:   4
MIN  0 OR BELOW:   0    1.00 INCH OR MORE:   2

[HDD (BASE 65) ]
TOTAL THIS MO.   395    CLEAR  (SCALE 0-3)   5
DPTR FM NORMAL   -58    PTCLDY (SCALE 4-7)   2
TOTAL FM JUL 1   671    CLOUDY (SCALE 8-10) 17
DPTR FM NORMAL  -273

[CDD (BASE 65) ]
TOTAL THIS MO.     0
DPTR FM NORMAL     0    [PRESSURE DATA]
TOTAL FM JAN 1    29    HIGHEST SLP M ON M
DPTR FM NORMAL     9    LOWEST  SLP 29.07 ON 17

[REMARKS]
