000
CXAK56 PAMC 011542
CF6MCG

PRELIMINARY LOCAL CLIMATOLOGICAL DATA (WS FORM: F-6)

                                          STATION:   MCGRATH
                                          MONTH:     07
                                          YEAR:      2015
                                          LATITUDE:   62 58 N
                                          LONGITUDE: 155 37 W

  TEMPERATURE IN F:       :PCPN:    SNOW:  WIND      :SUNSHINE: SKY     :PK WND
================================================================================
1   2   3   4   5  6A  6B    7     8   9   10  11  12  13   14  15   16  17  18
                                      12Z  AVG MX 2MIN
DY MAX MIN AVG DEP HDD CDD  WTR   SNW DPTH SPD SPD DIR MIN PSBL S-S WX   SPD DR
================================================================================

 1  63  55  59  -2   6   0     T  0.0   0  3.5 10  250   M    M   M 18   13 270
 2  65  47  56  -5   9   0  0.02  0.0   0  7.2 15  260   M    M   M 18   20 260
 3  61  51  56  -5   9   0  0.10  0.0   0  2.9 10   90   M    M   M 1    13 280
 4   M   M   M   M   M   M  0.00  0.0   0    M  M    M   M    M   M       0   0
 5   M   M   M   M   M   M     T  0.0   0    M  M    M   M    M   M       0   0
 6   M   M   M   M   M   M  0.00  0.0   0    M  M    M   M    M   M 8     0   0
 7   M   M   M   M   M   M  0.30  0.0   0  4.8 13  160   M    M   M      18 190
 8   M   M   M   M   M   M  0.00  0.0   0  1.0 12  140   M    M   M      15 130
 9   M   M   M   M   M   M     T  0.0   0  1.8 13  140   M    M   M 8    15 120
10   M   M   M   M   M   M  0.09  0.0   0    M  M    M   M    M   M 8     0   0
11   M   M   M   M   M   M  0.30  0.0   0    M  M    M   M    M   M 18    0   0
12   M   M   M   M   M   M     T  0.0   0    M  M    M   M    M   M 28    0   0
13   M   M   M   M   M   M     T  0.0   0    M  M    M   M    M   M 1     0   0
14  70  54  62   1   3   0  0.07  0.0   0  6.3 14  200   M    M   M      19 210
15  70  53  62   1   3   0  0.89  0.0   0  5.1 16  220   M    M   M 1    23 200
16  69  45  57  -3   8   0  0.27  0.0   0  8.0 25  120   M    M   M 2    34  90
17  57  51  54  -6  11   0  0.21  0.0   0 11.3 23  210   M    M   M 1    34 220
18  62  54  58  -2   7   0  0.04  0.0   0 11.2 20  230   M    M   M      34 240
19  61  50  56  -4   9   0  0.02  0.0   0  3.4  8  320   M    M   M      11 300
20  66  51  59  -1   6   0  0.00  0.0   0  2.4  9   50   M    M   M 8    12  50
21  67  45  56  -4   9   0     T  0.0   0  2.1  8  290   M    M   M 1    12 280
22  72  55  64   4   1   0  0.11  0.0   0  2.1 10  350   M    M   M 13   12 350
23  69  52  61   2   4   0  0.41  0.0   0  6.6 16  290   M    M   M 1    21 280
24  66  55  61   2   4   0     T  0.0   0  5.9 12  290   M    M   M      17 280
25  65  50  58  -1   7   0  0.05  0.0   0  1.8 13  210   M    M   M 1    18 200
26  64  53  59   0   6   0  0.08  0.0   0  2.9 13  300   M    M   M      18 270
27  69  53  61   2   4   0  0.16  0.0   0  2.8 18   90   M    M   M 13   22  80
28  70  49  60   2   5   0  0.70  0.0   0  2.7 16   50   M    M   M 23   21  40
29  70  47  59   1   6   0  0.01  0.0   0  2.3 12  150   M    M   M 1    14 210
30  74  51  63   5   2   0  0.03  0.0   0  2.3  8  300   M    M   M 1    11 190
31  73  54  64   6   1   0     T  0.0   0  6.2 18  290   M    M   M      27 260
================================================================================
SM 1403 1075       120   0  3.86  0.0    106.6           M        M
================================================================================
AV 66.8 51.2                              4.4 FASTST  PSBL  %   M    MAX(MPH)
                                 MISC ---->     25  120               # 34 240
================================================================================
NOTES:
# LAST OF SEVERAL OCCURRENCES

COLUMN 17 PEAK WIND IN M.P.H.

PRELIMINARY LOCAL CLIMATOLOGICAL DATA (WS FORM: F-6) , PAGE 2

                                          STATION:   MCGRATH
                                          MONTH:     07
                                          YEAR:      2015
                                          LATITUDE:  62 58 N
                                          LONGITUDE: 155 37 W

[TEMPERATURE DATA]      [PRECIPITATION DATA]       SYMBOLS USED IN COLUMN 16

AVERAGE MONTHLY: 59.0   TOTAL FOR MONTH: 3.86       1 = FOG
DPTR FM NORMAL:  -0.3   DPTR  FM NORMAL: 1.48       2 = FOG REDUCING VISIBILITY
HIGHEST:    74 ON 30    GRTST 24HR   0.89 ON 15        TO 1/4 MILE OR LESS
LOWEST:     45 ON 21                                3 = THUNDER
                        SNOW, ICE PELLETS, HAIL     4 = ICE PELLETS
                        TOTAL MONTH:  0.0           5 = HAIL
                        GRTST 24HR    0.0           6 = GLAZE OR RIME
                        GRTST DEPTH:    0           7 = BLOWING DUST OR SAND:
                                                       VSBY 1/2 MILE OR LESS
                                                    8 = SMOKE OR HAZE
[NO. OF DAYS WITH]      [WEATHER - DAYS WITH]       9 = BLOWING SNOW
                                                    X = TORNADO
MAX 32 OR BELOW:  10    0.01 INCH OR MORE:  19
MAX 70 OR ABOVE:   7    0.10 INCH OR MORE:  10
MIN 32 OR BELOW:   0    0.50 INCH OR MORE:   2
MIN  0 OR BELOW:   0    1.00 INCH OR MORE:   0

[HDD (BASE 65) ]
TOTAL THIS MO.   120    CLEAR  (SCALE 0-3)   M
DPTR FM NORMAL     6    PTCLDY (SCALE 4-7)   M
SEASONAL TOTAL   120    CLOUDY (SCALE 8-10)  M
DPTR FM NORMAL     6

[CDD (BASE 65) ]
TOTAL THIS MO.    MM
DPTR FM NORMAL    MM    [PRESSURE DATA]
SEASONAL TOTAL    MM    HIGHEST SLP     30.00
DPTR FM NORMAL    MM    LOWEST  SLP     29.45

[REMARKS]
#FINAL-07-15#
