000
CXUS55 KEAX 240736
CF6MCI
PRELIMINARY LOCAL CLIMATOLOGICAL DATA (WS FORM: F-6)

                                          STATION:   Kansas City International MO
                                          MONTH:     APRIL
                                          YEAR:      2017
                                          LATITUDE:   39 19 N
                                          LONGITUDE:  94 43 W

  TEMPERATURE IN F:       :PCPN:    SNOW:  WIND      :SUNSHINE: SKY     :PK WND
================================================================================
1   2   3   4   5  6A  6B    7    8   9   10  11  12  13   14  15   16   17  18
                                     12Z  AVG MX 2MIN
DY MAX MIN AVG DEP HDD CDD  WTR  SNW DPTH SPD SPD DIR MIN PSBL S-S WX    SPD DR
================================================================================

 1  51  41  46  -4  19   0 0.02  0.0    0  9.3 17 100   M    M   9 1      22 120
 2  64  49  57   7   8   0 0.22  0.0    0  9.2 17 100   M    M   9 1      23 100
 3  62  49  56   5   9   0 1.49  0.0    0  7.3 20 310   M    M   8 1      25 320
 4  52  47  50  -1  15   0 0.65  0.0    0  9.6 24  40   M    M  10 13     29  30
 5  54  40  47  -4  18   0 0.82  0.0    0 18.6 36  10   M    M   8 1      46  10
 6  59  40  50  -2  15   0    T  0.0    0 10.6 22 310   M    M   3        30 320
 7  66  34  50  -2  15   0 0.00  0.0    0  8.5 16 160   M    M   3        22 180
 8  77  53  65  13   0   0 0.00  0.0    0 18.7 28 180   M    M   5        36 190
 9  79  64  72  19   0   7    T  0.0    0 21.5 32 200   M    M   6        40 200
10  70  42  56   3   9   0 0.00  0.0    0 15.0 28 200   M    M   6        34 210
11  66  37  52  -1  13   0 0.00  0.0    0  6.5 14 350   M    M   4        18 330
12  76  46  61   7   4   0    T  0.0    0 11.2 21 170   M    M   5        28 200
13  79  55  67  13   0   2 0.00  0.0    0  9.3 17 180   M    M   7 8      22 180
14  79  60  70  16   0   5 0.34  0.0    0 15.0 29 190   M    M   8 13     38 180
15  81  60  71  16   0   6 0.19  0.0    0 18.9 30 190   M    M   5 13     39 200
16  69  53  61   6   4   0 0.30  0.0    0  9.1 24 190   M    M  10 13     31 190
17  72  50  61   6   4   0 0.00  0.0    0  8.5 15 110   M    M   6        18 110
18  79  55  67  11   0   2 0.00  0.0    0 11.9 20 200   M    M   4 8      24 170
19  81  59  70  14   0   5 0.00  0.0    0 16.3 32 200   M    M   6        44 200
20  70  50  60   4   5   0 0.24  0.0    0 10.2 20 340   M    M   6 18     24 360
21  55  46  51  -6  14   0    T  0.0    0 12.5 29  70   M    M   8        34  70
22  66  45  56  -1   9   0 0.00  0.0    0 13.6 29  30   M    M   6        34  40
23  71  42  57   0   8   0 0.00  0.0    0  5.1 14 200   M    M   2        17 220
================================================================================
SM 1578 1117       169  27  4.27     0.0 276.4          M      144
================================================================================
AV 68.6 48.6                              12.0 FASTST   M    M   6    MAX(MPH)
                                 MISC ---->  # 36  10               # 46   10
================================================================================
NOTES:
# LAST OF SEVERAL OCCURRENCES

COLUMN 17 PEAK WIND IN M.P.H.

PRELIMINARY LOCAL CLIMATOLOGICAL DATA (WS FORM: F-6) , PAGE 2

                                          STATION:  Kansas City International MO
                                          MONTH:    APRIL
                                          YEAR:     2017
                                          LATITUDE:   39 19 N
                                          LONGITUDE:  94 43 W

[TEMPERATURE DATA]      [PRECIPITATION DATA]       SYMBOLS USED IN COLUMN 16

AVERAGE MONTHLY: 58.6   TOTAL FOR MONTH:   4.27    1 = FOG OR MIST
DPTR FM NORMAL:   4.9   DPTR FM NORMAL:    1.62    2 = FOG REDUCING VISIBILITY
HIGHEST:    81 ON 19,15 GRTST 24HR  1.71 ON  2- 3      TO 1/4 MILE OR LESS
LOWEST:     34 ON  7                               3 = THUNDER
                        SNOW, ICE PELLETS, HAIL    4 = ICE PELLETS
                        TOTAL MONTH:   0.0 INCH    5 = HAIL
                        GRTST 24HR     0.0         6 = FREEZING RAIN OR DRIZZLE
                        GRTST DEPTH:   0           7 = DUSTSTORM OR SANDSTORM:
                                                       VSBY 1/2 MILE OR LESS
                                                   8 = SMOKE OR HAZE
[NO. OF DAYS WITH]      [WEATHER - DAYS WITH]      9 = BLOWING SNOW
                                                   X = TORNADO
MAX 32 OR BELOW:   0    0.01 INCH OR MORE:   9
MAX 90 OR ABOVE:   0    0.10 INCH OR MORE:   8
MIN 32 OR BELOW:   0    0.50 INCH OR MORE:   3
MIN  0 OR BELOW:   0    1.00 INCH OR MORE:   1

[HDD (BASE 65) ]
TOTAL THIS MO.   169    CLEAR  (SCALE 0-3)   1
DPTR FM NORMAL  -108    PTCLDY (SCALE 4-7)  16
TOTAL FM JUL 1  3948    CLOUDY (SCALE 8-10)  6
DPTR FM NORMAL -1020

[CDD (BASE 65) ]
TOTAL THIS MO.    27
DPTR FM NORMAL    10    [PRESSURE DATA]
TOTAL FM JAN 1    33    HIGHEST SLP  0.00 ON M
DPTR FM NORMAL    13    LOWEST  SLP  0.00 ON M

[REMARKS]
