000
CXUS53 KGLD 010800
CF6MCK
PRELIMINARY LOCAL CLIMATOLOGICAL DATA (WS FORM: F-6)

                                          STATION:   MCCOOK NE
                                          MONTH:     JULY
                                          YEAR:      2015
                                          LATITUDE:   40 13 N
                                          LONGITUDE: 100 35 W

  TEMPERATURE IN F:       :PCPN:    SNOW:  WIND      :SUNSHINE: SKY     :PK WND
================================================================================
1   2   3   4   5  6A  6B    7    8   9   10  11  12  13   14  15   16   17  18
                                     12Z  AVG MX 2MIN
DY MAX MIN AVG DEP HDD CDD  WTR  SNW DPTH SPD SPD DIR MIN PSBL S-S WX    SPD DR
================================================================================

 1  97  70  84   9   0  19 0.00    M    M  8.5 22 300   M    M   1 18     27 300
 2  88  63  76   1   0  11 0.24    M    M 10.4 40 330   M    M   2 13     48 340
 3  84  60  72  -3   0   7 0.00    M    M  6.4 14 100   M    M   1 18     17 100
 4  96  62  79   4   0  14 0.00    M    M 11.6 22 150   M    M   1 18     28 150
 5 106  74  90  14   0  25 0.09    M    M 12.6 28  50   M    M   2 3      36  50
 6  79  59  69  -7   0   4 0.01    M    M 15.5 28 360   M    M   5 38     36 360
 7  78  54  66 -10   0   1 0.00    M    M  7.2 16 100   M    M   2 18     20  70
 8  76  54  65 -11   0   0 0.00    M    M  5.4 18  30   M    M   5 18     22  20
 9  83  57  70  -6   0   5 0.03    M    M  6.6 14 150   M    M   6 18     18 150
10  94  65  80   4   0  15 0.55    M    M 13.3 36 280   M    M   3 138    50 280
11  91  64  78   2   0  13 0.00    M    M  7.1 14 100   M    M   0        18 100
12  99  66  83   7   0  18 0.00    M    M  5.6 12  10   M    M   0 18     25 150
13  95  68  82   6   0  17 0.00    M    M  7.7 18 340   M    M   0        24 340
14  99  68  84   8   0  19    T    M    M  5.8 28 260   M    M   1 3      36 260
15  85  67  76   0   0  11 0.43    M    M  5.5 13  80   M    M   4 1      18 250
16  96  65  81   5   0  16 0.00    M    M  9.3 17 300   M    M   0        22 310
17 101  68  85   9   0  20 0.00    M    M 11.0 30 170   M    M   0 3      39 180
18  92  63  78   2   0  13    T    M    M 10.3 33 330   M    M   0 13     43 330
19  88  65  77   1   0  12 0.05    M    M  6.7 16  60   M    M   4 13     21  50
20  92  66  79   3   0  14 0.00  0.0    0 10.2 20 350   M    M   0 1      22 350
21  88  58  73  -3   0   8 0.00    M    M  8.5 18 110   M    M   0        23 110
22  89  66  78   2   0  13    T    M    M  9.4 18 150   M    M   6 18     24 160
23  98  64  81   5   0  16 0.16    M    M 10.6 39  80   M    M   3 1238   48  50
24  94  70  82   6   0  17 0.01    M    M  8.2 23  40   M    M   1 13     27  30
25  89  69  79   3   0  14 0.13    M    M  7.2 17 120   M    M   1 13     21 140
26  97  63  80   4   0  15 0.22    M    M  9.6 32 270   M    M   2 123    39 270
27  95  66  81   5   0  16 0.00    M    M 12.6 24 180   M    M   0 1      32 160
28  88  61  75  -1   0  10 0.00    M    M 14.2 26 360   M    M   0        35 360
29  85  54  70  -6   0   5 0.00    M    M  4.6 14  80   M    M   0        17  80
30  93  55  74  -2   0   9 0.00    M    M  5.2 15 160   M    M   1        28  40
31  96  63  80   4   0  15 0.00    M    M  5.2 13 140   M    M   0 1      17 210
================================================================================
SM 2831 1967         0 392  1.92     0.0 272.0          M       51
================================================================================
AV 91.3 63.5                               8.8 FASTST   M    M   2    MAX(MPH)
                                 MISC ---->  # 40 330               # 50  280
================================================================================
NOTES:
# LAST OF SEVERAL OCCURRENCES

COLUMN 17 PEAK WIND IN M.P.H.

PRELIMINARY LOCAL CLIMATOLOGICAL DATA (WS FORM: F-6) , PAGE 2

                                          STATION:  MCCOOK NE
                                          MONTH:    JULY
                                          YEAR:     2015
                                          LATITUDE:   40 13 N
                                          LONGITUDE: 100 35 W

[TEMPERATURE DATA]      [PRECIPITATION DATA]       SYMBOLS USED IN COLUMN 16

AVERAGE MONTHLY: 77.4   TOTAL FOR MONTH:   1.92    1 = FOG OR MIST
DPTR FM NORMAL:   1.5   DPTR FM NORMAL:   -1.33    2 = FOG REDUCING VISIBILITY
HIGHEST:   106 ON  5    GRTST 24HR  0.55 ON 10-10      TO 1/4 MILE OR LESS
LOWEST:     54 ON 29, 8                            3 = THUNDER
                        SNOW, ICE PELLETS, HAIL    4 = ICE PELLETS
                        TOTAL MONTH:   0.0 INCH    5 = HAIL
                        GRTST 24HR     0.0         6 = FREEZING RAIN OR DRIZZLE
                        GRTST DEPTH:   0           7 = DUSTSTORM OR SANDSTORM:
                                                       VSBY 1/2 MILE OR LESS
                                                   8 = SMOKE OR HAZE
[NO. OF DAYS WITH]      [WEATHER - DAYS WITH]      9 = BLOWING SNOW
                                                   X = TORNADO
MAX 32 OR BELOW:   0    0.01 INCH OR MORE:  11
MAX 90 OR ABOVE:  18    0.10 INCH OR MORE:   6
MIN 32 OR BELOW:   0    0.50 INCH OR MORE:   1
MIN  0 OR BELOW:   0    1.00 INCH OR MORE:   0

[HDD (BASE 65) ]
TOTAL THIS MO.     0    CLEAR  (SCALE 0-3)  23
DPTR FM NORMAL    -3    PTCLDY (SCALE 4-7)   8
TOTAL FM JUL 1     0    CLOUDY (SCALE 8-10)  0
DPTR FM NORMAL    -3

[CDD (BASE 65) ]
TOTAL THIS MO.   392
DPTR FM NORMAL    51    [PRESSURE DATA]
TOTAL FM JAN 1   687    HIGHEST SLP M ON M
DPTR FM NORMAL   116    LOWEST  SLP 29.58 ON 17

[REMARKS]
#FINAL-07-15#
