000
CXUS53 KPAH 230635
CF6MDH
PRELIMINARY LOCAL CLIMATOLOGICAL DATA (WS FORM: F-6)

                                          STATION:   CARBONDALE IL
                                          MONTH:     AUGUST
                                          YEAR:      2016
                                          LATITUDE:   37 46 N
                                          LONGITUDE:  89 15 W

  TEMPERATURE IN F:       :PCPN:    SNOW:  WIND      :SUNSHINE: SKY     :PK WND
================================================================================
1   2   3   4   5  6A  6B    7    8   9   10  11  12  13   14  15   16   17  18
                                     12Z  AVG MX 2MIN
DY MAX MIN AVG DEP HDD CDD  WTR  SNW DPTH SPD SPD DIR MIN PSBL S-S WX    SPD DR
================================================================================

 1  85  72  79   1   0  14 0.63  0.0    0  2.8 16 340   M    M   5 13     22 310
 2  88  73  81   3   0  16 0.00  0.0    0  2.7 12 310   M    M   4 1      16 330
 3  88  73  81   3   0  16 0.02  0.0    0  3.0 14  80   M    M   5 13     18  70
 4  91  72  82   4   0  17 0.00  0.0    0  1.1  8 250   M    M   2 12     14 330
 5  89  75  82   4   0  17 0.00  0.0    0  3.0 14 360   M    M   1 1      19  30
 6  85  69  77  -1   0  12    T  0.0    0  4.1 13 350   M    M   7 1      15 350
 7  87  65  76  -2   0  11 0.00  0.0    0  3.7  8  40   M    M   1 1      11  50
 8  88  67  78   0   0  13 0.00  0.0    0  2.3 10  60   M    M   1 1      13  70
 9  90  66  78   0   0  13 0.00  0.0    0  1.0  7 360   M    M   0 12      9 120
10  92  69  81   4   0  16 0.00  0.0    0  2.2 10 120   M    M   1 128    12 130
11  91  73  82   5   0  17 0.00  0.0    0  5.2 13 180   M    M   1 1      17 170
12  89  75  82   5   0  17 0.01  0.0    0  6.9 17 170   M    M   3 3      21 160
13  77  71  74  -3   0   9 0.76  0.0    0  4.0 13 190   M    M   8 13     15 200
14  77  69  73  -4   0   8 1.93  0.0    0  6.6 13 350   M    M  10 13     15  90
15  79  72  76  -1   0  11 1.02  0.0    0 10.2 29 220   M    M   9 1      38 220
16  76  69  73  -4   0   8 0.48  0.0    0  4.6 10 180   M    M   7 1      12 180
17  83  67  75  -2   0  10 0.00  0.0    0  2.4  8 190   M    M   4 12      9 190
18  82  71  77   0   0  12 0.00  0.0    0  5.5 13 190   M    M   5 1      15 220
19  83  70  77   1   0  12 0.02  0.0    0  6.4 16 180   M    M   7 1      19 180
20  85  72  79   3   0  14 0.06  0.0    0  8.6 17 230   M    M   8 1      23 230
21  80  60  70  -6   0   5 0.00  0.0    0  5.0 14 310   M    M   2 1      17 330
22  82  57  70  -6   0   5 0.00  0.0    0  1.6  8 170   M    M   3 12     11 150
================================================================================
SM 1867 1527         0 273  4.93     0.0  92.9          M       94
================================================================================
AV 84.9 69.4                               4.2 FASTST   M    M   4    MAX(MPH)
                                 MISC ---->  # 29 220               # 38  220
================================================================================
NOTES:
# LAST OF SEVERAL OCCURRENCES

COLUMN 17 PEAK WIND IN M.P.H.

PRELIMINARY LOCAL CLIMATOLOGICAL DATA (WS FORM: F-6) , PAGE 2

                                          STATION:  CARBONDALE IL
                                          MONTH:    AUGUST
                                          YEAR:     2016
                                          LATITUDE:   37 46 N
                                          LONGITUDE:  89 15 W

[TEMPERATURE DATA]      [PRECIPITATION DATA]       SYMBOLS USED IN COLUMN 16

AVERAGE MONTHLY: 77.1   TOTAL FOR MONTH:   4.93    1 = FOG OR MIST
DPTR FM NORMAL:  -0.1   DPTR FM NORMAL:    2.88    2 = FOG REDUCING VISIBILITY
HIGHEST:    92 ON 10    GRTST 24HR  2.08 ON 14-15      TO 1/4 MILE OR LESS
LOWEST:     57 ON 22                               3 = THUNDER
                        SNOW, ICE PELLETS, HAIL    4 = ICE PELLETS
                        TOTAL MONTH:   0.0 INCH    5 = HAIL
                        GRTST 24HR     0.0         6 = FREEZING RAIN OR DRIZZLE
                        GRTST DEPTH:   0           7 = DUSTSTORM OR SANDSTORM:
                                                       VSBY 1/2 MILE OR LESS
                                                   8 = SMOKE OR HAZE
[NO. OF DAYS WITH]      [WEATHER - DAYS WITH]      9 = BLOWING SNOW
                                                   X = TORNADO
MAX 32 OR BELOW:   0    0.01 INCH OR MORE:   9
MAX 90 OR ABOVE:   4    0.10 INCH OR MORE:   5
MIN 32 OR BELOW:   0    0.50 INCH OR MORE:   4
MIN  0 OR BELOW:   0    1.00 INCH OR MORE:   2

[HDD (BASE 65) ]
TOTAL THIS MO.     0    CLEAR  (SCALE 0-3)   9
DPTR FM NORMAL     0    PTCLDY (SCALE 4-7)  11
TOTAL FM JUL 1     0    CLOUDY (SCALE 8-10)  2
DPTR FM NORMAL     0

[CDD (BASE 65) ]
TOTAL THIS MO.   273
DPTR FM NORMAL     5    [PRESSURE DATA]
TOTAL FM JAN 1  1207    HIGHEST SLP M ON M
DPTR FM NORMAL    99    LOWEST  SLP 29.70 ON 20

[REMARKS]
