000
CXUS55 KCTP 170700
CF6MDT
PRELIMINARY LOCAL CLIMATOLOGICAL DATA (WS FORM: F-6)

                                          STATION:   HARRISBURG PA
                                          MONTH:     DECEMBER
                                          YEAR:      2017
                                          LATITUDE:   40 11 N
                                          LONGITUDE:  76 46 W

  TEMPERATURE IN F:       :PCPN:    SNOW:  WIND      :SUNSHINE: SKY     :PK WND
================================================================================
1   2   3   4   5  6A  6B    7    8   9   10  11  12  13   14  15   16   17  18
                                     12Z  AVG MX 2MIN
DY MAX MIN AVG DEP HDD CDD  WTR  SNW DPTH SPD SPD DIR MIN PSBL S-S WX    SPD DR
================================================================================

 1  52  30  41   3  24   0 0.00  0.0    0  4.2 16 350   M    M   2 12     21 310
 2  49  27  38   0  27   0 0.00  0.0    0  2.2  8 120   M    M   5        14  90
 3  51  29  40   2  25   0 0.00  0.0    0  1.6 12 330   M    M   4 18     14  10
 4  51  26  39   2  26   0 0.00  0.0    0  3.3 10 120   M    M   7 18     12 130
 5  58  43  51  14  14   0 0.30  0.0    0  5.0 22 310   M    M  10 1      26 310
 6  50  31  41   5  24   0    T  0.0    0  9.7 22 300   M    M   7 1      26 300
 7  45  30  38   2  27   0 0.00  0.0    0  8.0 18 280   M    M   6        24 260
 8  37  31  34  -2  31   0 0.00  0.0    0  5.6 18 290   M    M   9        24 290
 9  34  25  30  -6  35   0 0.08  1.0    0  3.1 12 130   M    M   9 1      13 130
10  38  26  32  -3  33   0 0.00  0.0    T  9.0 21 280   M    M   6        26 280
11  44  33  39   4  26   0 0.00  0.0    0  4.7 15 280   M    M   8        19 290
12  45  21  33  -2  32   0 0.00  0.0    0 14.6 35 310   M    M   9        44 310
13  29  20  25  -9  40   0 0.04  0.9    0 14.8 32 290   M    M   5 1      40 290
14  33  20  27  -7  38   0    T    T    1  9.6 25 310   M    M   6 1      32 310
15  27  18  23 -11  42   0 0.03  0.5    T  2.3  9 180   M    M   9 1      14 160
16  44  19  32  -2  33   0 0.00  0.0    1  7.0 17 290   M    M   8 1      30 290
================================================================================
SM  687  429       477   0  0.45     2.4 104.7          M      110
================================================================================
AV 42.9 26.8                               6.5 FASTST   M    M   7    MAX(MPH)
                                 MISC ---->  # 35 310               # 44  310
================================================================================
NOTES:
# LAST OF SEVERAL OCCURRENCES

COLUMN 17 PEAK WIND IN M.P.H.

PRELIMINARY LOCAL CLIMATOLOGICAL DATA (WS FORM: F-6) , PAGE 2

                                          STATION:  HARRISBURG PA
                                          MONTH:    DECEMBER
                                          YEAR:     2017
                                          LATITUDE:   40 11 N
                                          LONGITUDE:  76 46 W

[TEMPERATURE DATA]      [PRECIPITATION DATA]       SYMBOLS USED IN COLUMN 16

AVERAGE MONTHLY: 34.9   TOTAL FOR MONTH:   0.45    1 = FOG OR MIST
DPTR FM NORMAL:  -0.9   DPTR FM NORMAL:   -1.35    2 = FOG REDUCING VISIBILITY
HIGHEST:    58 ON  5    GRTST 24HR  0.30 ON  5- 5      TO 1/4 MILE OR LESS
LOWEST:     18 ON 15                               3 = THUNDER
                        SNOW, ICE PELLETS, HAIL    4 = ICE PELLETS
                        TOTAL MONTH:   2.4 INCHES  5 = HAIL
                        GRTST 24HR   1.0 ON  9- 9  6 = FREEZING RAIN OR DRIZZLE
                        GRTST DEPTH:   1 ON 16,14  7 = DUSTSTORM OR SANDSTORM:
                                                       VSBY 1/2 MILE OR LESS
                                                   8 = SMOKE OR HAZE
[NO. OF DAYS WITH]      [WEATHER - DAYS WITH]      9 = BLOWING SNOW
                                                   X = TORNADO
MAX 32 OR BELOW:   2    0.01 INCH OR MORE:   4
MAX 90 OR ABOVE:   0    0.10 INCH OR MORE:   1
MIN 32 OR BELOW:  14    0.50 INCH OR MORE:   0
MIN  0 OR BELOW:   0    1.00 INCH OR MORE:   0

[HDD (BASE 65) ]
TOTAL THIS MO.   477    CLEAR  (SCALE 0-3)   1
DPTR FM NORMAL     9    PTCLDY (SCALE 4-7)   9
TOTAL FM JUL 1  1332    CLOUDY (SCALE 8-10)  6
DPTR FM NORMAL  -175

[CDD (BASE 65) ]
TOTAL THIS MO.     0
DPTR FM NORMAL     0    [PRESSURE DATA]
TOTAL FM JAN 1  1214    HIGHEST SLP M ON M
DPTR FM NORMAL   212    LOWEST  SLP 29.48 ON 12

[REMARKS]
