000
CXUS53 KARX 220930
CF6MDZ
PRELIMINARY LOCAL CLIMATOLOGICAL DATA (WS FORM: F-6)

                                          STATION:   MEDFORD WI
                                          MONTH:     AUGUST
                                          YEAR:      2017
                                          LATITUDE:   45  5 N
                                          LONGITUDE:  90 18 W

  TEMPERATURE IN F:       :PCPN:    SNOW:  WIND      :SUNSHINE: SKY     :PK WND
================================================================================
1   2   3   4   5  6A  6B    7    8   9   10  11  12  13   14  15   16   17  18
                                     12Z  AVG MX 2MIN
DY MAX MIN AVG DEP HDD CDD  WTR  SNW DPTH SPD SPD DIR MIN PSBL S-S WX    SPD DR
================================================================================

 1  80  60  70   M   0   5 0.00  0.0    0  4.9 12 230   M    M   4 2      16 250
 2  75  57  66   M   0   1 0.00  0.0    0  6.4 12  70   M    M   5 1      18  20
 3  58  51  55   M  10   0 0.65  0.0    0  9.1 14  90   M    M  10 3      23  90
 4  69  50  60   M   5   0 0.27  0.0    0 10.8 17 340   M    M   7 1      27 350
 5  71  46  59   M   6   0 0.01    M    0  3.5  9 270   M    M   3 12      M  M
 6  73  47  60   M   5   0 0.03  0.0    0  2.6  9 350   M    M   4 12      M  M
 7  75  46  61   M   4   0 0.00  0.0    0  3.5 10 310   M    M   2 1      16 350
 8  76  52  64   M   1   0 0.00  0.0    0  5.6 13 270   M    M   2        17 270
 9  74  55  65   M   0   0 0.09  0.0    0  5.0 14 200   M    M   6         M  M
10  70  56  63   M   2   0 0.64  0.0    0  5.8 12 150   M    M   9 3       M  M
11  71  46  59   M   6   0 0.00  0.0    0  9.2 17 360   M    M   6        28  10
12  75  43  59   M   6   0 0.00  0.0    0  3.1  9  70   M    M   2         M  M
13  74  46  60   M   5   0 0.00  0.0    0  2.1  8 170   M    M   3 1       M  M
14  67  50  59   M   6   0 0.26  0.0    0  2.7  9  40   M    M   9         M  M
15  74  54  64   M   1   0 0.00  0.0    0  3.2  6  80   M    M   4 1       M  M
16  74  55  65   M   0   0 0.15  0.0    0  7.3 13 110   M    M   5 1      18  90
17  71  60  66   M   0   1 0.38  0.0    0 10.7 16 290   M    M  10 1      23 290
18  67  59  63   M   2   0 0.00  0.0    0  8.0 14 350   M    M   6 12     18 310
19  75  57  66   M   0   1 0.00  0.0    0  6.0 10 260   M    M   4 12      M  M
20  80  55  68   M   0   3 0.00  0.0    0  6.8 15 240   M    M   2        25 240
21  76  60  68   M   0   3 0.09  0.0    0  3.7 12 180   M    M   5 1       M  M
================================================================================
SM 1525 1105        59  14  2.57     0.0 120.0          M      108
================================================================================
AV 72.6 52.6                               5.7 FASTST   M    M   5    MAX(MPH)
                                 MISC ---->  # 17 340               # 28   10
================================================================================
NOTES:
# LAST OF SEVERAL OCCURRENCES

COLUMN 17 PEAK WIND IN M.P.H.

PRELIMINARY LOCAL CLIMATOLOGICAL DATA (WS FORM: F-6) , PAGE 2

                                          STATION:  MEDFORD WI
                                          MONTH:    AUGUST
                                          YEAR:     2017
                                          LATITUDE:   45  5 N
                                          LONGITUDE:  90 18 W

[TEMPERATURE DATA]      [PRECIPITATION DATA]       SYMBOLS USED IN COLUMN 16

AVERAGE MONTHLY: 62.6   TOTAL FOR MONTH:   2.57    1 = FOG OR MIST
DPTR FM NORMAL:     M   DPTR FM NORMAL:       M    2 = FOG REDUCING VISIBILITY
HIGHEST:    80 ON 20, 1 GRTST 24HR  0.65 ON  3- 3      TO 1/4 MILE OR LESS
LOWEST:     43 ON 12                               3 = THUNDER
                        SNOW, ICE PELLETS, HAIL    4 = ICE PELLETS
                        TOTAL MONTH:   0.0 INCH    5 = HAIL
                        GRTST 24HR     0.0         6 = FREEZING RAIN OR DRIZZLE
                        GRTST DEPTH:   0           7 = DUSTSTORM OR SANDSTORM:
                                                       VSBY 1/2 MILE OR LESS
                                                   8 = SMOKE OR HAZE
[NO. OF DAYS WITH]      [WEATHER - DAYS WITH]      9 = BLOWING SNOW
                                                   X = TORNADO
MAX 32 OR BELOW:   0    0.01 INCH OR MORE:  10
MAX 90 OR ABOVE:   0    0.10 INCH OR MORE:   6
MIN 32 OR BELOW:   0    0.50 INCH OR MORE:   2
MIN  0 OR BELOW:   0    1.00 INCH OR MORE:   0

[HDD (BASE 65) ]
TOTAL THIS MO.    59    CLEAR  (SCALE 0-3)   5
DPTR FM NORMAL     M    PTCLDY (SCALE 4-7)  12
TOTAL FM JUL 1    82    CLOUDY (SCALE 8-10)  4
DPTR FM NORMAL     M

[CDD (BASE 65) ]
TOTAL THIS MO.    14
DPTR FM NORMAL     M    [PRESSURE DATA]
TOTAL FM JAN 1   143    HIGHEST SLP M ON M
DPTR FM NORMAL     M    LOWEST  SLP M ON M

[REMARKS]
