000
CXUS53 KARX 190930
CF6MDZ
PRELIMINARY LOCAL CLIMATOLOGICAL DATA (WS FORM: F-6)

                                          STATION:   MEDFORD WI
                                          MONTH:     JANUARY
                                          YEAR:      2018
                                          LATITUDE:   45  5 N
                                          LONGITUDE:  90 18 W

  TEMPERATURE IN F:       :PCPN:    SNOW:  WIND      :SUNSHINE: SKY     :PK WND
================================================================================
1   2   3   4   5  6A  6B    7    8   9   10  11  12  13   14  15   16   17  18
                                     12Z  AVG MX 2MIN
DY MAX MIN AVG DEP HDD CDD  WTR  SNW DPTH SPD SPD DIR MIN PSBL S-S WX    SPD DR
================================================================================

 1  -2 -19 -10   M  75   0 0.00  0.0    5  7.1  9 270   M    M   0         M  M
 2  10 -11   0   M  65   0    M    M    5  9.4 15 200   M    M   3        20 230
 3   9 -12  -1   M  66   0    M    M    5 10.1 15 310   M    M   5        20 320
 4   4 -13  -4   M  69   0 0.00  0.0    5  6.2 13  10   M    M   9         M  M
 5   4  -9  -2   M  67   0 0.00  0.0    5  6.7 13 350   M    M   4         M  M
 6   7 -17  -5   M  70   0 0.00  0.0    5  5.9 16 160   M    M   2         M  M
 7  25   7  16   M  49   0    T    T    5 11.3 18 180   M    M   7        23 180
 8  32  19  26   M  39   0 0.00  0.0    M  9.8 15 270   M    M   3 1      23 290
 9  32  11  22   M  43   0 0.00  0.0    M  6.2 12 150   M    M   6        17 150
10  33  29  31   M  34   0 0.00  0.0    M 11.0 16 170   M    M   8 12     23 170
11  35   8  22   M  43   0    M    M    M 10.1 20 330   M    M  10 12     28 340
12   8  -8   0   M  65   0 0.00  0.0    M 10.5 17 350   M    M   4 8      25 330
13   1 -17  -8   M  73   0 0.00  0.0    M  5.9  9 330   M    M   0         M  M
14  11 -20  -4   M  69   0    M    M    M  7.0 13 140   M    M   6        20 150
15  18  11  15   M  50   0    M    M    M  6.9 10 340   M    M  10         M  M
16  20  -3   9   M  56   0    M    M    M  6.1 10 290   M    M   3         M  M
17  22  -5   9   M  56   0 0.00  0.0    M  9.0 13 220   M    M   1        18 220
18  33  17  25   M  40   0 0.00  0.0    0  8.0 12 210   M    M   0        16 240
================================================================================
SM  302  -32      1029   0    T     T    147.2          M       81
================================================================================
AV 16.8 -1.8                               8.2 FASTST   M    M   5    MAX(MPH)
                                 MISC ---->  # 20 330               # 28  340
================================================================================
NOTES:
# LAST OF SEVERAL OCCURRENCES

COLUMN 17 PEAK WIND IN M.P.H.

PRELIMINARY LOCAL CLIMATOLOGICAL DATA (WS FORM: F-6) , PAGE 2

                                          STATION:  MEDFORD WI
                                          MONTH:    JANUARY
                                          YEAR:     2018
                                          LATITUDE:   45  5 N
                                          LONGITUDE:  90 18 W

[TEMPERATURE DATA]      [PRECIPITATION DATA]       SYMBOLS USED IN COLUMN 16

AVERAGE MONTHLY:  7.5   TOTAL FOR MONTH:      T    1 = FOG OR MIST
DPTR FM NORMAL:     M   DPTR FM NORMAL:       M    2 = FOG REDUCING VISIBILITY
HIGHEST:    35 ON 11    GRTST 24HR    T  ON  7- 7      TO 1/4 MILE OR LESS
LOWEST:    -20 ON 14                               3 = THUNDER
                        SNOW, ICE PELLETS, HAIL    4 = ICE PELLETS
                        TOTAL MONTH:    T          5 = HAIL
                        GRTST 24HR    T  ON  7- 7  6 = FREEZING RAIN OR DRIZZLE
                        GRTST DEPTH:   5 ON  7, 6  7 = DUSTSTORM OR SANDSTORM:
                                                       VSBY 1/2 MILE OR LESS
                                                   8 = SMOKE OR HAZE
[NO. OF DAYS WITH]      [WEATHER - DAYS WITH]      9 = BLOWING SNOW
                                                   X = TORNADO
MAX 32 OR BELOW:  15    0.01 INCH OR MORE:   0
MAX 90 OR ABOVE:   0    0.10 INCH OR MORE:   0
MIN 32 OR BELOW:  18    0.50 INCH OR MORE:   0
MIN  0 OR BELOW:  11    1.00 INCH OR MORE:   0

[HDD (BASE 65) ]
TOTAL THIS MO.  1029    CLEAR  (SCALE 0-3)   8
DPTR FM NORMAL     M    PTCLDY (SCALE 4-7)   7
TOTAL FM JUL 1  4596    CLOUDY (SCALE 8-10)  3
DPTR FM NORMAL     M

[CDD (BASE 65) ]
TOTAL THIS MO.     0
DPTR FM NORMAL     M    [PRESSURE DATA]
TOTAL FM JAN 1     0    HIGHEST SLP M ON M
DPTR FM NORMAL     M    LOWEST  SLP M ON M

[REMARKS]
