000
CXUS53 KARX 240930
CF6MDZ
PRELIMINARY LOCAL CLIMATOLOGICAL DATA (WS FORM: F-6)

                                          STATION:   MEDFORD WI
                                          MONTH:     JANUARY
                                          YEAR:      2017
                                          LATITUDE:   45  5 N
                                          LONGITUDE:  90 18 W

  TEMPERATURE IN F:       :PCPN:    SNOW:  WIND      :SUNSHINE: SKY     :PK WND
================================================================================
1   2   3   4   5  6A  6B    7    8   9   10  11  12  13   14  15   16   17  18
                                     12Z  AVG MX 2MIN
DY MAX MIN AVG DEP HDD CDD  WTR  SNW DPTH SPD SPD DIR MIN PSBL S-S WX    SPD DR
================================================================================

 1  26  14  20   M  45   0 0.00  0.0    9  5.8 13 210   M    M   5        17 210
 2  31  24  28   M  37   0 0.03    M    9  8.4 10  70   M    M  10 1      18 100
 3  29   2  16   M  49   0    M    M   10  9.9 21 290   M    M  10 128    29 290
 4   2 -12  -5   M  70   0 0.00  0.0    8 13.2 20 280   M    M   3        25 280
 5  -6 -17 -11   M  76   0 0.00  0.0    8  6.7 13 290   M    M   3        17 290
 6  -1 -21 -11   M  76   0 0.00  0.0    7  4.3  9 250   M    M   0         M  M
 7   4 -16  -6   M  71   0 0.00  0.0    7  7.4 15 300   M    M   2        18 310
 8  10 -21  -5   M  70   0    M    M    7  5.3 13 140   M    M   4        20 140
 9  23   4  14   M  51   0    M    M    8  5.9 14 150   M    M   8 1      23 140
10  29   3  16   M  49   0    M    M   10 11.2 28 280   M    M   9 8      39 270
11   8   1   5   M  60   0    M    M    M  6.8 13 260   M    M   7        20 260
12  12  -4   4   M  61   0 0.00  0.0    M  7.9 16 270   M    M   5        21 250
13   6 -16  -5   M  70   0 0.00  0.0    M  2.9  8 170   M    M   3         M  M
14  16  -5   6   M  59   0 0.00  0.0    M  4.2 10 280   M    M   2         M  M
15  20 -11   5   M  60   0 0.00  0.0    M  2.5  7 190   M    M   0 1       M  M
16  32   0  16   M  49   0 0.22  0.0    M  3.1  7  80   M    M   3 6       M  M
17  38  27  33   M  32   0 0.04    M    M  5.0  7  30   M    M   8 12      M  M
18  37  26  32   M  33   0 0.00  0.0    M  7.5 10 210   M    M   5 12      M  M
19  32  27  30   M  35   0    M    M    0  5.3  9 160   M    M  10 12      M  M
20  35  32  34   M  31   0    M    M    0  5.1  9 100   M    M  10 1       M  M
21  35  32  34   M  31   0 0.13  0.0    0  5.2 10 100   M    M  10 12      M  M
22  35  33  34   M  31   0 0.00  0.0    M  2.9  7 330   M    M  10 12      M  M
23  34  32  33   M  32   0    M    M    M  3.2  6 320   M    M  10 12      M  M
================================================================================
SM  487  134      1178   0  0.42     0.0 139.7          M      137
================================================================================
AV 21.2  5.8                               6.1 FASTST   M    M   6    MAX(MPH)
                                 MISC ---->    28   M                 39    M
================================================================================
NOTES:
# LAST OF SEVERAL OCCURRENCES

COLUMN 17 PEAK WIND IN M.P.H.

PRELIMINARY LOCAL CLIMATOLOGICAL DATA (WS FORM: F-6) , PAGE 2

                                          STATION:  MEDFORD WI
                                          MONTH:    JANUARY
                                          YEAR:     2017
                                          LATITUDE:   45  5 N
                                          LONGITUDE:  90 18 W

[TEMPERATURE DATA]      [PRECIPITATION DATA]       SYMBOLS USED IN COLUMN 16

AVERAGE MONTHLY: 13.5   TOTAL FOR MONTH:   0.42    1 = FOG OR MIST
DPTR FM NORMAL:     M   DPTR FM NORMAL:       M    2 = FOG REDUCING VISIBILITY
HIGHEST:    38 ON 17    GRTST 24HR  0.22 ON 16-16      TO 1/4 MILE OR LESS
LOWEST:    -21 ON  8, 6                            3 = THUNDER
                        SNOW, ICE PELLETS, HAIL    4 = ICE PELLETS
                        TOTAL MONTH:   0.0 INCH    5 = HAIL
                        GRTST 24HR     0.0         6 = FREEZING RAIN OR DRIZZLE
                        GRTST DEPTH:  10 ON 10, 3  7 = DUSTSTORM OR SANDSTORM:
                                                       VSBY 1/2 MILE OR LESS
                                                   8 = SMOKE OR HAZE
[NO. OF DAYS WITH]      [WEATHER - DAYS WITH]      9 = BLOWING SNOW
                                                   X = TORNADO
MAX 32 OR BELOW:  17    0.01 INCH OR MORE:   4
MAX 90 OR ABOVE:   0    0.10 INCH OR MORE:   2
MIN 32 OR BELOW:  22    0.50 INCH OR MORE:   0
MIN  0 OR BELOW:  10    1.00 INCH OR MORE:   0

[HDD (BASE 65) ]
TOTAL THIS MO.  1178    CLEAR  (SCALE 0-3)   5
DPTR FM NORMAL     M    PTCLDY (SCALE 4-7)   9
TOTAL FM JUL 1  4173    CLOUDY (SCALE 8-10)  9
DPTR FM NORMAL     M

[CDD (BASE 65) ]
TOTAL THIS MO.     0
DPTR FM NORMAL     M    [PRESSURE DATA]
TOTAL FM JAN 1     0    HIGHEST SLP M ON M
DPTR FM NORMAL     M    LOWEST  SLP M ON M

[REMARKS]
