000
CXUS53 KARX 280930
CF6MDZ
PRELIMINARY LOCAL CLIMATOLOGICAL DATA (WS FORM: F-6)

                                          STATION:   MEDFORD WI
                                          MONTH:     FEBRUARY
                                          YEAR:      2015
                                          LATITUDE:   45  5 N
                                          LONGITUDE:  90 18 W

  TEMPERATURE IN F:       :PCPN:    SNOW:  WIND      :SUNSHINE: SKY     :PK WND
================================================================================
1   2   3   4   5  6A  6B    7    8   9   10  11  12  13   14  15   16   17  18
                                     12Z  AVG MX 2MIN
DY MAX MIN AVG DEP HDD CDD  WTR  SNW DPTH SPD SPD DIR MIN PSBL S-S WX    SPD DR
================================================================================

 1  14   1   8   M  57   0 0.00  0.0    9 13.4 18  50   M    M   6        25  50
 2  10  -9   1   M  64   0 0.00  0.0    8  4.3  9 230   M    M   3 1       M  M
 3  13  -6   4   M  61   0    M    M    8  2.2  5 280   M    M   5         M  M
 4  11  -4   4   M  61   0    M    M    9  8.4 18 290   M    M   5 8      24 320
 5  14 -13   1   M  64   0 0.00  0.0    9  8.1 20 210   M    M   2        23 210
 6  25   6  16   M  49   0 0.00  0.0    8  3.7  9 260   M    M   5         M  M
 7  29  17  23   M  42   0 0.00  0.0    8  6.6 10 100   M    M   4 1      18 100
 8  25  19  22   M  43   0 0.00  0.0    8  8.7 14  40   M    M  10 1      17  30
 9  24   7  16   M  49   0 0.00  0.0    7  3.5  9  20   M    M   2         M  M
10  23   4  14   M  51   0    M    M    7  7.6 14 140   M    M   6 146    21 140
11  24   5  15   M  50   0    M    M   10 12.9 21 290   M    M   8 16     29 290
12  10  -7   2   M  63   0 0.00  0.0   10  8.5 16 330   M    M   3 8      22 330
13  19  -7   6   M  59   0    M    M   10  8.8 14 310   M    M   8        22 280
14  11 -13  -1   M  66   0    M    M   10 15.1 24 350   M    M   5 8      35 340
15   4 -15  -5   M  70   0 0.00  0.0   10  4.8 10 170   M    M   6         M  M
16  11   4   8   M  57   0    M    M   10  6.0 12 320   M    M  10 8       M  M
17   8  -7   1   M  64   0    M    M   10  7.7 13 280   M    M   7 8       M  M
18  -3 -15  -9   M  74   0    T    T   10 10.4 17 320   M    M   5 8      23 320
19   2 -22 -10   M  75   0 0.00  0.0   10  5.5 10 300   M    M   0         M  M
20  13 -16  -1   M  66   0    M  0.0    0  9.8 16 180   M    M   9        21 170
21  20   1  11   M  54   0    T  0.0    0  5.1 10 350   M    M   9        16 350
22   1 -13  -6   M  71   0 0.00  0.0    0  8.8 15 330   M    M   1        21 310
23   8 -20  -6   M  71   0 0.00  0.0    M  9.3 18 210   M    M   1        24 210
24  28   3  16   M  49   0    M    M    M 16.7 30 280   M    M   5 8      43 280
25  13  -8   3   M  62   0 0.00  0.0    M  4.5 12 360   M    M   3         M  M
26   9 -13  -2   M  67   0 0.00  0.0    M  5.3 12 320   M    M   2         M  M
27  10 -13  -1   M  66   0 0.00  0.0    M  5.1  9 240   M    M   0         M  M
================================================================================
SM  376 -134      1625   0    T     T    210.8          M      130
================================================================================
AV 13.9 -5.0                               7.8 FASTST   M    M   5    MAX(MPH)
                                 MISC ---->    30   M                 43    M
================================================================================
NOTES:
# LAST OF SEVERAL OCCURRENCES

COLUMN 17 PEAK WIND IN M.P.H.

PRELIMINARY LOCAL CLIMATOLOGICAL DATA (WS FORM: F-6) , PAGE 2

                                          STATION:  MEDFORD WI
                                          MONTH:    FEBRUARY
                                          YEAR:     2015
                                          LATITUDE:   45  5 N
                                          LONGITUDE:  90 18 W

[TEMPERATURE DATA]      [PRECIPITATION DATA]       SYMBOLS USED IN COLUMN 16

AVERAGE MONTHLY:  4.5   TOTAL FOR MONTH:      T    1 = FOG OR MIST
DPTR FM NORMAL:     M   DPTR FM NORMAL:       M    2 = FOG REDUCING VISIBILITY
HIGHEST:    29 ON  7    GRTST 24HR    T  ON 21-21      TO 1/4 MILE OR LESS
LOWEST:    -22 ON 19                               3 = THUNDER
                        SNOW, ICE PELLETS, HAIL    4 = ICE PELLETS
                        TOTAL MONTH:    T          5 = HAIL
                        GRTST 24HR    T  ON 18-18  6 = FREEZING RAIN OR DRIZZLE
                        GRTST DEPTH:  10 ON 19,18  7 = DUSTSTORM OR SANDSTORM:
                                                       VSBY 1/2 MILE OR LESS
                                                   8 = SMOKE OR HAZE
[NO. OF DAYS WITH]      [WEATHER - DAYS WITH]      9 = BLOWING SNOW
                                                   X = TORNADO
MAX 32 OR BELOW:  27    0.01 INCH OR MORE:   0
MAX 90 OR ABOVE:   0    0.10 INCH OR MORE:   0
MIN 32 OR BELOW:  27    0.50 INCH OR MORE:   0
MIN  0 OR BELOW:  17    1.00 INCH OR MORE:   0

[HDD (BASE 65) ]
TOTAL THIS MO.  1625    CLEAR  (SCALE 0-3)   9
DPTR FM NORMAL     M    PTCLDY (SCALE 4-7)  13
TOTAL FM JUL 1  6765    CLOUDY (SCALE 8-10)  5
DPTR FM NORMAL     M

[CDD (BASE 65) ]
TOTAL THIS MO.     0
DPTR FM NORMAL     M    [PRESSURE DATA]
TOTAL FM JAN 1     0    HIGHEST SLP M ON M
DPTR FM NORMAL     M    LOWEST  SLP M ON M

[REMARKS]
