000
CXUS56 KPDT 290532
CF6MEH
PRELIMINARY LOCAL CLIMATOLOGICAL DATA (WS FORM: F-6)

                                          STATION:   MEACHAM OR
                                          MONTH:     NOVEMBER
                                          YEAR:      2014
                                          LATITUDE:   45 30 N
                                          LONGITUDE: 118 24 W

  TEMPERATURE IN F:       :PCPN:    SNOW:  WIND      :SUNSHINE: SKY     :PK WND
================================================================================
1   2   3   4   5  6A  6B    7    8   9   10  11  12  13   14  15   16   17  18
                                     12Z  AVG MX 2MIN
DY MAX MIN AVG DEP HDD CDD  WTR  SNW DPTH SPD SPD DIR MIN PSBL S-S WX    SPD DR
================================================================================

 1  41  36  39   1  26   0 0.43  0.0    0  2.7  9 300   M    M  10 1      20 260
 2  46  36  41   3  24   0 0.02  0.0    0  2.3  9 250   M    M  10 1      16 300
 3  50  41  46   8  19   0 0.04  0.0    0  0.0  5 200   M    M  10 18      8 160
 4  49  42  46   8  19   0 0.61  0.0    0  0.3  3 350   M    M  10 1       7 200
 5  58  40  49  12  16   0 0.00  0.0    0  0.5  6 140   M    M   5 1       9 180
 6  63  43  53  16  12   0 0.01  0.0    0  1.8  8 270   M    M   8        16 250
 7  50  27  39   2  26   0 0.00  0.0    0  0.5  6 310   M    M   3         9 310
 8  59  25  42   6  23   0 0.00  0.0    0  0.0  5  90   M    M   0 1       7 200
 9  50  33  42   6  23   0 0.44    M    0  2.2 13 260   M    M   6 1      26 300
10  39  20  30  -6  35   0 0.06    M    0  1.7  8 300   M    M   3 1      14 310
11  33  11  22 -14  43   0 0.00  0.0    0  1.5  8 280   M    M   2        14 260
12  28   4  16 -19  49   0 0.00  0.0    0  0.9  6  90   M    M   0        10  80
13  25  20  23 -12  42   0 0.36  4.9    M  0.5  6 100   M    M   7 18     11 120
14  21  -7   7 -28  58   0 0.01  0.3    5  0.5  6 260   M    M   8 18      9 280
15  22 -16   3 -31  62   0 0.00  0.0    5  0.4  6  20   M    M   0 18     11  20
16  29 -10  10 -24  55   0 0.00  0.0    M  0.4  5  90   M    M   0         7  90
17  31   4  18 -16  47   0 0.00  0.0    M  0.4  5 100   M    M   0        11  80
18  36  19  28  -5  37   0 0.00  0.0    M  0.9  6 150   M    M   0        10  80
19  39  20  30  -3  35   0 0.00  0.0    3  0.2  6 170   M    M   3        11 100
20  40  29  35   3  30   0 0.12  0.0    M  0.0  5 100   M    M   9 16      8 180
21  45  30  38   6  27   0 0.38  0.2    1  1.0  6 200   M    M   8 1      14 210
22  45  34  40   8  25   0 1.03  0.4    1  3.4 12 280   M    M   9 1      22 250
23  43  34  39   8  26   0 0.14    T    0  2.9 10 250   M    M   9 1      18 290
24  43  31  37   6  28   0 0.26  0.0    0  0.0  5 220   M    M   6 1       9 270
25  50  37  44  13  21   0 2.26  0.0    0  4.0 13 270   M    M  10 1      21 260
26  55  38  47  17  18   0 0.00  0.0    0  0.8  8 250   M    M   2 1      15 220
27  55  43  49  19  16   0 0.09    M    M  1.5  8 190   M    M  10 1      16 190
================================================================================
SM 1145  664       842   0  6.26     5.8  31.3          M      148
================================================================================
AV 42.4 24.6                               1.2 FASTST   M    M   5    MAX(MPH)
                                 MISC ---->  # 13 260               # 26  300
================================================================================
NOTES:
# LAST OF SEVERAL OCCURRENCES

COLUMN 17 PEAK WIND IN M.P.H.

PRELIMINARY LOCAL CLIMATOLOGICAL DATA (WS FORM: F-6) , PAGE 2

                                          STATION:  MEACHAM OR
                                          MONTH:    NOVEMBER
                                          YEAR:     2014
                                          LATITUDE:   45 30 N
                                          LONGITUDE: 118 24 W

[TEMPERATURE DATA]      [PRECIPITATION DATA]       SYMBOLS USED IN COLUMN 16

AVERAGE MONTHLY: 33.5   TOTAL FOR MONTH:   6.26    1 = FOG OR MIST
DPTR FM NORMAL:  -0.9   DPTR FM NORMAL:    2.38    2 = FOG REDUCING VISIBILITY
HIGHEST:    63 ON  6    GRTST 24HR  2.42 ON 24-25      TO 1/4 MILE OR LESS
LOWEST:    -16 ON 15                               3 = THUNDER
                        SNOW, ICE PELLETS, HAIL    4 = ICE PELLETS
                        TOTAL MONTH:   5.8 INCHES  5 = HAIL
                        GRTST 24HR   4.9 ON   M    6 = FREEZING RAIN OR DRIZZLE
                        GRTST DEPTH:   5 ON 15,14  7 = DUSTSTORM OR SANDSTORM:
                                                       VSBY 1/2 MILE OR LESS
                                                   8 = SMOKE OR HAZE
[NO. OF DAYS WITH]      [WEATHER - DAYS WITH]      9 = BLOWING SNOW
                                                   X = TORNADO
MAX 32 OR BELOW:   6    0.01 INCH OR MORE:  16
MAX 90 OR ABOVE:   0    0.10 INCH OR MORE:  10
MIN 32 OR BELOW:  15    0.50 INCH OR MORE:   3
MIN  0 OR BELOW:   3    1.00 INCH OR MORE:   2

[HDD (BASE 65) ]
TOTAL THIS MO.   842    CLEAR  (SCALE 0-3)  10
DPTR FM NORMAL    16    PTCLDY (SCALE 4-7)   8
TOTAL FM JUL 1  1798    CLOUDY (SCALE 8-10)  9
DPTR FM NORMAL  -563

[CDD (BASE 65) ]
TOTAL THIS MO.     0
DPTR FM NORMAL     0    [PRESSURE DATA]
TOTAL FM JAN 1   109    HIGHEST SLP 30.40 ON 24
DPTR FM NORMAL    85    LOWEST  SLP 29.47 ON 21

[REMARKS]
