000
CXUS56 KPDT 241832
CF6MEH
PRELIMINARY LOCAL CLIMATOLOGICAL DATA (WS FORM: F-6)

                                          STATION:   MEACHAM OR
                                          MONTH:     JANUARY
                                          YEAR:      2015
                                          LATITUDE:   45 30 N
                                          LONGITUDE: 118 24 W

  TEMPERATURE IN F:       :PCPN:    SNOW:  WIND      :SUNSHINE: SKY     :PK WND
================================================================================
1   2   3   4   5  6A  6B    7    8   9   10  11  12  13   14  15   16   17  18
                                     12Z  AVG MX 2MIN
DY MAX MIN AVG DEP HDD CDD  WTR  SNW DPTH SPD SPD DIR MIN PSBL S-S WX    SPD DR
================================================================================

 1  21  -9   6 -21  59   0 0.00  0.0    0  0.0  2 140   M    M   0 18      5  90
 2  25   8  17 -11  48   0    T  0.2    0  0.1  5 100   M    M   7 18      8 150
 3  35  23  29   1  36   0    T  0.0   13  0.3  6 280   M    M   9 1      11 260
 4  36  25  31   3  34   0 0.84  0.6   11  0.0  3 160   M    M  10 1       7 200
 5  45  34  40  12  25   0 0.28  0.0    9  0.1  8 240   M    M  10 1      14 270
 6  47  34  41  13  24   0 0.00  0.0    9  0.4  5 200   M    M   0        11 190
 7  51  26  39  11  26   0 0.00  0.0    9  0.1  3 150   M    M   0 1       8  80
 8  47  20  34   6  31   0    T  0.0    8  0.3  6 290   M    M   2 18     11  10
 9  39  26  33   5  32   0    T    T    8  0.1  5 260   M    M   4 12      8 180
10  38  22  30   1  35   0    T  0.0    M  0.0  3 160   M    M   6 1       8 180
11  38  31  35   6  30   0 0.10  0.6    M  0.0  5 270   M    M  10 12      7 260
12  32  29  31   2  34   0 0.04  0.1    M  0.3  5 310   M    M  10 1       7 240
13  33  28  31   2  34   0    T  0.1    8  0.1  5  20   M    M  10 1       7  30
14  34  27  31   2  34   0 0.00  0.0    8  0.3  3 190   M    M   5         9 170
15  36  25  31   2  34   0 0.19  0.6    8  0.9  7 180   M    M   5 16     12 170
16  44  22  33   4  32   0 0.19  0.3    9  1.4 10 280   M    M   6 16     19 280
17  38  22  30   1  35   0 0.91  0.0    8  0.4  5 170   M    M   7 18     11 150
18  47  30  39  10  26   0 0.07  0.0    8  1.1  9 260   M    M   6 1      19 250
19  41  25  33   4  32   0    T    M    0  1.2  9 270   M    M   7 1      16 270
20  41  17  29   0  36   0 0.00  0.0    0  0.1  4  70   M    M   1 12      M  M
21  40  11  26  -3  39   0 0.00  0.0    0  0.0  5 100   M    M   0         9  90
22  36  28  32   3  33   0 0.01    M    M  0.0  3  90   M    M   M         8 160
23  51  32  42  12  23   0 0.01  0.0    M  0.1  5  80   M    M   M 1       7  70
================================================================================
SM  895  536       772   0  2.64     2.5   7.3          M      115
================================================================================
AV 38.9 23.3                               0.3 FASTST   M    M   5    MAX(MPH)
                                 MISC ---->  # 10 280               # 19  280
================================================================================
NOTES:
# LAST OF SEVERAL OCCURRENCES

COLUMN 17 PEAK WIND IN M.P.H.

PRELIMINARY LOCAL CLIMATOLOGICAL DATA (WS FORM: F-6) , PAGE 2

                                          STATION:  MEACHAM OR
                                          MONTH:    JANUARY
                                          YEAR:     2015
                                          LATITUDE:   45 30 N
                                          LONGITUDE: 118 24 W

[TEMPERATURE DATA]      [PRECIPITATION DATA]       SYMBOLS USED IN COLUMN 16

AVERAGE MONTHLY: 31.1   TOTAL FOR MONTH:   2.64    1 = FOG OR MIST
DPTR FM NORMAL:   2.5   DPTR FM NORMAL:   -0.54    2 = FOG REDUCING VISIBILITY
HIGHEST:    51 ON 23, 7 GRTST 24HR  1.01 ON  4- 5      TO 1/4 MILE OR LESS
LOWEST:     -9 ON  1                               3 = THUNDER
                        SNOW, ICE PELLETS, HAIL    4 = ICE PELLETS
                        TOTAL MONTH:   2.5 INCHES  5 = HAIL
                        GRTST 24HR   0.6 ON   M    6 = FREEZING RAIN OR DRIZZLE
                        GRTST DEPTH:  13 ON  3     7 = DUSTSTORM OR SANDSTORM:
                                                       VSBY 1/2 MILE OR LESS
                                                   8 = SMOKE OR HAZE
[NO. OF DAYS WITH]      [WEATHER - DAYS WITH]      9 = BLOWING SNOW
                                                   X = TORNADO
MAX 32 OR BELOW:   3    0.01 INCH OR MORE:  10
MAX 90 OR ABOVE:   0    0.10 INCH OR MORE:   6
MIN 32 OR BELOW:  21    0.50 INCH OR MORE:   2
MIN  0 OR BELOW:   1    1.00 INCH OR MORE:   0

[HDD (BASE 65) ]
TOTAL THIS MO.   772    CLEAR  (SCALE 0-3)   6
DPTR FM NORMAL   -67    PTCLDY (SCALE 4-7)   9
TOTAL FM JUL 1  3700    CLOUDY (SCALE 8-10)  6
DPTR FM NORMAL  -788

[CDD (BASE 65) ]
TOTAL THIS MO.     0
DPTR FM NORMAL     0    [PRESSURE DATA]
TOTAL FM JAN 1     0    HIGHEST SLP 30.58 ON 23
DPTR FM NORMAL     0    LOWEST  SLP 29.77 ON 18

[REMARKS]
