000
CXUS56 KPDT 231832
CF6MEH
PRELIMINARY LOCAL CLIMATOLOGICAL DATA (WS FORM: F-6)

                                          STATION:   MEACHAM OR
                                          MONTH:     JULY
                                          YEAR:      2017
                                          LATITUDE:   45 30 N
                                          LONGITUDE: 118 24 W

  TEMPERATURE IN F:       :PCPN:    SNOW:  WIND      :SUNSHINE: SKY     :PK WND
================================================================================
1   2   3   4   5  6A  6B    7    8   9   10  11  12  13   14  15   16   17  18
                                     12Z  AVG MX 2MIN
DY MAX MIN AVG DEP HDD CDD  WTR  SNW DPTH SPD SPD DIR MIN PSBL S-S WX    SPD DR
================================================================================

 1  80  45  63   6   2   0 0.00  0.0    0  1.5  9 260   M    M   0        15 320
 2  83  45  64   7   1   0 0.00  0.0    0  1.4  8 280   M    M   0        12 280
 3  80  44  62   5   3   0 0.00  0.0    0  1.4  9 310   M    M   0        15 280
 4  85  40  63   6   2   0 0.00  0.0    0  1.3  8  30   M    M   0        11  20
 5  90  43  67   9   0   2 0.00  0.0    0  1.2  8  10   M    M   0        15  10
 6  94  50  72  14   0   7 0.00  0.0    0  1.6  8  20   M    M   0        16 250
 7  90  50  70  12   0   5 0.00  0.0    0  1.7  9 270   M    M   0        15 260
 8  89  44  67   9   0   2 0.00  0.0    0  0.9  8  40   M    M   0        13  20
 9  84  46  65   7   0   0 0.00  0.0    0  2.1  8 290   M    M   0        13 360
10  78  47  63   4   2   0 0.00  0.0    0  2.2  9 270   M    M   0        15 270
11  78  38  58  -1   7   0 0.00  0.0    0  1.7  8 270   M    M   0        13 250
12  83  37  60   1   5   0 0.00  0.0    0  1.1  8  40   M    M   0        11 300
13  82  43  63   4   2   0 0.00  0.0    0  1.8  8  20   M    M   0        14 350
14  88  43  66   7   0   1 0.00  0.0    0  1.7  7 300   M    M   0        11  10
15  83  55  69   9   0   4    T  0.0    0  2.7  9 250   M    M   0 3      16 270
16  73  39  56  -4   9   0 0.00  0.0    0  1.5  8 270   M    M   0        14 270
17  75  32  54  -6  11   0 0.00  0.0    0  1.5  9  40   M    M   0        16  40
18  82  36  59  -1   6   0 0.00  0.0    0  1.3  9  30   M    M   0        14  30
19  83  41  62   2   3   0 0.00  0.0    0  1.5 10  40   M    M   0        14 320
20  75  42  59  -1   6   0 0.00  0.0    0  2.3  9 270   M    M   0        14 350
21  77  35  56  -4   9   0 0.00  0.0    0  1.4  8  30   M    M   0        13 350
22  83  38  61   1   4   0 0.00  0.0    0  1.7  8  30   M    M   0        13 350
================================================================================
SM 1815  933        72  21    T      0.0  35.5          M        0
================================================================================
AV 82.5 42.4                               1.6 FASTST   M    M   0    MAX(MPH)
                                 MISC ---->  # 10  40               # 16  250
================================================================================
NOTES:
# LAST OF SEVERAL OCCURRENCES

COLUMN 17 PEAK WIND IN M.P.H.

PRELIMINARY LOCAL CLIMATOLOGICAL DATA (WS FORM: F-6) , PAGE 2

                                          STATION:  MEACHAM OR
                                          MONTH:    JULY
                                          YEAR:     2017
                                          LATITUDE:   45 30 N
                                          LONGITUDE: 118 24 W

[TEMPERATURE DATA]      [PRECIPITATION DATA]       SYMBOLS USED IN COLUMN 16

AVERAGE MONTHLY: 62.5   TOTAL FOR MONTH:      T    1 = FOG OR MIST
DPTR FM NORMAL:   3.7   DPTR FM NORMAL:   -0.52    2 = FOG REDUCING VISIBILITY
HIGHEST:    94 ON  6    GRTST 24HR    T  ON 15-15      TO 1/4 MILE OR LESS
LOWEST:     32 ON 17                               3 = THUNDER
                        SNOW, ICE PELLETS, HAIL    4 = ICE PELLETS
                        TOTAL MONTH:   0.0 INCH    5 = HAIL
                        GRTST 24HR     0.0         6 = FREEZING RAIN OR DRIZZLE
                        GRTST DEPTH:   0           7 = DUSTSTORM OR SANDSTORM:
                                                       VSBY 1/2 MILE OR LESS
                                                   8 = SMOKE OR HAZE
[NO. OF DAYS WITH]      [WEATHER - DAYS WITH]      9 = BLOWING SNOW
                                                   X = TORNADO
MAX 32 OR BELOW:   0    0.01 INCH OR MORE:   0
MAX 90 OR ABOVE:   3    0.10 INCH OR MORE:   0
MIN 32 OR BELOW:   1    0.50 INCH OR MORE:   0
MIN  0 OR BELOW:   0    1.00 INCH OR MORE:   0

[HDD (BASE 65) ]
TOTAL THIS MO.    72    CLEAR  (SCALE 0-3)  22
DPTR FM NORMAL   -72    PTCLDY (SCALE 4-7)   0
TOTAL FM JUL 1    72    CLOUDY (SCALE 8-10)  0
DPTR FM NORMAL   -72

[CDD (BASE 65) ]
TOTAL THIS MO.    21
DPTR FM NORMAL    21    [PRESSURE DATA]
TOTAL FM JAN 1    30    HIGHEST SLP 30.14 ON 22
DPTR FM NORMAL    28    LOWEST  SLP 29.79 ON 19

[REMARKS]
