000
CXUS54 KJAN 310800
CF6MEI
PRELIMINARY LOCAL CLIMATOLOGICAL DATA (WS FORM: F-6)

                                          STATION:   MERIDIAN
                                          MONTH:     JULY
                                          YEAR:      2014
                                          LATITUDE:   32 19 N
                                          LONGITUDE:  88 45 W

  TEMPERATURE IN F:       :PCPN:    SNOW:  WIND      :SUNSHINE: SKY     :PK WND
================================================================================
1   2   3   4   5  6A  6B    7    8   9   10  11  12  13   14  15   16   17  18
                                     12Z  AVG MX 2MIN
DY MAX MIN AVG DEP HDD CDD  WTR  SNW DPTH SPD SPD DIR MIN PSBL S-S WX    SPD DR
================================================================================

 1  95  71  83   3   0  18 0.00  0.0    0  3.0 13 200   M    M   0        16 300
 2  98  70  84   4   0  19 0.03  0.0    0  3.7 28 270   M    M   1 3      38 290
 3  89  65  77  -3   0  12 0.00  0.0    0  5.7 13 330   M    M   1        16 360
 4  86  63  75  -5   0  10 0.00  0.0    0  5.2 12 350   M    M   0        17  40
 5  90  59  75  -5   0  10 0.00  0.0    0  2.5 10 330   M    M   1        15 350
 6  92  62  77  -3   0  12 0.00  0.0    0  2.2 10 250   M    M   1        13 240
 7  93  62  78  -2   0  13 0.00  0.0    0  3.8 15 220   M    M   2         M  M
 8  93  68  81   1   0  16 0.00  0.0    0  6.4 17 210   M    M   1 1      23 200
 9  88  70  79  -1   0  14    T  0.0    0  5.3 14 290   M    M   4        21 220
10  87  70  79  -1   0  14 0.01  0.0    0  2.3 13 250   M    M   2        16 260
11  93  70  82   1   0  17 0.00  0.0    0  3.0 13  10   M    M   1        16  10
12  96  68  82   1   0  17 0.01  0.0    0  4.8 16 140   M    M   3 13     20 130
13  94  69  82   1   0  17 0.00  0.0    0  2.5 13 200   M    M   2 1      16 200
14  93  71  82   1   0  17 0.00  0.0    0  5.1 14 200   M    M   2 1      20 180
15  86  70  78  -3   0  13 1.08  0.0    0  5.4 14  40   M    M   5 13     18  40
16  83  63  73  -8   0   8 0.00  0.0    0  6.7 13 360   M    M   1        24 350
17  85  62  74  -7   0   9 0.01  0.0    0  3.9 13  40   M    M   0        17  30
18  77  70  74  -7   0   9 0.22  0.0    0  4.8 15 170   M    M   8 1      17 180
19  82  73  78  -3   0  13    T  0.0    0  5.2 12 250   M    M  10 1      15 260
20  87  71  79  -2   0  14 0.04  0.0    0  3.2  9  60   M    M   7        12  60
21  91  68  80  -1   0  15 0.00  0.0    0  3.6 10 360   M    M   3        15 320
22  85  69  77  -4   0  12 0.07  0.0    0  4.7 21 190   M    M   4 13     24 190
23  89  66  78  -3   0  13    T  0.0    0  3.2 14 170   M    M   3 12     15 170
24  92  69  81   0   0  16 0.42  0.0    0  4.2 21 360   M    M   5 1      25 340
25  92  69  81   0   0  16 0.00  0.0    0  2.4 12 300   M    M   2 1      14 300
26  95  69  82   1   0  17 0.00  0.0    0  3.7 12 250   M    M   2        21 270
27  94  73  84   3   0  19 0.00  0.0    0  5.1 14 250   M    M   1 1      18 240
28  94  70  82   1   0  17 0.00  0.0    0  6.1 15 300   M    M   3        20 290
29  88  63  76  -5   0  11 0.00  0.0    0  5.8 17 350   M    M   1        21 340
30  85  56  71 -10   0   6 0.00  0.0    0  4.4 14  40   M    M   0        18 330
================================================================================
SM 2692 2019         0 414  1.89     0.0 127.9          M       76
================================================================================
AV 89.7 67.3                               4.3 FASTST   M    M   3    MAX(MPH)
                                 MISC ---->  # 28 270               # 38  290
================================================================================
NOTES:
# LAST OF SEVERAL OCCURRENCES

COLUMN 17 PEAK WIND IN M.P.H.

PRELIMINARY LOCAL CLIMATOLOGICAL DATA (WS FORM: F-6) , PAGE 2

                                          STATION:  MERIDIAN
                                          MONTH:    JULY
                                          YEAR:     2014
                                          LATITUDE:   32 19 N
                                          LONGITUDE:  88 45 W

[TEMPERATURE DATA]      [PRECIPITATION DATA]       SYMBOLS USED IN COLUMN 16

AVERAGE MONTHLY: 78.5   TOTAL FOR MONTH:   1.89    1 = FOG OR MIST
DPTR FM NORMAL:  -2.2   DPTR FM NORMAL:   -3.09    2 = FOG REDUCING VISIBILITY
HIGHEST:    98 ON  2    GRTST 24HR  1.08 ON 15-15      TO 1/4 MILE OR LESS
LOWEST:     56 ON 30                               3 = THUNDER
                        SNOW, ICE PELLETS, HAIL    4 = ICE PELLETS
                        TOTAL MONTH:   0.0 INCH    5 = HAIL
                        GRTST 24HR     0.0         6 = FREEZING RAIN OR DRIZZLE
                        GRTST DEPTH:   0           7 = DUSTSTORM OR SANDSTORM:
                                                       VSBY 1/2 MILE OR LESS
                                                   8 = SMOKE OR HAZE
[NO. OF DAYS WITH]      [WEATHER - DAYS WITH]      9 = BLOWING SNOW
                                                   X = TORNADO
MAX 32 OR BELOW:   0    0.01 INCH OR MORE:   9
MAX 90 OR ABOVE:  16    0.10 INCH OR MORE:   3
MIN 32 OR BELOW:   0    0.50 INCH OR MORE:   1
MIN  0 OR BELOW:   0    1.00 INCH OR MORE:   1

[HDD (BASE 65) ]
TOTAL THIS MO.     0    CLEAR  (SCALE 0-3)  22
DPTR FM NORMAL     0    PTCLDY (SCALE 4-7)   6
TOTAL FM JUL 1     0    CLOUDY (SCALE 8-10)  2
DPTR FM NORMAL     0

[CDD (BASE 65) ]
TOTAL THIS MO.   414
DPTR FM NORMAL   -57    [PRESSURE DATA]
TOTAL FM JAN 1  1094    HIGHEST SLP M ON M
DPTR FM NORMAL   -40    LOWEST  SLP 29.88 ON M

[REMARKS]
