000
CXUS56 KMFR 161000
CF6MFR
PRELIMINARY LOCAL CLIMATOLOGICAL DATA (WS FORM: F-6)

                                          STATION:   MEDFORD OR
                                          MONTH:     JANUARY
                                          YEAR:      2017
                                          LATITUDE:   42 22 N
                                          LONGITUDE: 122 52 W

  TEMPERATURE IN F:       :PCPN:    SNOW:  WIND      :SUNSHINE: SKY     :PK WND
================================================================================
1   2   3   4   5  6A  6B    7    8   9   10  11  12  13   14  15   16   17  18
                                     12Z  AVG MX 2MIN
DY MAX MIN AVG DEP HDD CDD  WTR  SNW DPTH SPD SPD DIR MIN PSBL S-S WX    SPD DR
================================================================================

 1  38  26  32  -7  33   0 0.07  1.1    T  4.6 18 200   M    M   8 128    23 200
 2  39  29  34  -5  31   0 0.12  0.9    T  3.5  9 280   M    M   9 1      12 270
 3  33  29  31  -8  34   0 0.70  8.3    T  0.8  6 130   M    M   9 12      6 140
 4  40  17  29 -10  36   0 0.07  0.4    6  1.4 10 150   M    M   7 128    12  20
 5  32  12  22 -17  43   0    T    T    4  2.0  8  40   M    M   4 12     10 230
 6  29   6  18 -21  47   0 0.00  0.0    4  1.6  7  50   M    M   1 1       8 180
 7  44  23  34  -5  31   0 0.06  0.2    4  2.8 12 320   M    M   8 1      14 320
 8  44  32  38  -1  27   0 0.83  0.5    2  4.3 16 270   M    M   9 12     24 270
 9  43  33  38  -2  27   0 1.00  0.0    T  3.8 10 310   M    M   8 1      13 300
10  39  33  36  -4  29   0 0.79    T    0  1.5 10 150   M    M  10 12     12 200
11  44  34  39  -1  26   0 0.05  0.0    0  2.8 15 230   M    M   8 1      23 180
12  45  29  37  -3  28   0 0.00  0.0    0  2.6  7 190   M    M   6 12      9 350
13  39  30  35  -5  30   0 0.00  0.0    0  3.1  8  20   M    M   6 1       9  20
14  43  27  35  -5  30   0 0.00  0.0    0  0.5  6 130   M    M   5 12      6  70
15  44  26  35  -5  30   0    T    T    0  0.6  6 190   M    M   5 12      7 190
================================================================================
SM  596  386       482   0  3.69    11.4  35.9          M      103
================================================================================
AV 39.7 25.7                               2.4 FASTST   M    M   7    MAX(MPH)
                                 MISC ---->  # 18 200               # 24  270
================================================================================
NOTES:
# LAST OF SEVERAL OCCURRENCES

COLUMN 17 PEAK WIND IN M.P.H.

PRELIMINARY LOCAL CLIMATOLOGICAL DATA (WS FORM: F-6) , PAGE 2

                                          STATION:  MEDFORD OR
                                          MONTH:    JANUARY
                                          YEAR:     2017
                                          LATITUDE:   42 22 N
                                          LONGITUDE: 122 52 W

[TEMPERATURE DATA]      [PRECIPITATION DATA]       SYMBOLS USED IN COLUMN 16

AVERAGE MONTHLY: 32.7   TOTAL FOR MONTH:   3.69    1 = FOG OR MIST
DPTR FM NORMAL:  -6.7   DPTR FM NORMAL:    2.36    2 = FOG REDUCING VISIBILITY
HIGHEST:    45 ON 12    GRTST 24HR  1.54 ON  9-10      TO 1/4 MILE OR LESS
LOWEST:      6 ON  6                               3 = THUNDER
                        SNOW, ICE PELLETS, HAIL    4 = ICE PELLETS
                        TOTAL MONTH:  11.4 INCHES  5 = HAIL
                        GRTST 24HR   8.3 ON   M    6 = FREEZING RAIN OR DRIZZLE
                        GRTST DEPTH:   6 ON  4     7 = DUSTSTORM OR SANDSTORM:
                                                       VSBY 1/2 MILE OR LESS
                                                   8 = SMOKE OR HAZE
[NO. OF DAYS WITH]      [WEATHER - DAYS WITH]      9 = BLOWING SNOW
                                                   X = TORNADO
MAX 32 OR BELOW:   2    0.01 INCH OR MORE:   9
MAX 90 OR ABOVE:   0    0.10 INCH OR MORE:   5
MIN 32 OR BELOW:  12    0.50 INCH OR MORE:   4
MIN  0 OR BELOW:   0    1.00 INCH OR MORE:   1

[HDD (BASE 65) ]
TOTAL THIS MO.   482    CLEAR  (SCALE 0-3)   1
DPTR FM NORMAL    98    PTCLDY (SCALE 4-7)  10
TOTAL FM JUL 1  2107    CLOUDY (SCALE 8-10)  4
DPTR FM NORMAL   -43

[CDD (BASE 65) ]
TOTAL THIS MO.     0
DPTR FM NORMAL     0    [PRESSURE DATA]
TOTAL FM JAN 1     0    HIGHEST SLP M ON M
DPTR FM NORMAL     0    LOWEST  SLP 29.45 ON 10

[REMARKS]
