000
CXUS51 KPBZ 270804
CF6MGW
PRELIMINARY LOCAL CLIMATOLOGICAL DATA (WS FORM: F-6)

                                          STATION:   MORGANTOWN WV
                                          MONTH:     AUGUST
                                          YEAR:      2015
                                          LATITUDE:   39 39 N
                                          LONGITUDE:  79 55 W

  TEMPERATURE IN F:       :PCPN:    SNOW:  WIND      :SUNSHINE: SKY     :PK WND
================================================================================
1   2   3   4   5  6A  6B    7    8   9   10  11  12  13   14  15   16   17  18
                                     12Z  AVG MX 2MIN
DY MAX MIN AVG DEP HDD CDD  WTR  SNW DPTH SPD SPD DIR MIN PSBL S-S WX    SPD DR
================================================================================

 1  86  66  76   3   0  11 0.00    M    M  4.7 13 280   M    M   5        19 280
 2  86  60  73   0   0   8 0.00    M    M  4.5 13 210   M    M   3        19 190
 3  87  64  76   3   0  11 0.02    M    M  5.8 13 200   M    M   2        19 210
 4  88  68  78   5   0  13 0.00    M    M  3.0 10 280   M    M   5 18     17 290
 5  86  65  76   3   0  11 0.00    M    M  3.7 12 290   M    M   3        18 330
 6  71  60  66  -7   0   1 0.27    M    M  4.1 10 130   M    M   6 18     14 130
 7  82  63  73   0   0   8 0.00    M    M  4.4 13  50   M    M   4 18     18  50
 8  87  66  77   4   0  12 0.00    M    M  2.1  9 160   M    M   6        12 160
 9  87  67  77   4   0  12 0.00    M    M  2.2  9 350   M    M   5        14 300
10  89  68  79   6   0  14 0.03    M    M  3.5 14 200   M    M   4        21 230
11  86  64  75   3   0  10 0.20    M    M  5.4 13 360   M    M   6 8      21 330
12  83  60  72   0   0   7 0.00    M    M  3.4 12 350   M    M   6 18     22  10
13  81  55  68  -4   0   3 0.00    M    M  1.7  9 330   M    M   1 8      14 360
14  88  56  72   0   0   7 0.00    M    M  2.4  9 160   M    M   0        13 160
15  90  60  75   3   0  10 0.00    M    M  2.7  9 220   M    M   0        14 220
16  91  63  77   5   0  12 0.00    M    M  2.6  9 170   M    M   1        13 230
17  94  64  79   7   0  14 0.00    M    M  1.7  7 290   0    0   0         M  M
18  81  69  75   3   0  10 1.31    M    M  3.3 15 230   M    M   6 18     23 200
19  89  71  80   8   0  15 0.05    M    M  4.1 14 150   M    M   5 18     17 220
20  83  63  73   1   0   8 0.12    M    M  5.1 15 230   M    M   5        23 200
21  82  57  70  -2   0   5 0.00    M    M  1.8  8 270   M    M   0        13 330
22  84  55  70  -2   0   5 0.00    M    M  2.3  9  10   M    M   0 8      13  30
23  83  60  72   0   0   7 0.00    M    M  2.1  9 230   M    M   1        14 230
24  84  64  74   2   0   9 0.00    M    M  4.6 14 280   M    M   5        20 280
25  77  58  68  -3   0   3 0.00    M    M  3.9 14 280   M    M   7        23 290
26  72  56  64  -7   1   0 0.00    M    M  2.2  8 190   M    M   9        12 190
================================================================================
SM 2197 1622         1 226  2.00    M     87.3            0     95
================================================================================
AV 84.5 62.4                               3.4 FASTST    0   0   4    MAX(MPH)
                                 MISC ---->  # 15 230               # 23  200
================================================================================
NOTES:
# LAST OF SEVERAL OCCURRENCES

COLUMN 17 PEAK WIND IN M.P.H.

PRELIMINARY LOCAL CLIMATOLOGICAL DATA (WS FORM: F-6) , PAGE 2

                                          STATION:  MORGANTOWN WV
                                          MONTH:    AUGUST
                                          YEAR:     2015
                                          LATITUDE:   39 39 N
                                          LONGITUDE:  79 55 W

[TEMPERATURE DATA]      [PRECIPITATION DATA]       SYMBOLS USED IN COLUMN 16

AVERAGE MONTHLY: 73.4   TOTAL FOR MONTH:   2.00    1 = FOG OR MIST
DPTR FM NORMAL:   1.1   DPTR FM NORMAL:   -1.01    2 = FOG REDUCING VISIBILITY
HIGHEST:    94 ON 17    GRTST 24HR  1.31 ON 18-18      TO 1/4 MILE OR LESS
LOWEST:     55 ON 22,13                            3 = THUNDER
                        SNOW, ICE PELLETS, HAIL    4 = ICE PELLETS
                        TOTAL MONTH:    M          5 = HAIL
                        GRTST 24HR    M  ON   M    6 = FREEZING RAIN OR DRIZZLE
                        GRTST DEPTH:  M  ON   M    7 = DUSTSTORM OR SANDSTORM:
                                                       VSBY 1/2 MILE OR LESS
                                                   8 = SMOKE OR HAZE
[NO. OF DAYS WITH]      [WEATHER - DAYS WITH]      9 = BLOWING SNOW
                                                   X = TORNADO
MAX 32 OR BELOW:   0    0.01 INCH OR MORE:   7
MAX 90 OR ABOVE:   3    0.10 INCH OR MORE:   4
MIN 32 OR BELOW:   0    0.50 INCH OR MORE:   1
MIN  0 OR BELOW:   0    1.00 INCH OR MORE:   1

[HDD (BASE 65) ]
TOTAL THIS MO.     1    CLEAR  (SCALE 0-3)  11
DPTR FM NORMAL     1    PTCLDY (SCALE 4-7)  14
TOTAL FM JUL 1     1    CLOUDY (SCALE 8-10)  1
DPTR FM NORMAL    -2

[CDD (BASE 65) ]
TOTAL THIS MO.   226
DPTR FM NORMAL    30    [PRESSURE DATA]
TOTAL FM JAN 1   964    HIGHEST SLP  0.00 ON 17
DPTR FM NORMAL   284    LOWEST  SLP  0.00 ON 17

[REMARKS]
