000
CXUS51 KPBZ 280804
CF6MGW
PRELIMINARY LOCAL CLIMATOLOGICAL DATA (WS FORM: F-6)

                                          STATION:   MORGANTOWN WV
                                          MONTH:     JUNE
                                          YEAR:      2017
                                          LATITUDE:   39 39 N
                                          LONGITUDE:  79 55 W

  TEMPERATURE IN F:       :PCPN:    SNOW:  WIND      :SUNSHINE: SKY     :PK WND
================================================================================
1   2   3   4   5  6A  6B    7    8   9   10  11  12  13   14  15   16   17  18
                                     12Z  AVG MX 2MIN
DY MAX MIN AVG DEP HDD CDD  WTR  SNW DPTH SPD SPD DIR MIN PSBL S-S WX    SPD DR
================================================================================

 1  76  54  65   0   0   0 0.00  0.0    0  3.8 12 300   M    M   1 1      17 340
 2  78  50  64  -2   1   0 0.00    M    0  3.9 13 350   M    M   1        20 350
 3  82  51  67   1   0   2 0.00    M    0  3.1 14 350   M    M   1        20  10
 4  85  56  71   5   0   6    T  0.0    0  4.0 13 210   M    M   1        18 210
 5  74  60  67   0   0   2 0.10  0.0    0  3.7 14 350   M    M   8 13     20 350
 6  67  56  62  -5   3   0 0.00  0.0    0  4.1 10 280   M    M   9        16 310
 7  62  55  59  -8   6   0 0.02    M    0  3.9 12 350   M    M  10 18     17 350
 8  73  53  63  -4   2   0 0.00  0.0    0  3.7 10  10   M    M   8        17 100
 9  79  52  66  -2   0   1 0.00    M    M  4.3 10 230   M    M   4        16 250
10  84  61  73   5   0   8 0.02    M    M  5.7 13 210   M    M   3 3      19 240
11  87  61  74   6   0   9 0.00  0.0    0  4.2 13 220   M    M   2        19 190
12  89  62  76   7   0  11 0.00  0.0    0  3.0 10 220   M    M   2        15 180
13  87  68  78   9   0  13    T  0.0    0  3.3 13 230   M    M   1 3      22 280
14  86  67  77   8   0  12 0.01  0.0    0  2.6 10 180   M    M   5 38     16 170
15  89  65  77   8   0  12 0.37  0.0    0  4.8 21 220   M    M   1 13     31 210
16  83  66  75   5   0  10 0.12  0.0    0  2.3 12 350   M    M   6 123    15 350
17  88  63  76   6   0  11 0.00  0.0    0  2.9 10 150   M    M   1 1      13 230
18  90  68  79   9   0  14 0.01  0.0    0  7.7 18 210   M    M   3 3      25 210
19  80  62  71   1   0   6 0.60    M    0  5.4 17 300   M    M   8 1      27 300
20  80  59  70  -1   0   5 0.00    M    0  5.8 14 260   M    M   2        24 260
21  84  60  72   1   0   7 0.02    M    0  4.6 13 240   M    M   6 8      23 260
22  82  69  76   5   0  11    T  0.0    0  5.1 10 200   M    M   4        19 350
23  85  67  76   5   0  11 2.48  0.0    0  6.1 18 200   M    M   8 18     29 290
24  80  61  71  -1   0   6 0.06  0.0    0  6.0 14 240   M    M   6 1      22 290
25  76  59  68  -4   0   3 0.00    M    0  6.0 14 280   M    M   4        21 280
26  76  52  64  -8   1   0 0.00    M    M  4.9 13 220   M    M   4        20 210
27  71  53  62 -10   3   0 0.18    M    0  5.0 14 270   M    M   4 13     20 260
================================================================================
SM 2173 1610        16 160  3.99     0.0 119.9          M      113
================================================================================
AV 80.5 59.6                               4.4 FASTST   M    M   4    MAX(MPH)
                                 MISC ---->  # 21 220               # 31  210
================================================================================
NOTES:
# LAST OF SEVERAL OCCURRENCES

COLUMN 17 PEAK WIND IN M.P.H.

PRELIMINARY LOCAL CLIMATOLOGICAL DATA (WS FORM: F-6) , PAGE 2

                                          STATION:  MORGANTOWN WV
                                          MONTH:    JUNE
                                          YEAR:     2017
                                          LATITUDE:   39 39 N
                                          LONGITUDE:  79 55 W

[TEMPERATURE DATA]      [PRECIPITATION DATA]       SYMBOLS USED IN COLUMN 16

AVERAGE MONTHLY: 70.1   TOTAL FOR MONTH:   3.99    1 = FOG OR MIST
DPTR FM NORMAL:   1.1   DPTR FM NORMAL:    0.32    2 = FOG REDUCING VISIBILITY
HIGHEST:    90 ON 18    GRTST 24HR  2.48 ON 23-23      TO 1/4 MILE OR LESS
LOWEST:     50 ON  2                               3 = THUNDER
                        SNOW, ICE PELLETS, HAIL    4 = ICE PELLETS
                        TOTAL MONTH:   0.0 INCH    5 = HAIL
                        GRTST 24HR     0.0         6 = FREEZING RAIN OR DRIZZLE
                        GRTST DEPTH:   0           7 = DUSTSTORM OR SANDSTORM:
                                                       VSBY 1/2 MILE OR LESS
                                                   8 = SMOKE OR HAZE
[NO. OF DAYS WITH]      [WEATHER - DAYS WITH]      9 = BLOWING SNOW
                                                   X = TORNADO
MAX 32 OR BELOW:   0    0.01 INCH OR MORE:  12
MAX 90 OR ABOVE:   1    0.10 INCH OR MORE:   6
MIN 32 OR BELOW:   0    0.50 INCH OR MORE:   2
MIN  0 OR BELOW:   0    1.00 INCH OR MORE:   1

[HDD (BASE 65) ]
TOTAL THIS MO.    16    CLEAR  (SCALE 0-3)  12
DPTR FM NORMAL   -13    PTCLDY (SCALE 4-7)  11
TOTAL FM JUL 1  4035    CLOUDY (SCALE 8-10)  4
DPTR FM NORMAL -1147

[CDD (BASE 65) ]
TOTAL THIS MO.   160
DPTR FM NORMAL    22    [PRESSURE DATA]
TOTAL FM JAN 1   267    HIGHEST SLP M ON M
DPTR FM NORMAL    62    LOWEST  SLP 29.64 ON 23

[REMARKS]
