000
CXUS53 KTOP 241718
CF6MHK
PRELIMINARY LOCAL CLIMATOLOGICAL DATA (WS FORM: F-6)

                                          STATION:   Manhattan KS
                                          MONTH:     FEBRUARY
                                          YEAR:      2017
                                          LATITUDE:   39  9 N
                                          LONGITUDE:  96 40 W

  TEMPERATURE IN F:       :PCPN:    SNOW:  WIND      :SUNSHINE: SKY     :PK WND
================================================================================
1   2   3   4   5  6A  6B    7    8   9   10  11  12  13   14  15   16   17  18
                                     12Z  AVG MX 2MIN
DY MAX MIN AVG DEP HDD CDD  WTR  SNW DPTH SPD SPD DIR MIN PSBL S-S WX    SPD DR
================================================================================

 1  41  25  33   3  32   0 0.00    M    M 11.8 20  20   M    M   0        27  30
 2  34  15  25  -5  40   0 0.00    M    M  5.2 15  30   M    M   2        20  30
 3  35  24  30   0  35   0 0.00    M    M  5.0 12  40   M    M   4        14  30
 4  57  23  40   9  25   0 0.00    M    M 12.7 33 210   M    M   1        41 210
 5  50  27  39   8  26   0 0.00    M    M  4.7 13  30   M    M   0        16 360
 6  62  26  44  13  21   0 0.00    M    M  3.5 14 210   M    M   6        19 180
 7  43  27  35   4  30   0 0.00    M    M  8.0 17  20   M    M   6 12     23  20
 8  32  18  25  -6  40   0    T    M    M  8.5 21  30   M    M   4        27  10
 9  42  14  28  -4  37   0 0.00    M    M  6.3 18 170   M    M   0        23 170
10  74  33  54  22  11   0 0.00    M    M 10.3 23 230   M    M   0        29 220
11  68  45  57  25   8   0 0.00    M    M  4.8 16  10   M    M   1        25  20
12  53  26  40   8  25   0 0.00    M    M  9.3 18  20   M    M   0        27  20
13  51  23  37   5  28   0 0.02    M    M  1.8 13 220   M    M   6        15 240
14  57  29  43  10  22   0 0.00    M    M  6.2 16  30   M    M   0        24  30
15  59  23  41   8  24   0 0.00    M    M  5.0 14 230   M    M   0        17 230
16  76  35  56  23   9   0 0.00    M    M 11.9 21 220   M    M   0        27 210
17  77  43  60  27   5   0 0.00    M    M 11.2 22 220   M    M   0        28 210
18  74  32  53  19  12   0 0.00    M    M  1.8  9  60   M    M   0        12  60
19  65  36  51  17  14   0    T    M    M  6.2 17 150   M    M   4 12     23 180
20  64  42  53  19  12   0 0.39    M    M  7.6 20 210   M    M   4 13     24 210
21  71  30  51  16  14   0 0.00    M    M  2.5 10 210   M    M   1 12     13 200
22  80  40  60  25   5   0 0.00    M    M  6.4 16 240   M    M   0        20 250
23  61  41  51  16  14   0    T    M    M 14.9 26  90   M    M   5        36 360
================================================================================
SM 1326  677       489   0  0.41    M    165.6          M       44
================================================================================
AV 57.7 29.4                               7.2 FASTST   M    M   2    MAX(MPH)
                                 MISC ---->  # 33 210               # 41  210
================================================================================
NOTES:
# LAST OF SEVERAL OCCURRENCES

COLUMN 17 PEAK WIND IN M.P.H.

PRELIMINARY LOCAL CLIMATOLOGICAL DATA (WS FORM: F-6) , PAGE 2

                                          STATION:  Manhattan KS
                                          MONTH:    FEBRUARY
                                          YEAR:     2017
                                          LATITUDE:   39  9 N
                                          LONGITUDE:  96 40 W

[TEMPERATURE DATA]      [PRECIPITATION DATA]       SYMBOLS USED IN COLUMN 16

AVERAGE MONTHLY: 43.5   TOTAL FOR MONTH:   0.41    1 = FOG OR MIST
DPTR FM NORMAL:  11.2   DPTR FM NORMAL:   -0.46    2 = FOG REDUCING VISIBILITY
HIGHEST:    80 ON 22    GRTST 24HR  0.39 ON 20-20      TO 1/4 MILE OR LESS
LOWEST:     14 ON  9                               3 = THUNDER
                        SNOW, ICE PELLETS, HAIL    4 = ICE PELLETS
                        TOTAL MONTH:    M          5 = HAIL
                        GRTST 24HR    M  ON   M    6 = FREEZING RAIN OR DRIZZLE
                        GRTST DEPTH:  M  ON   M    7 = DUSTSTORM OR SANDSTORM:
                                                       VSBY 1/2 MILE OR LESS
                                                   8 = SMOKE OR HAZE
[NO. OF DAYS WITH]      [WEATHER - DAYS WITH]      9 = BLOWING SNOW
                                                   X = TORNADO
MAX 32 OR BELOW:   1    0.01 INCH OR MORE:   2
MAX 90 OR ABOVE:   0    0.10 INCH OR MORE:   1
MIN 32 OR BELOW:  15    0.50 INCH OR MORE:   0
MIN  0 OR BELOW:   0    1.00 INCH OR MORE:   0

[HDD (BASE 65) ]
TOTAL THIS MO.   489    CLEAR  (SCALE 0-3)  15
DPTR FM NORMAL  -262    PTCLDY (SCALE 4-7)   8
TOTAL FM JUL 1  3158    CLOUDY (SCALE 8-10)  0
DPTR FM NORMAL  -859

[CDD (BASE 65) ]
TOTAL THIS MO.     0
DPTR FM NORMAL     0    [PRESSURE DATA]
TOTAL FM JAN 1     0    HIGHEST SLP M ON M
DPTR FM NORMAL     0    LOWEST  SLP 29.38 ON 23

[REMARKS]
