000
CXUS56 KMFR 291000
CF6MHS
PRELIMINARY LOCAL CLIMATOLOGICAL DATA (WS FORM: F-6)

                                          STATION:   MT SHASTA CITY CA
                                          MONTH:     MAY
                                          YEAR:      2015
                                          LATITUDE:   41 19 N
                                          LONGITUDE: 122 19 W

  TEMPERATURE IN F:       :PCPN:    SNOW:  WIND      :SUNSHINE: SKY     :PK WND
================================================================================
1   2   3   4   5  6A  6B    7    8   9   10  11  12  13   14  15   16   17  18
                                     12Z  AVG MX 2MIN
DY MAX MIN AVG DEP HDD CDD  WTR  SNW DPTH SPD SPD DIR MIN PSBL S-S WX    SPD DR
================================================================================

 1  84  36  60   9   5   0 0.00    M    M  1.7 10 290   M    M   0        15 290
 2  80  41  61  10   4   0 0.00    M    M  1.2  9  90   M    M   0        15 130
 3  80  40  60   9   5   0 0.00    M    M  0.8  7  90   M    M   2        14 150
 4  79  43  61  10   4   0 0.00    M    M  1.8  9 340   M    M   2        17 350
 5  69  42  56   4   9   0 0.00    M    M  5.8 13 340   M    M   0        23 300
 6  62  39  51  -1  14   0 0.00    M    M  9.1 18 340   M    M   2        32 350
 7  63  38  51  -1  14   0 0.00    M    M  8.4 18 300   M    M   1        38 290
 8  73  44  59   7   6   0 0.00    M    M  4.5 14 300   M    M   2        23 280
 9  77  37  57   4   8   0 0.00    M    M  1.9 12 360   M    M   0        23 290
10  76  38  57   4   8   0    T    M    M  1.2  8 350   M    M   1        15 140
11  60  41  51  -2  14   0 0.49    M    M  4.2 13 290   M    M   M        21 310
12  57  38  48  -6  17   0 0.03    M    M  4.4 12 290   M    M   7 1      23 300
13  60  37  49  -5  16   0    T    M    M  0.5  7  80   M    M   7        14 130
14  64  36  50  -4  15   0 0.07    M    M  1.7 12 360   M    M   7 1      20 360
15  57  41  49  -5  16   0    T    M    M  5.7 12 340   M    M   5        23 330
16  67  43  55   1  10   0 0.01    M    M  1.8  8 300   M    M   5        13 280
17  70  47  59   4   6   0 0.22    M    M  0.6  8  10   M    M   5 1      14  10
18  66  47  57   2   8   0 0.28    M    M  2.3  9 300   M    M   9 1      16 290
19  65  49  57   2   8   0 0.43    M    M  1.4  9 290   M    M   9 1      15 270
20  65  48  57   1   8   0 0.07    M    M  1.0  6 300   M    M   9 12      9 300
21  72  48  60   4   5   0 0.08    M    M  1.4  9 360   M    M   7 1      17 340
22  67  49  58   2   7   0 0.08    M    M  3.3 10 320   M    M   8 1      22 340
23  68  45  57   1   8   0 0.00    M    M  5.2 12 310   M    M   0        21 350
24  78  45  62   6   3   0 0.00    M    M  3.1 10 310   M    M   1        19 280
25  76  48  62   5   3   0 0.00    M    M  1.4  7 300   M    M   2        15 150
26  77  42  60   3   5   0    T    M    M  0.9  6 130   M    M   3        13 150
27  81  42  62   5   3   0 0.00    M    M  0.6  7 260   M    M   1        12 310
28  86  45  66   9   0   1 0.00    M    M  0.4  6 100   M    M   0        11 200
================================================================================
SM 1979 1189       229   1  1.76    M     76.3          M       95
================================================================================
AV 70.7 42.5                               2.7 FASTST   M    M   4    MAX(MPH)
                                 MISC ---->  # 18 340               # 38  290
================================================================================
NOTES:
# LAST OF SEVERAL OCCURRENCES

COLUMN 17 PEAK WIND IN M.P.H.

PRELIMINARY LOCAL CLIMATOLOGICAL DATA (WS FORM: F-6) , PAGE 2

                                          STATION:  MT SHASTA CITY CA
                                          MONTH:    MAY
                                          YEAR:     2015
                                          LATITUDE:   41 19 N
                                          LONGITUDE: 122 19 W

[TEMPERATURE DATA]      [PRECIPITATION DATA]       SYMBOLS USED IN COLUMN 16

AVERAGE MONTHLY: 56.6   TOTAL FOR MONTH:   1.76    1 = FOG OR MIST
DPTR FM NORMAL:   2.5   DPTR FM NORMAL:   -0.25    2 = FOG REDUCING VISIBILITY
HIGHEST:    86 ON 28    GRTST 24HR  0.49 ON 11-11      TO 1/4 MILE OR LESS
LOWEST:     36 ON 14, 1                            3 = THUNDER
                        SNOW, ICE PELLETS, HAIL    4 = ICE PELLETS
                        TOTAL MONTH:    M          5 = HAIL
                        GRTST 24HR    M  ON   M    6 = FREEZING RAIN OR DRIZZLE
                        GRTST DEPTH:  M  ON   M    7 = DUSTSTORM OR SANDSTORM:
                                                       VSBY 1/2 MILE OR LESS
                                                   8 = SMOKE OR HAZE
[NO. OF DAYS WITH]      [WEATHER - DAYS WITH]      9 = BLOWING SNOW
                                                   X = TORNADO
MAX 32 OR BELOW:   0    0.01 INCH OR MORE:  10
MAX 90 OR ABOVE:   0    0.10 INCH OR MORE:   4
MIN 32 OR BELOW:   0    0.50 INCH OR MORE:   0
MIN  0 OR BELOW:   0    1.00 INCH OR MORE:   0

[HDD (BASE 65) ]
TOTAL THIS MO.   229    CLEAR  (SCALE 0-3)  16
DPTR FM NORMAL   -83    PTCLDY (SCALE 4-7)   8
TOTAL FM JUL 1  4149    CLOUDY (SCALE 8-10)  3
DPTR FM NORMAL -1378

[CDD (BASE 65) ]
TOTAL THIS MO.     1
DPTR FM NORMAL     1    [PRESSURE DATA]
TOTAL FM JAN 1     1    HIGHEST SLP M ON M
DPTR FM NORMAL     1    LOWEST  SLP  0.00 ON 14

[REMARKS]
