000
CXUS52 KMFL 281000
CF6MIA
PRELIMINARY LOCAL CLIMATOLOGICAL DATA (WS FORM: F-6)

                                          STATION:   MIAMI
                                          MONTH:     FEBRUARY
                                          YEAR:      2015
                                          LATITUDE:   25 49 N
                                          LONGITUDE:  80 17 W

  TEMPERATURE IN F:       :PCPN:    SNOW:  WIND      :SUNSHINE: SKY     :PK WND
================================================================================
1   2   3   4   5  6A  6B    7    8   9   10  11  12  13   14  15   16   17  18
                                     12Z  AVG MX 2MIN
DY MAX MIN AVG DEP HDD CDD  WTR  SNW DPTH SPD SPD DIR MIN PSBL S-S WX    SPD DR
================================================================================

 1  76  63  70   1   0   5 0.00  0.0    0 11.4 21 110 537   81   5        26 130
 2  85  67  76   7   0  11 0.02  0.0    0  8.6 21 250 392    M   4 1      26 250
 3  77  57  67  -2   0   2 0.00  0.0    0  8.6 16  80 576   87   3        25  90
 4  77  64  71   2   0   6 0.00  0.0    0  8.8 16 110 499    M   6        19 130
 5  74  63  69   0   0   4 0.60  0.0    0  9.5 25 240  22    3   8 138    37 240
 6  75  57  66  -3   0   1 0.01  0.0    0  9.8 17  50 437    M   6        25  30
 7  73  64  69  -1   0   4 0.00  0.0    0 10.8 20  90 564   85   7        30  90
 8  78  61  70   0   0   5 0.00  0.0    0  7.0 17 100 553   83   5        23  90
 9  79  63  71   1   0   6 0.04  0.0    0  6.4 17 180 231    M   7        26 170
10  76  59  68  -2   0   3 0.00  0.0    0 11.4 21 300 561   84   4        30 300
11  73  54  64  -6   1   0 0.00  0.0    0  5.9 14 340 620   92   1 1      18 360
12  76  58  67  -3   0   2 0.00  0.0    0  5.3 12 300 599   89   2        15 260
13  75  54  65  -5   0   0 0.00  0.0    0  6.7 15 310 608   90   1        20 300
14  67  48  58 -12   7   0 0.00  0.0    0  6.8 15 340 622   92   2        20 320
15  76  48  62  -8   3   0 0.00  0.0    0  4.6 14 330 628   93   1        20 320
16  75  56  66  -4   0   1 0.00  0.0    0  6.8 22 100 540   80   5        26 150
17  83  64  74   4   0   9    T  0.0    0  8.4 20 240 579   85   5        26 220
18  73  52  63  -8   2   0 0.67  0.0    0  7.5 17 310 331    M   6 13     24 310
19  60  47  54 -17  11   0 0.00  0.0    0 11.0 22 340 640   94   0        31 300
20  66  42  54 -17  11   0 0.00  0.0    0 10.5 21  70 586    M   4        28  80
21  76  62  69  -2   0   4    T  0.0    0 14.3 24 100 451   66   8        31  80
22  81  68  75   4   0  10 0.04  0.0    0  8.9 16 120 450   65   6        23 150
23  83  69  76   5   0  11 0.00  0.0    0  5.6 15 100 423   61   5 1      22 210
24  85  67  76   5   0  11 0.00  0.0    0  6.6 15 150 571   83   4        19 160
25  83  63  73   2   0   8 0.00  0.0    0  8.3 20 130 574   83   6        31 180
26  87  73  80   9   0  15 0.04  0.0    0 12.0 24 220 529   76   8 1      32 200
27  80  68  74   3   0   9 0.20  0.0    0  7.2 13 340   M    M   8        18 320
================================================================================
SM 2069 1611        35 127  1.62     0.0 228.7        13123    127
================================================================================
AV 76.6 59.7                               8.5 FASTST  505  79   5    MAX(MPH)
                                 MISC ---->  # 25 240               # 37  240
================================================================================
NOTES:
# LAST OF SEVERAL OCCURRENCES

COLUMN 17 PEAK WIND IN M.P.H.

PRELIMINARY LOCAL CLIMATOLOGICAL DATA (WS FORM: F-6) , PAGE 2

                                          STATION:  MIAMI
                                          MONTH:    FEBRUARY
                                          YEAR:     2015
                                          LATITUDE:   25 49 N
                                          LONGITUDE:  80 17 W

[TEMPERATURE DATA]      [PRECIPITATION DATA]       SYMBOLS USED IN COLUMN 16

AVERAGE MONTHLY: 68.1   TOTAL FOR MONTH:   1.62    1 = FOG OR MIST
DPTR FM NORMAL:  -2.0   DPTR FM NORMAL:   -0.55    2 = FOG REDUCING VISIBILITY
HIGHEST:    87 ON 26    GRTST 24HR  0.67 ON 18-18      TO 1/4 MILE OR LESS
LOWEST:     42 ON 20                               3 = THUNDER
                        SNOW, ICE PELLETS, HAIL    4 = ICE PELLETS
                        TOTAL MONTH:   0.0 INCH    5 = HAIL
                        GRTST 24HR     0.0         6 = FREEZING RAIN OR DRIZZLE
                        GRTST DEPTH:   0           7 = DUSTSTORM OR SANDSTORM:
                                                       VSBY 1/2 MILE OR LESS
                                                   8 = SMOKE OR HAZE
[NO. OF DAYS WITH]      [WEATHER - DAYS WITH]      9 = BLOWING SNOW
                                                   X = TORNADO
MAX 32 OR BELOW:   0    0.01 INCH OR MORE:   8
MAX 90 OR ABOVE:   0    0.10 INCH OR MORE:   3
MIN 32 OR BELOW:   0    0.50 INCH OR MORE:   2
MIN  0 OR BELOW:   0    1.00 INCH OR MORE:   0

[HDD (BASE 65) ]
TOTAL THIS MO.    35    CLEAR  (SCALE 0-3)   7
DPTR FM NORMAL     8    PTCLDY (SCALE 4-7)  19
TOTAL FM JUL 1    76    CLOUDY (SCALE 8-10)  1
DPTR FM NORMAL   -41

[CDD (BASE 65) ]
TOTAL THIS MO.   127
DPTR FM NORMAL   -37    [PRESSURE DATA]
TOTAL FM JAN 1   329    HIGHEST SLP M ON M
DPTR FM NORMAL    14    LOWEST  SLP 29.71 ON 10

[REMARKS]
