000
CXUS53 KIND 260730
CF6MIE
PRELIMINARY LOCAL CLIMATOLOGICAL DATA (WS FORM: F-6)

                                          STATION:   MUNCIE IN
                                          MONTH:     MARCH
                                          YEAR:      2017
                                          LATITUDE:   40 13 N
                                          LONGITUDE:  85 23 W

  TEMPERATURE IN F:       :PCPN:    SNOW:  WIND      :SUNSHINE: SKY     :PK WND
================================================================================
1   2   3   4   5  6A  6B    7    8   9   10  11  12  13   14  15   16   17  18
                                     12Z  AVG MX 2MIN
DY MAX MIN AVG DEP HDD CDD  WTR  SNW DPTH SPD SPD DIR MIN PSBL S-S WX    SPD DR
================================================================================

 1  65  35  50  16  15   0 0.45    M    M 20.2 39 280   M    M   8 138    52 280
 2  41  28  35   1  30   0    T    M    M 13.9 25 280   M    M   7        32 280
 3  35  25  30  -5  35   0    T    M    M  9.8 23 300   M    M   2        28 280
 4  38  28  33  -2  32   0 0.01    M    M  9.6 20 110   M    M   7 18     31  90
 5  65  31  48  13  17   0 0.00    M    M 11.6 23 190   M    M   3        35 180
 6  60  52  56  20   9   0 0.33    M    M 15.1 23 180   M    M  10 18     35 190
 7  62  42  52  16  13   0 0.53    M    M 15.0 25 280   M    M   M 13     34 250
 8  57  39  48  12  17   0 0.00    M    M 16.8 38 280   M    M   1        53 280
 9  58  31  45   8  20   0    T    M    M  7.0 22  30   M    M   4        26  30
10  39  22  31  -6  34   0    T    M    M 14.5 28 320   M    M   5 8      33 310
11  34  20  27 -11  38   0 0.00    M    M  7.8 17 320   M    M   1        21 360
12  35  19  27 -11  38   0 0.00    M    M  8.6 14 110   M    M   3        18  60
13  31  24  28 -10  37   0 0.02    M    M 11.6 20  30   M    M   8 18     22  20
14  30  17  24 -15  41   0    T    M    M 14.1 25 360   M    M   4 8      31 360
15  32  18  25 -14  40   0    T    M    M 12.6 22 310   M    M   6        27 310
16  42  19  31  -9  34   0 0.00    M    M  7.4 16 300   M    M   0        21 310
17  46  31  39  -1  26   0 0.04    M    M  8.1 22 180   M    M   8 168    32 170
18  46  34  40   0  25   0 0.00    M    M 12.1 21 310   M    M   8 1      26 310
19  49  31  40  -1  25   0 0.00    M    M  5.0  9 180   M    M   7        13 190
20  56  38  47   6  18   0 1.35    M    M  8.6 25 170   M    M   7 123    34 180
21  57  34  46   4  19   0    T    M    M  9.6 26 320   M    M   6 128    33 330
22  39  25  32 -10  33   0 0.00    M    M 11.0 20  60   M    M   0        25  30
23  54  26  40  -2  25   0    T    M    M 10.2 16 180   M    M   4        22 180
24  77  54  66  23   0   1 0.00    M    M 14.4 25 220   M    M   1        35 220
25  77  55  66  23   0   1 0.03    M    M 11.7 24 200   M    M   3 1      33 200
================================================================================
SM 1225  778       621   2  2.76    M    286.3          M      113
================================================================================
AV 49.0 31.1                              11.5 FASTST   M    M   5    MAX(MPH)
                                 MISC ---->  # 39 280               # 53  280
================================================================================
NOTES:
# LAST OF SEVERAL OCCURRENCES

COLUMN 17 PEAK WIND IN M.P.H.

PRELIMINARY LOCAL CLIMATOLOGICAL DATA (WS FORM: F-6) , PAGE 2

                                          STATION:  MUNCIE IN
                                          MONTH:    MARCH
                                          YEAR:     2017
                                          LATITUDE:   40 13 N
                                          LONGITUDE:  85 23 W

[TEMPERATURE DATA]      [PRECIPITATION DATA]       SYMBOLS USED IN COLUMN 16

AVERAGE MONTHLY: 40.1   TOTAL FOR MONTH:   2.76    1 = FOG OR MIST
DPTR FM NORMAL:   1.6   DPTR FM NORMAL:    0.46    2 = FOG REDUCING VISIBILITY
HIGHEST:    77 ON 25,24 GRTST 24HR  1.35 ON 20-20      TO 1/4 MILE OR LESS
LOWEST:     17 ON 14                               3 = THUNDER
                        SNOW, ICE PELLETS, HAIL    4 = ICE PELLETS
                        TOTAL MONTH:    M          5 = HAIL
                        GRTST 24HR    M  ON   M    6 = FREEZING RAIN OR DRIZZLE
                        GRTST DEPTH:  M  ON   M    7 = DUSTSTORM OR SANDSTORM:
                                                       VSBY 1/2 MILE OR LESS
                                                   8 = SMOKE OR HAZE
[NO. OF DAYS WITH]      [WEATHER - DAYS WITH]      9 = BLOWING SNOW
                                                   X = TORNADO
MAX 32 OR BELOW:   3    0.01 INCH OR MORE:   8
MAX 90 OR ABOVE:   0    0.10 INCH OR MORE:   4
MIN 32 OR BELOW:  16    0.50 INCH OR MORE:   2
MIN  0 OR BELOW:   0    1.00 INCH OR MORE:   1

[HDD (BASE 65) ]
TOTAL THIS MO.   621    CLEAR  (SCALE 0-3)   8
DPTR FM NORMAL   -42    PTCLDY (SCALE 4-7)  11
TOTAL FM JUL 1  3909    CLOUDY (SCALE 8-10)  5
DPTR FM NORMAL -1137

[CDD (BASE 65) ]
TOTAL THIS MO.     2
DPTR FM NORMAL     2    [PRESSURE DATA]
TOTAL FM JAN 1     2    HIGHEST SLP M ON M
DPTR FM NORMAL     2    LOWEST  SLP 29.44 ON  1

[REMARKS]
