000
CXUS53 KMKX 260900
CF6MKE
PRELIMINARY LOCAL CLIMATOLOGICAL DATA (WS FORM: F-6)

                                          STATION:   MILWAUKEE  WI
                                          MONTH:     SEPTEMBER
                                          YEAR:      2017
                                          LATITUDE:   42 57 N
                                          LONGITUDE:  87 54 W

  TEMPERATURE IN F:       :PCPN:    SNOW:  WIND      :SUNSHINE: SKY     :PK WND
================================================================================
1   2   3   4   5  6A  6B    7    8   9   10  11  12  13   14  15   16   17  18
                                     12Z  AVG MX 2MIN
DY MAX MIN AVG DEP HDD CDD  WTR  SNW DPTH SPD SPD DIR MIN PSBL S-S WX    SPD DR
================================================================================

 1  66  57  62  -6   3   0 0.00  0.0    0 10.8 22 110   M    M   5        28 100
 2  73  49  61  -7   4   0 0.14  0.0    0  5.2 18 350   M    M   5 13     24 350
 3  83  58  71   3   0   6 0.00  0.0    0  9.7 18 220   M    M   4        27 220
 4  77  61  69   1   0   4    T  0.0    0 13.6 22 260   M    M   7        28 270
 5  67  54  61  -6   4   0    T  0.0    0 12.5 26 300   M    M   6        33 280
 6  64  49  57 -10   8   0 0.02  0.0    0  8.1 17 340   M    M   6        22 330
 7  67  54  61  -6   4   0 0.01  0.0    0  7.8 17 270   M    M   8        22 240
 8  65  55  60  -6   5   0 0.22  0.0    0  9.0 15  70   M    M   7 1      20  60
 9  68  55  62  -4   3   0 0.00  0.0    0  9.8 18 140   M    M   2        22 140
10  68  50  59  -7   6   0 0.00  0.0    0  5.2 16 140   M    M   1        21 130
11  72  49  61  -4   4   0 0.00  0.0    0  4.9 15 140   M    M   2        18 120
12  75  51  63  -2   2   0 0.00  0.0    0  2.9  9 110   M    M   3 1      11 110
13  74  56  65   1   0   0 0.00  0.0    0  5.3 12 120   M    M   3 1      13 120
14  76  62  69   5   0   4 0.00  0.0    0  7.2 14 140   M    M   6 128    16 140
15  83  61  72   8   0   7 0.00  0.0    0  9.3 18 130   M    M   1        21 130
16  87  66  77  14   0  12 0.00  0.0    0  9.3 21 140   M    M   2        24 130
17  83  57  70   7   0   5 0.00  0.0    0  7.6 15 320   M    M   6        19 290
18  71  54  63   1   2   0 0.00  0.0    0  6.0 13  70   M    M   5        17  50
19  75  61  68   6   0   3 0.00  0.0    0  5.6 13  80   M    M   7 18     15  80
20  86  58  72  11   0   7 0.00  0.0    0  9.5 23  20   M    M   5 128    34  20
21  85  70  78  17   0  13 0.00  0.0    0  4.9 15  30   M    M   6 18     19  30
22  95  68  82  22   0  17 0.00  0.0    0  7.9 16 140   M    M   2 18     20 250
23  91  73  82  22   0  17 0.00  0.0    0  7.6 16 140   M    M   1        20 140
24  91  68  80  20   0  15 0.00  0.0    0  7.5 20 140   M    M   1 18     22 140
25  87  67  77  18   0  12 0.00  0.0    0  7.0 17 140   M    M   2        22 140
================================================================================
SM 1929 1463        45 122  0.39     0.0 194.2          M      103
================================================================================
AV 77.2 58.5                               7.8 FASTST   M    M   4    MAX(MPH)
                                 MISC ---->  # 26 300               # 34   20
================================================================================
NOTES:
# LAST OF SEVERAL OCCURRENCES

COLUMN 17 PEAK WIND IN M.P.H.

PRELIMINARY LOCAL CLIMATOLOGICAL DATA (WS FORM: F-6) , PAGE 2

                                          STATION:  MILWAUKEE  WI
                                          MONTH:    SEPTEMBER
                                          YEAR:     2017
                                          LATITUDE:   42 57 N
                                          LONGITUDE:  87 54 W

[TEMPERATURE DATA]      [PRECIPITATION DATA]       SYMBOLS USED IN COLUMN 16

AVERAGE MONTHLY: 67.8   TOTAL FOR MONTH:   0.39    1 = FOG OR MIST
DPTR FM NORMAL:   3.7   DPTR FM NORMAL:   -2.29    2 = FOG REDUCING VISIBILITY
HIGHEST:    95 ON 22    GRTST 24HR  0.22 ON  8- 8      TO 1/4 MILE OR LESS
LOWEST:     49 ON 11, 6                            3 = THUNDER
                        SNOW, ICE PELLETS, HAIL    4 = ICE PELLETS
                        TOTAL MONTH:   0.0 INCH    5 = HAIL
                        GRTST 24HR     0.0         6 = FREEZING RAIN OR DRIZZLE
                        GRTST DEPTH:   0           7 = DUSTSTORM OR SANDSTORM:
                                                       VSBY 1/2 MILE OR LESS
                                                   8 = SMOKE OR HAZE
[NO. OF DAYS WITH]      [WEATHER - DAYS WITH]      9 = BLOWING SNOW
                                                   X = TORNADO
MAX 32 OR BELOW:   0    0.01 INCH OR MORE:   4
MAX 90 OR ABOVE:   3    0.10 INCH OR MORE:   2
MIN 32 OR BELOW:   0    0.50 INCH OR MORE:   0
MIN  0 OR BELOW:   0    1.00 INCH OR MORE:   0

[HDD (BASE 65) ]
TOTAL THIS MO.    45    CLEAR  (SCALE 0-3)  10
DPTR FM NORMAL   -41    PTCLDY (SCALE 4-7)  15
TOTAL FM JUL 1    54    CLOUDY (SCALE 8-10)  0
DPTR FM NORMAL   -58

[CDD (BASE 65) ]
TOTAL THIS MO.   122
DPTR FM NORMAL    57    [PRESSURE DATA]
TOTAL FM JAN 1   732    HIGHEST SLP M ON M
DPTR FM NORMAL   102    LOWEST  SLP 29.65 ON  4

[REMARKS]
