301
CXUS53 KGRR 201017
CF6MKG
PRELIMINARY LOCAL CLIMATOLOGICAL DATA (WS FORM: F-6)

                                          STATION:   MUSKEGON
                                          MONTH:     AUGUST
                                          YEAR:      2017
                                          LATITUDE:   43 10 N
                                          LONGITUDE:  86 14 W

  TEMPERATURE IN F:       :PCPN:    SNOW:  WIND      :SUNSHINE: SKY     :PK WND
================================================================================
1   2   3   4   5  6A  6B    7    8   9   10  11  12  13   14  15   16   17  18
                                     12Z  AVG MX 2MIN
DY MAX MIN AVG DEP HDD CDD  WTR  SNW DPTH SPD SPD DIR MIN PSBL S-S WX    SPD DR
================================================================================

 1  85  59  72   1   0   7 0.00  0.0    0  5.6 14 210   M    M   3 1      17 250
 2  83  67  75   4   0  10 0.00  0.0    0  6.3 15 260   M    M   4 1      19 230
 3  86  66  76   5   0  11 0.08  0.0    0  9.8 24 190   M    M   7 13     30 190
 4  72  58  65  -6   0   0 0.34  0.0    0 13.9 25 320   M    M   9 1      35 290
 5  74  54  64  -7   1   0    T  0.0    0  5.7 15 240   M    M   4 13     19 220
 6  79  57  68  -3   0   3 0.00  0.0    0  4.7 14 220   M    M   6        20 210
 7  80  56  68  -3   0   3 0.02  0.0    0  6.3 18 340   M    M   5        23 350
 8  80  54  67  -4   0   2 0.00  0.0    0  5.6 13 290   M    M   2        18 280
 9  82  62  72   1   0   7 0.00  0.0    0  5.4 13 240   M    M   6        19 260
10  83  62  73   2   0   8 0.22  0.0    0  8.5 20 190   M    M   6 13     26 190
11  77  64  71   0   0   6 0.00  0.0    0  7.2 18 330   M    M   7 12     23 310
12  76  55  66  -5   0   1    T  0.0    0  8.1 18 320   M    M   6        24 290
13  77  49  63  -7   2   0 0.00  0.0    0  2.8 10 270   M    M   4 1      13 270
14  81  62  72   2   0   7    T  0.0    0  2.4 12 250   M    M   6        18 240
15  84  62  73   3   0   8 0.00  0.0    0  6.5 14 320   M    M   6        19  20
16  87  59  73   3   0   8    T  0.0    0  5.4 15 200   M    M   5        19 160
17  79  71  75   5   0  10 0.65  0.0    0 13.1 25 230   M    M   9 13     39 220
18  75  66  71   1   0   6 0.02  0.0    0 11.4 22 270   M    M   9 1      29 290
19  77  58  68  -2   0   3    T  0.0    0  5.2 13 240   M    M   3 1      17 230
================================================================================
SM 1517 1141         3 100  1.33     0.0 133.9          M      107
================================================================================
AV 79.8 60.1                               7.0 FASTST   M    M   6    MAX(MPH)
                                 MISC ---->  # 25 320               # 39  220
================================================================================
NOTES:
# LAST OF SEVERAL OCCURRENCES

COLUMN 17 PEAK WIND IN M.P.H.

PRELIMINARY LOCAL CLIMATOLOGICAL DATA (WS FORM: F-6) , PAGE 2

                                          STATION:  MUSKEGON
                                          MONTH:    AUGUST
                                          YEAR:     2017
                                          LATITUDE:   43 10 N
                                          LONGITUDE:  86 14 W

[TEMPERATURE DATA]      [PRECIPITATION DATA]       SYMBOLS USED IN COLUMN 16

AVERAGE MONTHLY: 70.0   TOTAL FOR MONTH:   1.33    1 = FOG OR MIST
DPTR FM NORMAL:  -0.7   DPTR FM NORMAL:   -0.73    2 = FOG REDUCING VISIBILITY
HIGHEST:    87 ON 16    GRTST 24HR  0.65 ON 17-17      TO 1/4 MILE OR LESS
LOWEST:     49 ON 13                               3 = THUNDER
                        SNOW, ICE PELLETS, HAIL    4 = ICE PELLETS
                        TOTAL MONTH:   0.0 INCH    5 = HAIL
                        GRTST 24HR     0.0         6 = FREEZING RAIN OR DRIZZLE
                        GRTST DEPTH:   0           7 = DUSTSTORM OR SANDSTORM:
                                                       VSBY 1/2 MILE OR LESS
                                                   8 = SMOKE OR HAZE
[NO. OF DAYS WITH]      [WEATHER - DAYS WITH]      9 = BLOWING SNOW
                                                   X = TORNADO
MAX 32 OR BELOW:   0    0.01 INCH OR MORE:   6
MAX 90 OR ABOVE:   0    0.10 INCH OR MORE:   3
MIN 32 OR BELOW:   0    0.50 INCH OR MORE:   1
MIN  0 OR BELOW:   0    1.00 INCH OR MORE:   0

[HDD (BASE 65) ]
TOTAL THIS MO.     3    CLEAR  (SCALE 0-3)   2
DPTR FM NORMAL     1    PTCLDY (SCALE 4-7)  14
TOTAL FM JUL 1     3    CLOUDY (SCALE 8-10)  3
DPTR FM NORMAL   -10

[CDD (BASE 65) ]
TOTAL THIS MO.   100
DPTR FM NORMAL   -12    [PRESSURE DATA]
TOTAL FM JAN 1   463    HIGHEST SLP M ON M
DPTR FM NORMAL    15    LOWEST  SLP 29.67 ON 18

[REMARKS]
