000
CXHW52 PHFO 291250
CF6MKK
PRELIMINARY LOCAL CLIMATOLOGICAL DATA (WS FORM: F-6)

                                          STATION:   MOLOKAI HI
                                          MONTH:     JULY
                                          YEAR:      2016
                                          LATITUDE:   21  8 N
                                          LONGITUDE: 157  6 W

  TEMPERATURE IN F:       :PCPN:    SNOW:  WIND      :SUNSHINE: SKY     :PK WND
================================================================================
1   2   3   4   5  6A  6B    7    8   9   10  11  12  13   14  15   16   17  18
                                     12Z  AVG MX 2MIN
DY MAX MIN AVG DEP HDD CDD  WTR  SNW DPTH SPD SPD DIR MIN PSBL S-S WX    SPD DR
================================================================================

 1  84  74  79   2   0  14    T  0.0    0 16.7 28  50   M    M   3        41  60
 2  82  75  79   2   0  14    T  0.0    0 15.0 24  60   M    M   9 8      35  50
 3  84  72  78   1   0  13 0.11  0.0    0 13.0 24  60   M    M   6 1      34  60
 4  85  73  79   2   0  14 0.00  0.0    0 12.5 23  50   M    M   4        31  50
 5  83  73  78   1   0  13    T  0.0    0 15.4 26  50   M    M   5        39  50
 6  86  73  80   3   0  15 0.01  0.0    0 14.2 25  50   M    M   1 1      36  50
 7  84  72  78   1   0  13 0.05  0.0    0 13.5 24  60   M    M   4 1      32  60
 8  82  72  77   0   0  12 0.09  0.0    0 12.7 16  50   M    M   7        35  60
 9  83  72  78   1   0  13 0.01  0.0    0 14.0 25  50   M    M   4        34  50
10  83  73  78   0   0  13 0.00  0.0    0 11.1 21  60   M    M   2        29  50
11  86  68  77  -1   0  12 0.00  0.0    0  8.7 18  10   M    M   1        24  60
12  86  75  81   3   0  16    T  0.0    0 12.7 22  30   M    M   1        29  60
13  85  73  79   1   0  14    T  0.0    0 11.2 22  60   M    M   4        29  50
14  88  74  81   3   0  16 0.05  0.0    0  9.0 17  40   M    M   4        23  30
15  86  76  81   3   0  16 0.14  0.0    0 12.3 23  50   M    M   7 1      33  70
16  85  74  80   2   0  15 0.07  0.0    0 12.0 21  50   M    M   4 1      29  50
17  84  74  79   1   0  14 0.03  0.0    0  8.5 17 360   M    M   6 18     24 360
18  90  75  83   5   0  18    T  0.0    0  8.3 16 190   M    M   5        21 180
19  92  75  84   6   0  19 0.00  0.0    0  7.1 21 130   M    M   3        26 120
20  91  74  83   5   0  18 0.00  0.0    0 12.0 24  50   M    M   2        33  50
21  86  76  81   3   0  16    T  0.0    0 15.4 31  60   M    M   5        39  60
22  85  76  81   3   0  16    T  0.0    0 16.6 22  30   M    M   4        38  60
23  80  74  77  -1   0  12 0.32  0.0    0 13.6 26  30   M    M   5 1      39  40
24  83  75  79   1   0  14 0.83  0.0    0 13.1 29 110   M    M   9 1      36 120
25  91  76  84   6   0  19 0.00  0.0    0  5.1 12  30   M    M   1        16  10
26  90  70  80   2   0  15 0.00  0.0    0 10.2 21  30   M    M   0        33  30
27  88  77  83   5   0  18 0.00  0.0    0 16.5 28  50   M    M   1        38  50
28  87  77  82   4   0  17    T  0.0    0 17.3 30  50   M    M   2        39  40
================================================================================
SM 2399 2068         0 419  1.71     0.0 347.7          M      109
================================================================================
AV 85.7 73.9                              12.4 FASTST   M    M   4    MAX(MPH)
                                 MISC ---->  # 31  60               # 41   60
================================================================================
NOTES:
# LAST OF SEVERAL OCCURRENCES

COLUMN 17 PEAK WIND IN M.P.H.

PRELIMINARY LOCAL CLIMATOLOGICAL DATA (WS FORM: F-6) , PAGE 2

                                          STATION:  MOLOKAI HI
                                          MONTH:    JULY
                                          YEAR:     2016
                                          LATITUDE:   21  8 N
                                          LONGITUDE: 157  6 W

[TEMPERATURE DATA]      [PRECIPITATION DATA]       SYMBOLS USED IN COLUMN 16

AVERAGE MONTHLY: 79.8   TOTAL FOR MONTH:   1.71    1 = FOG OR MIST
DPTR FM NORMAL:   2.1   DPTR FM NORMAL:    1.16    2 = FOG REDUCING VISIBILITY
HIGHEST:    92 ON 19    GRTST 24HR  0.83 ON 23-24      TO 1/4 MILE OR LESS
LOWEST:     68 ON 11                               3 = THUNDER
                        SNOW, ICE PELLETS, HAIL    4 = ICE PELLETS
                        TOTAL MONTH:   0.0 INCH    5 = HAIL
                        GRTST 24HR     0.0         6 = FREEZING RAIN OR DRIZZLE
                        GRTST DEPTH:   0           7 = DUSTSTORM OR SANDSTORM:
                                                       VSBY 1/2 MILE OR LESS
                                                   8 = SMOKE OR HAZE
[NO. OF DAYS WITH]      [WEATHER - DAYS WITH]      9 = BLOWING SNOW
                                                   X = TORNADO
MAX 32 OR BELOW:   0    0.01 INCH OR MORE:  11
MAX 90 OR ABOVE:   5    0.10 INCH OR MORE:   4
MIN 32 OR BELOW:   0    0.50 INCH OR MORE:   1
MIN  0 OR BELOW:   0    1.00 INCH OR MORE:   0

[HDD (BASE 65) ]
TOTAL THIS MO.     0    CLEAR  (SCALE 0-3)  11
DPTR FM NORMAL     0    PTCLDY (SCALE 4-7)  15
TOTAL FM JUL 1     0    CLOUDY (SCALE 8-10)  2
DPTR FM NORMAL     0

[CDD (BASE 65) ]
TOTAL THIS MO.   419
DPTR FM NORMAL    66    [PRESSURE DATA]
TOTAL FM JAN 1  2080    HIGHEST SLP M ON M
DPTR FM NORMAL   359    LOWEST  SLP 29.84 ON 24

[REMARKS]
