000
CXUS54 KMEG 300636
CF6MKL
PRELIMINARY LOCAL CLIMATOLOGICAL DATA (WS FORM: F-6)

                                          STATION:   JACKSON
                                          MONTH:     AUGUST
                                          YEAR:      2016
                                          LATITUDE:   35 35 N
                                          LONGITUDE:  88 55 W

  TEMPERATURE IN F:       :PCPN:    SNOW:  WIND      :SUNSHINE: SKY     :PK WND
================================================================================
1   2   3   4   5  6A  6B    7    8   9   10  11  12  13   14  15   16   17  18
                                     12Z  AVG MX 2MIN
DY MAX MIN AVG DEP HDD CDD  WTR  SNW DPTH SPD SPD DIR MIN PSBL S-S WX    SPD DR
================================================================================

 1  94  70  82   3   0  17 0.00  0.0    0  4.2 16 350   M    M   2        19 340
 2  96  73  85   6   0  20 0.56  0.0    0  4.8 21 110   M    M   3 123    29 110
 3  91  71  81   2   0  16 0.01  0.0    0  2.3 25 300   M    M   1 13     34 310
 4  91  73  82   3   0  17    T  0.0    0  4.1 28 250   M    M   4 13     36 230
 5  96  72  84   5   0  19 0.00  0.0    0  3.6 20  10   M    M   1 1      25  20
 6  92  75  84   5   0  19 0.00  0.0    0  4.9 20 360   M    M   1        25  10
 7  90  74  82   3   0  17 0.00  0.0    0  6.1 15 360   M    M   6        17 360
 8  91  70  81   2   0  16 0.00  0.0    0  3.8 12  40   M    M   2        15 350
 9  94  71  83   4   0  18 0.00  0.0    0  2.0  9  20   M    M   1        12  20
10  91  74  83   4   0  18 0.00  0.0    0  2.6 10  80   M    M   3 12     13  80
11  89  75  82   3   0  17    T  0.0    0  3.3 12 100   M    M   6        16 100
12  88  76  82   3   0  17    T  0.0    0  4.4 14 170   M    M   7 1      20 170
13  87  74  81   2   0  16 0.00  0.0    0  6.1 15 200   M    M   6        20 180
14  89  72  81   2   0  16    T  0.0    0  4.8 21 150   M    M   5 138    29 150
15  88  73  81   2   0  16 0.04  0.0    0  7.3 21 210   M    M   4 138    30 210
16  83  73  78  -1   0  13 0.54  0.0    0  2.9 15 260   M    M   6 13     20 250
17  83  73  78  -1   0  13 0.64  0.0    0  3.1  8 240   M    M   7 12     10 200
18  80  73  77  -2   0  12 0.16  0.0    0  1.8  8 240   M    M   7 1      10 240
19  85  72  79   0   0  14 1.30  0.0    0  3.8 12 230   M    M   7 13     16 240
20  85  73  79   1   0  14 0.11  0.0    0  8.4 22 250   M    M   5 1      27 240
21  84  64  74  -4   0   9 0.09  0.0    0  5.8 14 340   M    M   6 1      18 340
22  83  62  73  -5   0   8 0.00  0.0    0  2.2 10  90   M    M   1 1      13  90
23  85  67  76  -2   0  11 0.12  0.0    0  4.0 20 350   M    M   4 13     23  10
24  94  71  83   5   0  18 0.00  0.0    0  4.5 13 200   M    M   1 1      17 200
25  91  73  82   4   0  17    T  0.0    0  2.2 14 240   M    M   1 13     18 240
26  93  72  83   5   0  18 0.22  0.0    0  3.8 20 100   M    M   2 13     27 100
27  91  68  80   2   0  15 0.00  0.0    0  2.1 10  40   M    M   3 123    15  40
28  93  70  82   5   0  17 0.00  0.0    0  1.7 12  90   M    M   1 12     14  90
29  94  72  83   6   0  18 0.00  0.0    0  3.1  9  50   M    M   1 1      13  30
================================================================================
SM 2591 2076         0 456  3.79     0.0 113.7          M      104
================================================================================
AV 89.3 71.6                               3.9 FASTST   M    M   4    MAX(MPH)
                                 MISC ---->  # 28 250               # 36  230
================================================================================
NOTES:
# LAST OF SEVERAL OCCURRENCES

COLUMN 17 PEAK WIND IN M.P.H.

PRELIMINARY LOCAL CLIMATOLOGICAL DATA (WS FORM: F-6) , PAGE 2

                                          STATION:  JACKSON
                                          MONTH:    AUGUST
                                          YEAR:     2016
                                          LATITUDE:   35 35 N
                                          LONGITUDE:  88 55 W

[TEMPERATURE DATA]      [PRECIPITATION DATA]       SYMBOLS USED IN COLUMN 16

AVERAGE MONTHLY: 80.5   TOTAL FOR MONTH:   3.79    1 = FOG OR MIST
DPTR FM NORMAL:   1.9   DPTR FM NORMAL:    0.95    2 = FOG REDUCING VISIBILITY
HIGHEST:    96 ON  5, 2 GRTST 24HR  1.32 ON 18-19      TO 1/4 MILE OR LESS
LOWEST:     62 ON 22                               3 = THUNDER
                        SNOW, ICE PELLETS, HAIL    4 = ICE PELLETS
                        TOTAL MONTH:   0.0 INCH    5 = HAIL
                        GRTST 24HR     0.0         6 = FREEZING RAIN OR DRIZZLE
                        GRTST DEPTH:   0           7 = DUSTSTORM OR SANDSTORM:
                                                       VSBY 1/2 MILE OR LESS
                                                   8 = SMOKE OR HAZE
[NO. OF DAYS WITH]      [WEATHER - DAYS WITH]      9 = BLOWING SNOW
                                                   X = TORNADO
MAX 32 OR BELOW:   0    0.01 INCH OR MORE:  11
MAX 90 OR ABOVE:  16    0.10 INCH OR MORE:   8
MIN 32 OR BELOW:   0    0.50 INCH OR MORE:   4
MIN  0 OR BELOW:   0    1.00 INCH OR MORE:   1

[HDD (BASE 65) ]
TOTAL THIS MO.     0    CLEAR  (SCALE 0-3)  13
DPTR FM NORMAL     0    PTCLDY (SCALE 4-7)  16
TOTAL FM JUL 1     0    CLOUDY (SCALE 8-10)  0
DPTR FM NORMAL     0

[CDD (BASE 65) ]
TOTAL THIS MO.   456
DPTR FM NORMAL    63    [PRESSURE DATA]
TOTAL FM JAN 1  1594    HIGHEST SLP M ON M
DPTR FM NORMAL   198    LOWEST  SLP 29.76 ON 12

[REMARKS]
