000
CXUS54 KFWD 290730
CF6MKN
PRELIMINARY LOCAL CLIMATOLOGICAL DATA (WS FORM: F-6)

                                          STATION:   COMANCHE
                                          MONTH:     MAY
                                          YEAR:      2016
                                          LATITUDE:   31 55 N
                                          LONGITUDE:  98 36 W

  TEMPERATURE IN F:       :PCPN:    SNOW:  WIND      :SUNSHINE: SKY     :PK WND
================================================================================
1   2   3   4   5  6A  6B    7    8   9   10  11  12  13   14  15   16   17  18
                                     12Z  AVG MX 2MIN
DY MAX MIN AVG DEP HDD CDD  WTR  SNW DPTH SPD SPD DIR MIN PSBL S-S WX    SPD DR
================================================================================

 1  71  53  62   M   3   0 0.00  0.0    0  9.9 16  20   M    M   5        27  10
 2  65  50  58   M   7   0 0.01  0.0    0 11.1 18 360   M    M   7 3      23 360
 3  73  48  61   M   4   0 0.01  0.0    0  1.7  8 150   M    M   1         M  M
 4  79  54  67   M   0   2 0.00  0.0    0  6.1 13 330   M    M   0        21 330
 5  82  52  67   M   0   2 0.00  0.0    0  3.9 12 240   M    M   0         M  M
 6  83  55  69   M   0   4 0.00  0.0    0  7.0 12 140   M    M   0        17 130
 7  80  55  68   M   0   3 0.00  0.0    0 10.4 21 160   M    M   0        31 160
 8  77  63  70   M   0   5 0.02  0.0    0 12.5 22 190   M    M   4        28 200
 9  87  63  75   M   0  10 0.01  0.0    0 11.4 20 250   M    M   4        31 230
10  93  65  79   M   0  14 0.63  0.0    0 14.6 29 220   M    M   2 3      39 220
11  88  61  75   M   0  10 0.05  0.0    0  9.6 15  20   M    M   1 3      28 170
12  82  61  72   M   0   7 0.28  0.0    0  6.7 16 330   M    M   6 3      23 330
13  84  65  75   M   0  10 0.00  0.0    0  5.3  9 120   M    M   5         M  M
14  73  61  67   M   0   2 0.45  0.0    0  8.3 17  20   M    M   7 3      23  10
15  73  57  65   M   0   0 0.00  0.0    0  5.5 10 150   M    M   9         M  M
16  79  64  72   M   0   7 0.00  0.0    0  9.3 15 140   M    M   7        22 160
17  78  61  70   M   0   5 0.00  0.0    0 11.0 21  30   M    M   9 13     33  60
18  61  55  58   M   7   0 0.23  0.0    0  8.1 15  50   M    M  10 13     20  50
19  71  56  64   M   1   0 0.23  0.0    0  3.8 13 140   M    M  10 13      M  M
20  79  57  68   M   0   3 0.00  0.0    0  5.1  9 100   M    M   6 12      M  M
21  85  63  74   M   0   9 0.00  0.0    0  8.0 13 130   M    M   6 1      22 130
22  83  69  76   M   0  11    M  0.0    0  8.5 20 150   M    M   8 1      29 150
23  82  68  75   M   0  10    M  0.0    0 10.0 14 150   M    M   7 1      24 160
24  85  72  79   M   0  14 0.00  0.0    0 10.5 17 170   M    M   9 1      25 170
25  86  73  80   M   0  15 0.00  0.0    0 10.2 16 180   M    M   8 1      23 180
26  82  63  73   M   0   8 1.76  0.0    0 10.2 18 120   M    M   8 3      32 180
27  80  61  71   M   0   6 2.49  0.0    0 10.0 17 150   M    M   6 3      48 330
28  91  61  76   M   0  11 0.03  0.0    0  5.3 10 220   M    M   3 13      M  M
================================================================================
SM 2232 1686        22 168  6.20     0.0 234.0          M      148
================================================================================
AV 79.7 60.2                               8.4 FASTST   M    M   5    MAX(MPH)
                                 MISC ---->    29   M                 48    M
================================================================================
NOTES:
# LAST OF SEVERAL OCCURRENCES

COLUMN 17 PEAK WIND IN M.P.H.

PRELIMINARY LOCAL CLIMATOLOGICAL DATA (WS FORM: F-6) , PAGE 2

                                          STATION:  COMANCHE
                                          MONTH:    MAY
                                          YEAR:     2016
                                          LATITUDE:   31 55 N
                                          LONGITUDE:  98 36 W

[TEMPERATURE DATA]      [PRECIPITATION DATA]       SYMBOLS USED IN COLUMN 16

AVERAGE MONTHLY: 70.0   TOTAL FOR MONTH:   6.20    1 = FOG OR MIST
DPTR FM NORMAL:     M   DPTR FM NORMAL:    2.66    2 = FOG REDUCING VISIBILITY
HIGHEST:    93 ON 10    GRTST 24HR  2.49 ON 27-27      TO 1/4 MILE OR LESS
LOWEST:     48 ON  3                               3 = THUNDER
                        SNOW, ICE PELLETS, HAIL    4 = ICE PELLETS
                        TOTAL MONTH:   0.0 INCH    5 = HAIL
                        GRTST 24HR     0.0         6 = FREEZING RAIN OR DRIZZLE
                        GRTST DEPTH:   0           7 = DUSTSTORM OR SANDSTORM:
                                                       VSBY 1/2 MILE OR LESS
                                                   8 = SMOKE OR HAZE
[NO. OF DAYS WITH]      [WEATHER - DAYS WITH]      9 = BLOWING SNOW
                                                   X = TORNADO
MAX 32 OR BELOW:   0    0.01 INCH OR MORE:  13
MAX 90 OR ABOVE:   2    0.10 INCH OR MORE:   7
MIN 32 OR BELOW:   0    0.50 INCH OR MORE:   3
MIN  0 OR BELOW:   0    1.00 INCH OR MORE:   2

[HDD (BASE 65) ]
TOTAL THIS MO.    22    CLEAR  (SCALE 0-3)   7
DPTR FM NORMAL     M    PTCLDY (SCALE 4-7)  16
TOTAL FM JUL 1  1561    CLOUDY (SCALE 8-10)  5
DPTR FM NORMAL     M

[CDD (BASE 65) ]
TOTAL THIS MO.   168
DPTR FM NORMAL     M    [PRESSURE DATA]
TOTAL FM JAN 1   289    HIGHEST SLP M ON M
DPTR FM NORMAL     M    LOWEST  SLP M ON M

[REMARKS]
