000
CXUS53 KMPX 161000
CF6MKT
PRELIMINARY LOCAL CLIMATOLOGICAL DATA (WS FORM: F-6)

                                          STATION:   MANKATO MN
                                          MONTH:     JANUARY
                                          YEAR:      2017
                                          LATITUDE:   44 13 N
                                          LONGITUDE:  93 55 W

  TEMPERATURE IN F:       :PCPN:    SNOW:  WIND      :SUNSHINE: SKY     :PK WND
================================================================================
1   2   3   4   5  6A  6B    7    8   9   10  11  12  13   14  15   16   17  18
                                     12Z  AVG MX 2MIN
DY MAX MIN AVG DEP HDD CDD  WTR  SNW DPTH SPD SPD DIR MIN PSBL S-S WX    SPD DR
================================================================================

 1  30  19  25  10  40   0    M    M    M  7.9 17 230   M    M   0         M  M
 2  32  28  30  15  35   0    M    M    M  9.2 16 110   M    M   7 1       M  M
 3  31  -1  15   0  50   0    M    M    M 21.0 30 300   M    M   3 1      40 300
 4   4  -7  -1 -15  66   0    M    M    M 15.8 24 290   M    M   1        33 300
 5   1  -8  -3 -17  68   0    M    M    M 11.4 15 300   M    M   1 8       M  M
 6   9 -11  -1 -15  66   0    M    M    M  5.8  9 300   M    M   2         M  M
 7   8  -4   2 -12  63   0    M    M    M  8.2 16 300   M    M   1         M  M
 8  19  -6   7  -7  58   0    M    M    M 10.4 21 160   M    M   0        27 160
 9  27  13  20   6  45   0    M    M    M 10.5 24 140   M    M   3 12     32 140
10  28   6  17   3  48   0    M    M    M 15.1 30 300   M    M   1 12     45 300
11   9   4   7  -7  58   0    M    M    M 10.9 18 340   M    M   4 1       M  M
12  16  -6   5  -9  60   0    M    M    M 12.7 24 280   M    M   3        33 270
13  11  -7   2 -12  63   0    M    M    M  6.4 10 150   M    M   3         M  M
14  24   5  15   1  50   0    M    M    M  5.8 10 330   M    M   0         M  M
15  34   4  19   5  46   0    M    M    M  6.7 12 200   M    M   0         M  M
================================================================================
SM  283   29       816   0    M     M    157.8          M       29
================================================================================
AV 18.9  1.9                              10.5 FASTST   M    M   2    MAX(MPH)
                                 MISC ---->    30   M                 45    M
================================================================================
NOTES:
# LAST OF SEVERAL OCCURRENCES

COLUMN 17 PEAK WIND IN M.P.H.

PRELIMINARY LOCAL CLIMATOLOGICAL DATA (WS FORM: F-6) , PAGE 2

                                          STATION:  MANKATO MN
                                          MONTH:    JANUARY
                                          YEAR:     2017
                                          LATITUDE:   44 13 N
                                          LONGITUDE:  93 55 W

[TEMPERATURE DATA]      [PRECIPITATION DATA]       SYMBOLS USED IN COLUMN 16

AVERAGE MONTHLY: 10.4   TOTAL FOR MONTH:      M    1 = FOG OR MIST
DPTR FM NORMAL:  -3.8   DPTR FM NORMAL:       M    2 = FOG REDUCING VISIBILITY
HIGHEST:    34 ON 15    GRTST 24HR    M  ON   M        TO 1/4 MILE OR LESS
LOWEST:    -11 ON  6                               3 = THUNDER
                        SNOW, ICE PELLETS, HAIL    4 = ICE PELLETS
                        TOTAL MONTH:    M          5 = HAIL
                        GRTST 24HR    M  ON   M    6 = FREEZING RAIN OR DRIZZLE
                        GRTST DEPTH:  M  ON   M    7 = DUSTSTORM OR SANDSTORM:
                                                       VSBY 1/2 MILE OR LESS
                                                   8 = SMOKE OR HAZE
[NO. OF DAYS WITH]      [WEATHER - DAYS WITH]      9 = BLOWING SNOW
                                                   X = TORNADO
MAX 32 OR BELOW:  14    0.01 INCH OR MORE:   0
MAX 90 OR ABOVE:   0    0.10 INCH OR MORE:   0
MIN 32 OR BELOW:  15    0.50 INCH OR MORE:   0
MIN  0 OR BELOW:   8    1.00 INCH OR MORE:   0

[HDD (BASE 65) ]
TOTAL THIS MO.   816    CLEAR  (SCALE 0-3)  11
DPTR FM NORMAL    55    PTCLDY (SCALE 4-7)   4
TOTAL FM JUL 1  3317    CLOUDY (SCALE 8-10)  0
DPTR FM NORMAL  -534

[CDD (BASE 65) ]
TOTAL THIS MO.     0
DPTR FM NORMAL     0    [PRESSURE DATA]
TOTAL FM JAN 1     0    HIGHEST SLP M ON M
DPTR FM NORMAL     0    LOWEST  SLP M ON M

[REMARKS]
